{"id":3270,"date":"2023-10-22T10:22:42","date_gmt":"2023-10-22T10:22:42","guid":{"rendered":"https:\/\/www.lastchance.deals\/fi\/?page_id=3270"},"modified":"2024-01-30T17:37:47","modified_gmt":"2024-01-30T17:37:47","slug":"information-om-os","status":"publish","type":"page","link":"https:\/\/last-chance.dk\/?page_id=3270","title":{"rendered":"Information om os"},"content":{"rendered":"<div class=\"content\" tabindex=\"0\">\n<div class=\"ac-container ac-adaptiveCard\">\n<div class=\"ac-textBlock\">\n<p>LASTCHANCE.Deals er en online platform for tilbud, der opererer i Nordeuropa. LASTCHANCE.Deals ejes og drives af Polarberg O\u00dc (11882629), som har hovedkontor i Estland (P\u00e4rnu maakond,Varbla, Erni, 88201). Platformen tilbyder plads til detailhandlere og grossister til at liste clearance-produkter, s\u00e6sonprodukter og specielle tilbud. Platformens brugervenlige interface g\u00f8r det nemt at navigere p\u00e5 webstedet og finde de bedste tilbud. Platformen tilbyder ogs\u00e5 et bredt udvalg af kategorier s\u00e5som m\u00f8bler, boligtilbeh\u00f8r, elektronik, mode, husholdningsapparater og mere. LASTCHANCE Deals\u2019 omfattende partnernetv\u00e6rk giver sine brugere adgang til eksklusive tilbud, der ikke er tilg\u00e6ngelige andre steder. Platformens engagement i kvalitet og kundetilfredshed har gjort den til et popul\u00e6rt valg blandt tilbudsj\u00e6gere i Nordeuropa.<\/p>\n<\/div>\n<\/div>\n<\/div>\n<p>LASTCHANCE Deals | Polarberg O\u00dc<br \/>\nBusiness ID: 11882629<\/p>\n<p><span class=\"HwtZe\" lang=\"da\"><span class=\"jCAhz ChMk0b\"><span class=\"ryNqvb\">Postadresse i Danmark:<\/span><\/span><\/span><br \/>\nOsterbrogade 226 st. tv<br \/>\n2100 Copenhagen<\/p>\n","protected":false},"excerpt":{"rendered":"<p>LASTCHANCE.Deals er en online platform for tilbud, der opererer i Nordeuropa. LASTCHANCE.Deals ejes og drives af Polarberg O\u00dc (11882629), som har hovedkontor i Estland (P\u00e4rnu maakond,Varbla, Erni, 88201). Platformen tilbyder plads til detailhandlere og grossister til at liste clearance-produkter, s\u00e6sonprodukter og specielle tilbud. Platformens brugervenlige interface g\u00f8r det nemt at navigere p\u00e5 webstedet og finde [&hellip;]<\/p>\n","protected":false},"author":1,"featured_media":0,"parent":0,"menu_order":0,"comment_status":"closed","ping_status":"closed","template":"","meta":{"footnotes":""},"class_list":["post-3270","page","type-page","status-publish","hentry"],"yoast_head":"<!-- This site is optimized with the Yoast SEO plugin v24.8.1 - https:\/\/yoast.com\/wordpress\/plugins\/seo\/ -->\n<title>Information om os - LASTCHANCE Deals | Danmark<\/title>\n<meta name=\"robots\" content=\"index, follow, max-snippet:-1, max-image-preview:large, max-video-preview:-1\" \/>\n<link rel=\"canonical\" href=\"https:\/\/last-chance.dk\/?page_id=3270\" \/>\n<meta property=\"og:locale\" content=\"da_DK\" \/>\n<meta property=\"og:type\" content=\"article\" \/>\n<meta property=\"og:title\" content=\"Information om os - LASTCHANCE Deals | Danmark\" \/>\n<meta property=\"og:description\" content=\"LASTCHANCE.Deals er en online platform for tilbud, der opererer i Nordeuropa. LASTCHANCE.Deals ejes og drives af Polarberg O\u00dc (11882629), som har hovedkontor i Estland (P\u00e4rnu maakond,Varbla, Erni, 88201). Platformen tilbyder plads til detailhandlere og grossister til at liste clearance-produkter, s\u00e6sonprodukter og specielle tilbud. Platformens brugervenlige interface g\u00f8r det nemt at navigere p\u00e5 webstedet og finde [&hellip;]\" \/>\n<meta property=\"og:url\" content=\"https:\/\/last-chance.dk\/?page_id=3270\" \/>\n<meta property=\"og:site_name\" content=\"LASTCHANCE Deals | Danmark\" \/>\n<meta property=\"article:modified_time\" content=\"2024-01-30T17:37:47+00:00\" \/>\n<meta name=\"twitter:card\" content=\"summary_large_image\" \/>\n<meta name=\"twitter:label1\" content=\"Estimeret l\u00e6setid\" \/>\n\t<meta name=\"twitter:data1\" content=\"1 minut\" \/>\n<script type=\"application\/ld+json\" class=\"yoast-schema-graph\">{\"@context\":\"https:\/\/schema.org\",\"@graph\":[{\"@type\":\"WebPage\",\"@id\":\"https:\/\/last-chance.dk\/?page_id=3270\",\"url\":\"https:\/\/last-chance.dk\/?page_id=3270\",\"name\":\"Information om os - LASTCHANCE Deals | Danmark\",\"isPartOf\":{\"@id\":\"https:\/\/last-chance.dk\/#website\"},\"datePublished\":\"2023-10-22T10:22:42+00:00\",\"dateModified\":\"2024-01-30T17:37:47+00:00\",\"breadcrumb\":{\"@id\":\"https:\/\/last-chance.dk\/?page_id=3270#breadcrumb\"},\"inLanguage\":\"da-DK\",\"potentialAction\":[{\"@type\":\"ReadAction\",\"target\":[\"https:\/\/last-chance.dk\/?page_id=3270\"]}]},{\"@type\":\"BreadcrumbList\",\"@id\":\"https:\/\/last-chance.dk\/?page_id=3270#breadcrumb\",\"itemListElement\":[{\"@type\":\"ListItem\",\"position\":1,\"name\":\"Home\",\"item\":\"https:\/\/last-chance.dk\/\"},{\"@type\":\"ListItem\",\"position\":2,\"name\":\"Information om os\"}]},{\"@type\":\"WebSite\",\"@id\":\"https:\/\/last-chance.dk\/#website\",\"url\":\"https:\/\/last-chance.dk\/\",\"name\":\"LASTCHANCE Deals | Danmark\",\"description\":\"LASTCHANCE Deals | Danmark\",\"publisher\":{\"@id\":\"https:\/\/last-chance.dk\/#organization\"},\"potentialAction\":[{\"@type\":\"SearchAction\",\"target\":{\"@type\":\"EntryPoint\",\"urlTemplate\":\"https:\/\/last-chance.dk\/?s={search_term_string}\"},\"query-input\":{\"@type\":\"PropertyValueSpecification\",\"valueRequired\":true,\"valueName\":\"search_term_string\"}}],\"inLanguage\":\"da-DK\"},{\"@type\":\"Organization\",\"@id\":\"https:\/\/last-chance.dk\/#organization\",\"name\":\"LASTCHANCE Deals | Danmark\",\"url\":\"https:\/\/last-chance.dk\/\",\"logo\":{\"@type\":\"ImageObject\",\"inLanguage\":\"da-DK\",\"@id\":\"https:\/\/last-chance.dk\/#\/schema\/logo\/image\/\",\"url\":\"https:\/\/last-chance.dk\/wp-content\/uploads\/2023\/10\/lastchancedeals_logo_dk_white.png\",\"contentUrl\":\"https:\/\/last-chance.dk\/wp-content\/uploads\/2023\/10\/lastchancedeals_logo_dk_white.png\",\"width\":470,\"height\":110,\"caption\":\"LASTCHANCE Deals | Danmark\"},\"image\":{\"@id\":\"https:\/\/last-chance.dk\/#\/schema\/logo\/image\/\"}}]}<\/script>\n<!-- \/ Yoast SEO plugin. -->","yoast_head_json":{"title":"Information om os - LASTCHANCE Deals | Danmark","robots":{"index":"index","follow":"follow","max-snippet":"max-snippet:-1","max-image-preview":"max-image-preview:large","max-video-preview":"max-video-preview:-1"},"canonical":"https:\/\/last-chance.dk\/?page_id=3270","og_locale":"da_DK","og_type":"article","og_title":"Information om os - LASTCHANCE Deals | Danmark","og_description":"LASTCHANCE.Deals er en online platform for tilbud, der opererer i Nordeuropa. LASTCHANCE.Deals ejes og drives af Polarberg O\u00dc (11882629), som har hovedkontor i Estland (P\u00e4rnu maakond,Varbla, Erni, 88201). Platformen tilbyder plads til detailhandlere og grossister til at liste clearance-produkter, s\u00e6sonprodukter og specielle tilbud. Platformens brugervenlige interface g\u00f8r det nemt at navigere p\u00e5 webstedet og finde [&hellip;]","og_url":"https:\/\/last-chance.dk\/?page_id=3270","og_site_name":"LASTCHANCE Deals | Danmark","article_modified_time":"2024-01-30T17:37:47+00:00","twitter_card":"summary_large_image","twitter_misc":{"Estimeret l\u00e6setid":"1 minut"},"schema":{"@context":"https:\/\/schema.org","@graph":[{"@type":"WebPage","@id":"https:\/\/last-chance.dk\/?page_id=3270","url":"https:\/\/last-chance.dk\/?page_id=3270","name":"Information om os - LASTCHANCE Deals | Danmark","isPartOf":{"@id":"https:\/\/last-chance.dk\/#website"},"datePublished":"2023-10-22T10:22:42+00:00","dateModified":"2024-01-30T17:37:47+00:00","breadcrumb":{"@id":"https:\/\/last-chance.dk\/?page_id=3270#breadcrumb"},"inLanguage":"da-DK","potentialAction":[{"@type":"ReadAction","target":["https:\/\/last-chance.dk\/?page_id=3270"]}]},{"@type":"BreadcrumbList","@id":"https:\/\/last-chance.dk\/?page_id=3270#breadcrumb","itemListElement":[{"@type":"ListItem","position":1,"name":"Home","item":"https:\/\/last-chance.dk\/"},{"@type":"ListItem","position":2,"name":"Information om os"}]},{"@type":"WebSite","@id":"https:\/\/last-chance.dk\/#website","url":"https:\/\/last-chance.dk\/","name":"LASTCHANCE Deals | Danmark","description":"LASTCHANCE Deals | Danmark","publisher":{"@id":"https:\/\/last-chance.dk\/#organization"},"potentialAction":[{"@type":"SearchAction","target":{"@type":"EntryPoint","urlTemplate":"https:\/\/last-chance.dk\/?s={search_term_string}"},"query-input":{"@type":"PropertyValueSpecification","valueRequired":true,"valueName":"search_term_string"}}],"inLanguage":"da-DK"},{"@type":"Organization","@id":"https:\/\/last-chance.dk\/#organization","name":"LASTCHANCE Deals | Danmark","url":"https:\/\/last-chance.dk\/","logo":{"@type":"ImageObject","inLanguage":"da-DK","@id":"https:\/\/last-chance.dk\/#\/schema\/logo\/image\/","url":"https:\/\/last-chance.dk\/wp-content\/uploads\/2023\/10\/lastchancedeals_logo_dk_white.png","contentUrl":"https:\/\/last-chance.dk\/wp-content\/uploads\/2023\/10\/lastchancedeals_logo_dk_white.png","width":470,"height":110,"caption":"LASTCHANCE Deals | Danmark"},"image":{"@id":"https:\/\/last-chance.dk\/#\/schema\/logo\/image\/"}}]}},"_links":{"self":[{"href":"https:\/\/last-chance.dk\/index.php?rest_route=\/wp\/v2\/pages\/3270","targetHints":{"allow":["GET"]}}],"collection":[{"href":"https:\/\/last-chance.dk\/index.php?rest_route=\/wp\/v2\/pages"}],"about":[{"href":"https:\/\/last-chance.dk\/index.php?rest_route=\/wp\/v2\/types\/page"}],"author":[{"embeddable":true,"href":"https:\/\/last-chance.dk\/index.php?rest_route=\/wp\/v2\/users\/1"}],"replies":[{"embeddable":true,"href":"https:\/\/last-chance.dk\/index.php?rest_route=%2Fwp%2Fv2%2Fcomments&post=3270"}],"version-history":[{"count":6,"href":"https:\/\/last-chance.dk\/index.php?rest_route=\/wp\/v2\/pages\/3270\/revisions"}],"predecessor-version":[{"id":10232,"href":"https:\/\/last-chance.dk\/index.php?rest_route=\/wp\/v2\/pages\/3270\/revisions\/10232"}],"wp:attachment":[{"href":"https:\/\/last-chance.dk\/index.php?rest_route=%2Fwp%2Fv2%2Fmedia&parent=3270"}],"curies":[{"name":"wp","href":"https:\/\/api.w.org\/{rel}","templated":true}]}}