{"id":3288,"date":"2023-10-22T18:29:53","date_gmt":"2023-10-22T18:29:53","guid":{"rendered":"https:\/\/www.lastchance.deals\/fi\/?page_id=3288"},"modified":"2024-01-30T17:44:08","modified_gmt":"2024-01-30T17:44:08","slug":"vilkaar-og-betingelser","status":"publish","type":"page","link":"https:\/\/last-chance.dk\/?page_id=3288","title":{"rendered":"Vilk\u00e5r og Betingelser"},"content":{"rendered":"<p><strong>Alle produkter, der s\u00e6lges p\u00e5 LASTCHANCE Deals-platformen, s\u00e6lges i overensstemmelse med de beskrevne vilk\u00e5r. K\u00f8bere og s\u00e6lgere accepterer f\u00f8lgende betingelser.<\/strong><\/p>\n<p>LASTCHANCE Deals | Polarberg O\u00dc<\/p>\n<p>E-mail: info @ lastchance.deals<\/p>\n<p>Adresse i Danmark:<br \/>\nOsterbrogade 226 st. tv<br \/>\n2100\u00a0Copenhagen<\/p>\n<p>Registreret adresse:<br \/>\nP\u00e4rnu maakond,Varbla, Erni, 88201,Estland <\/p>\n<p><strong>Prisfejl<\/strong><\/p>\n<p>Hvis en pris \u00e5benlyst er beh\u00e6ftet med fejl, og kunden rimeligvis burde havde indset dette, er LASTCHANCE Deals a\/s ikke forpligtet til at levere det p\u00e5g\u00e6ldende produkt til den forkerte pris.<\/p>\n<p><strong>Betaling<\/strong><\/p>\n<p>Mulige betalingsmuligheder:<\/p>\n<p>Dankort<br \/>\nVISA<br \/>\nMastercard<br \/>\nMastercard\/VISA Debet<br \/>\nKlarna &#8211; K\u00f8b nu. Betal senere.<\/p>\n<p>Fragt<\/p>\n<p>LASTCHANCE Deals s\u00e6lgere bruger fragtselskaberne PostNord, GLS Express, Bring og Burd til levering i Danmark.<\/p>\n<p>Fragtmetode og estimeret leveringstid fremg\u00e5r ved bestilling af det enkelte produkt. Udvalget af fragtmetoder og dermed fragtpriser kan derfor variere, da forskellige \u00e5rsager s\u00e5som v\u00e6gt og varens dimensioner afg\u00f8r fragtmulighederne. Derudover anvender vi dropshipments udenom vores lager i form af en tredjepartsleverand\u00f8r til forsendelse af bestillinger, hvis dette er muligt.<\/p>\n<p>Hvis du har valgt levering til en pakkeshop\/pakkeboks, hvor der ikke er plads, vil din leverance blive omdirigeret til en n\u00e6rliggende pakkeshop\/pakkeboks.<\/p>\n<p>LASTCHANCE Deals s\u00e6lgere tager produktforsikring for at d\u00e6kke eventuelle skader eller tab af produktet under transporten.<\/p>\n<p>Specielt for erhvervskunder<br \/>\nDer er en formodning for, at en ordre er B2B, og derfor ikke betragtes som forbrugerk\u00f8b, hvis der st\u00e5r et firmanavn i faktureringsadressen.<\/p>\n<p>I tilf\u00e6lde af synlige skader p\u00e5 forsendelsen skal klager indgives samme dag til LASTCHANCE Deals, n\u00e5r varen modtages. For skjulte skader, skal der reklameres indenfor 5 arbejdsdage efter, at varen er modtaget. Reklameres der ikke indenfor ovenst\u00e5ende tidsfrister, kan reklamationen afvises.<em>Klager over skader p\u00e5 forsendelsen kan ogs\u00e5 afvises, hvis produktets emballage og\/eller forsendelsens emballage er blevet bortskaffet, f\u00f8r LASTCHANCE Deals s\u00e6lgeren blev kontaktet.<\/em><\/p>\n<p>Ovenst\u00e5ende skal forst\u00e5s i overensstemmelse med k\u00f8bers unders\u00f8gelsespligt efter k\u00f8belovens \u00a7 51 og er for erhvervsdrivende g\u00e6ldende ved b\u00e5de civil- og handelsk\u00f8b.<\/p>\n<p><strong>Fortrydelsesret<\/strong><\/p>\n<p>Som forbruger har du 14 dages fortrydelsesret, n\u00e5r du handler hos os. Dette f\u00f8lger af forbrugeraftaleloven.<\/p>\n<p>Fortrydelsesfristen udl\u00f8ber 14 dage efter den dag, du har modtaget din vare.<\/p>\n<p>Fristen betyder, at du har 14 dage fra modtagelsen til at underrette os om, at du \u00f8nsker at annullere dit k\u00f8b. Dette g\u00f8r du ved at udfylde en annulleringsformular med LASTCHANCE Deals-platforms\u00e6lgeren. Hvis s\u00e6lgeren ikke kan kontaktes, skal du kontakte LASTCHANCE Deals-plattformen. Du finder formularen i bilag 1 nederst i handelsbetingelserne. Du kan ikke annullere k\u00f8bet ved at n\u00e6gte at modtage varen uden samtidig at underrette os.<\/p>\n<p>Fortrydelse af en del af k\u00f8bet<\/p>\n<p>Hvis du har k\u00f8bt flere varer hos os, har du mulighed for at sende \u00e9n eller flere varer retur, selvom de er k\u00f8bt i \u00e9n ordre.<br \/>\nDette g\u00e6lder dog ikke for bundles best\u00e5ende af flere varer og\/eller gavekort. Bundles anses som \u00e9n samlet vare. Hvis du \u00f8nsker at fortryde k\u00f8bet af et produkt i et bundle, m\u00e5 du s\u00e5ledes fortryde k\u00f8bet af hele dit bundle, og sende alle varerne retur.<br \/>\nN\u00e5r du foretager en bundle-ordre, vil det fremg\u00e5 af indk\u00f8bskurven og din faktura.<\/p>\n<p>Bem\u00e6rk, at du ikke f\u00e5r fragtomkostningerne retur, hvis du fortryder dele af dit k\u00f8b.<\/p>\n<p><strong>Returnering<br \/>\n<\/strong><br \/>\nN\u00e5r du har informeret s\u00e6lgeren om, at du \u00f8nsker at annullere dit k\u00f8b, har du 14 dage til at sende varen tilbage til s\u00e6lgeren.<\/p>\n<p>Du skal selv betale for at pakken returneres, og det er dig, der h\u00e6fter, hvis der opst\u00e5r en skade under transporten.<\/p>\n<p>Nogle produkter kan ikke returneres med normal pakkepost. Dette g\u00e6lder pakker over 20 kg. Vejer pakken over 20 kg, anbefaler vi at du benytter PostNord Groupage (storpak).<\/p>\n<p>Ingen fortrydelsesret<\/p>\n<p>Disse aftaler kan ikke fortrydes:<\/p>\n<p>Levering af varer, som er fremstillet efter dine specifikationer eller har f\u00e5et et tydeligt personligt pr\u00e6g<\/p>\n<p>Levering af varer, som m\u00e5 antages at blive forringet eller for\u00e6ldet hurtigt<\/p>\n<p>K\u00f8b foretaget som erhvervsdrivende<\/p>\n<p>Levering af varer, som p\u00e5 grund af deres natur bliver blandet sammen med andre varer ved leveringen, og ikke kan skilles af igen<\/p>\n<p>Vi tilbagef\u00f8rer automatisk pengene til samme betalingsmiddel, som du benyttede ved k\u00f8bet, medmindre andet er aftalt.<\/p>\n<p>Hvis du ikke afhenter den pakke, du har bestilt, og i \u00f8vrigt forholder dig fuldst\u00e6ndig passivt, vil det ikke give os nogen indikation af, hvorfor pakken ikke er blevet afhentet. Du vil s\u00e5 ikke have opfyldt de krav, der er stillet til dig i henhold til fortrydelsesloven, og mister dermed retten til at bryde aftalen. Du vil herefter blive opkr\u00e6vet returforsendelsesomkostninger og et gebyr som for sagens behandling. Du vil ogs\u00e5 blive opkr\u00e6vet for returfragtomkostninger, hvis du n\u00e6gter at modtage pakken.<\/p>\n<p><strong>Tilbagebetaling af k\u00f8bsbel\u00f8bet<\/strong><\/p>\n<p>Hvis du fortryder dit k\u00f8b, f\u00e5r du dine penge tilbage. Hvis varen er v\u00e6rdiforringet, fratr\u00e6kker vi det bel\u00f8b, du h\u00e6fter for.<\/p>\n<p>Reklamationsret<\/p>\n<p>N\u00e5r du handler hos os som forbruger, g\u00e6lder k\u00f8belovens regler for varek\u00f8b. Det betyder, at du har reklamationsret i 24 m\u00e5neder.<\/p>\n<p>Du bedes oprette en reklamationssag eller kontakte os, inden du sender varen. Hvis din reklamation er berettiget, betyder det, at du enten kan f\u00e5 varen repareret, ombyttet, pengene tilbage eller et afslag i prisen, afh\u00e6ngig af den konkrete situation.<\/p>\n<p>Skyldes \u00e5rsagen til fejl eller defekt at varen har lidt fysisk overlast, v\u00e6skeskade eller p\u00e5 anden m\u00e5de er blevet behandlet i uoverensstemmelse med producentens forskrifter, kan vi ligeledes opkr\u00e6ve et testgebyr.<\/p>\n<p>Skader p\u00e5 produkter for\u00e5rsaget af betjenings- eller h\u00e5ndteringsfejl, modifikationer, installation eller groft misbrug er ikke d\u00e6kket af reklamationsretten.<strong><br \/>\n<\/strong><\/p>\n","protected":false},"excerpt":{"rendered":"<p>Alle produkter, der s\u00e6lges p\u00e5 LASTCHANCE Deals-platformen, s\u00e6lges i overensstemmelse med de beskrevne vilk\u00e5r. K\u00f8bere og s\u00e6lgere accepterer f\u00f8lgende betingelser. LASTCHANCE Deals | Polarberg O\u00dc E-mail: info @ lastchance.deals Adresse i Danmark: Osterbrogade 226 st. tv 2100\u00a0Copenhagen Registreret adresse: P\u00e4rnu maakond,Varbla, Erni, 88201,Estland Prisfejl Hvis en pris \u00e5benlyst er beh\u00e6ftet med fejl, og kunden rimeligvis [&hellip;]<\/p>\n","protected":false},"author":1,"featured_media":0,"parent":0,"menu_order":0,"comment_status":"closed","ping_status":"closed","template":"","meta":{"footnotes":""},"class_list":["post-3288","page","type-page","status-publish","hentry"],"yoast_head":"<!-- This site is optimized with the Yoast SEO plugin v24.8.1 - https:\/\/yoast.com\/wordpress\/plugins\/seo\/ -->\n<title>Vilk\u00e5r og Betingelser - LASTCHANCE Deals | Danmark<\/title>\n<meta name=\"robots\" content=\"index, follow, max-snippet:-1, max-image-preview:large, max-video-preview:-1\" \/>\n<link rel=\"canonical\" href=\"https:\/\/last-chance.dk\/?page_id=3288\" \/>\n<meta property=\"og:locale\" content=\"da_DK\" \/>\n<meta property=\"og:type\" content=\"article\" \/>\n<meta property=\"og:title\" content=\"Vilk\u00e5r og Betingelser - LASTCHANCE Deals | Danmark\" \/>\n<meta property=\"og:description\" content=\"Alle produkter, der s\u00e6lges p\u00e5 LASTCHANCE Deals-platformen, s\u00e6lges i overensstemmelse med de beskrevne vilk\u00e5r. K\u00f8bere og s\u00e6lgere accepterer f\u00f8lgende betingelser. LASTCHANCE Deals | Polarberg O\u00dc E-mail: info @ lastchance.deals Adresse i Danmark: Osterbrogade 226 st. tv 2100\u00a0Copenhagen Registreret adresse: P\u00e4rnu maakond,Varbla, Erni, 88201,Estland Prisfejl Hvis en pris \u00e5benlyst er beh\u00e6ftet med fejl, og kunden rimeligvis [&hellip;]\" \/>\n<meta property=\"og:url\" content=\"https:\/\/last-chance.dk\/?page_id=3288\" \/>\n<meta property=\"og:site_name\" content=\"LASTCHANCE Deals | Danmark\" \/>\n<meta property=\"article:modified_time\" content=\"2024-01-30T17:44:08+00:00\" \/>\n<meta name=\"twitter:card\" content=\"summary_large_image\" \/>\n<meta name=\"twitter:label1\" content=\"Estimeret l\u00e6setid\" \/>\n\t<meta name=\"twitter:data1\" content=\"5 minutter\" \/>\n<script type=\"application\/ld+json\" class=\"yoast-schema-graph\">{\"@context\":\"https:\/\/schema.org\",\"@graph\":[{\"@type\":\"WebPage\",\"@id\":\"https:\/\/last-chance.dk\/?page_id=3288\",\"url\":\"https:\/\/last-chance.dk\/?page_id=3288\",\"name\":\"Vilk\u00e5r og Betingelser - LASTCHANCE Deals | Danmark\",\"isPartOf\":{\"@id\":\"https:\/\/last-chance.dk\/#website\"},\"datePublished\":\"2023-10-22T18:29:53+00:00\",\"dateModified\":\"2024-01-30T17:44:08+00:00\",\"breadcrumb\":{\"@id\":\"https:\/\/last-chance.dk\/?page_id=3288#breadcrumb\"},\"inLanguage\":\"da-DK\",\"potentialAction\":[{\"@type\":\"ReadAction\",\"target\":[\"https:\/\/last-chance.dk\/?page_id=3288\"]}]},{\"@type\":\"BreadcrumbList\",\"@id\":\"https:\/\/last-chance.dk\/?page_id=3288#breadcrumb\",\"itemListElement\":[{\"@type\":\"ListItem\",\"position\":1,\"name\":\"Home\",\"item\":\"https:\/\/last-chance.dk\/\"},{\"@type\":\"ListItem\",\"position\":2,\"name\":\"Vilk\u00e5r og Betingelser\"}]},{\"@type\":\"WebSite\",\"@id\":\"https:\/\/last-chance.dk\/#website\",\"url\":\"https:\/\/last-chance.dk\/\",\"name\":\"LASTCHANCE Deals | Danmark\",\"description\":\"LASTCHANCE Deals | Danmark\",\"publisher\":{\"@id\":\"https:\/\/last-chance.dk\/#organization\"},\"potentialAction\":[{\"@type\":\"SearchAction\",\"target\":{\"@type\":\"EntryPoint\",\"urlTemplate\":\"https:\/\/last-chance.dk\/?s={search_term_string}\"},\"query-input\":{\"@type\":\"PropertyValueSpecification\",\"valueRequired\":true,\"valueName\":\"search_term_string\"}}],\"inLanguage\":\"da-DK\"},{\"@type\":\"Organization\",\"@id\":\"https:\/\/last-chance.dk\/#organization\",\"name\":\"LASTCHANCE Deals | Danmark\",\"url\":\"https:\/\/last-chance.dk\/\",\"logo\":{\"@type\":\"ImageObject\",\"inLanguage\":\"da-DK\",\"@id\":\"https:\/\/last-chance.dk\/#\/schema\/logo\/image\/\",\"url\":\"https:\/\/last-chance.dk\/wp-content\/uploads\/2023\/10\/lastchancedeals_logo_dk_white.png\",\"contentUrl\":\"https:\/\/last-chance.dk\/wp-content\/uploads\/2023\/10\/lastchancedeals_logo_dk_white.png\",\"width\":470,\"height\":110,\"caption\":\"LASTCHANCE Deals | Danmark\"},\"image\":{\"@id\":\"https:\/\/last-chance.dk\/#\/schema\/logo\/image\/\"}}]}<\/script>\n<!-- \/ Yoast SEO plugin. -->","yoast_head_json":{"title":"Vilk\u00e5r og Betingelser - LASTCHANCE Deals | Danmark","robots":{"index":"index","follow":"follow","max-snippet":"max-snippet:-1","max-image-preview":"max-image-preview:large","max-video-preview":"max-video-preview:-1"},"canonical":"https:\/\/last-chance.dk\/?page_id=3288","og_locale":"da_DK","og_type":"article","og_title":"Vilk\u00e5r og Betingelser - LASTCHANCE Deals | Danmark","og_description":"Alle produkter, der s\u00e6lges p\u00e5 LASTCHANCE Deals-platformen, s\u00e6lges i overensstemmelse med de beskrevne vilk\u00e5r. K\u00f8bere og s\u00e6lgere accepterer f\u00f8lgende betingelser. LASTCHANCE Deals | Polarberg O\u00dc E-mail: info @ lastchance.deals Adresse i Danmark: Osterbrogade 226 st. tv 2100\u00a0Copenhagen Registreret adresse: P\u00e4rnu maakond,Varbla, Erni, 88201,Estland Prisfejl Hvis en pris \u00e5benlyst er beh\u00e6ftet med fejl, og kunden rimeligvis [&hellip;]","og_url":"https:\/\/last-chance.dk\/?page_id=3288","og_site_name":"LASTCHANCE Deals | Danmark","article_modified_time":"2024-01-30T17:44:08+00:00","twitter_card":"summary_large_image","twitter_misc":{"Estimeret l\u00e6setid":"5 minutter"},"schema":{"@context":"https:\/\/schema.org","@graph":[{"@type":"WebPage","@id":"https:\/\/last-chance.dk\/?page_id=3288","url":"https:\/\/last-chance.dk\/?page_id=3288","name":"Vilk\u00e5r og Betingelser - LASTCHANCE Deals | Danmark","isPartOf":{"@id":"https:\/\/last-chance.dk\/#website"},"datePublished":"2023-10-22T18:29:53+00:00","dateModified":"2024-01-30T17:44:08+00:00","breadcrumb":{"@id":"https:\/\/last-chance.dk\/?page_id=3288#breadcrumb"},"inLanguage":"da-DK","potentialAction":[{"@type":"ReadAction","target":["https:\/\/last-chance.dk\/?page_id=3288"]}]},{"@type":"BreadcrumbList","@id":"https:\/\/last-chance.dk\/?page_id=3288#breadcrumb","itemListElement":[{"@type":"ListItem","position":1,"name":"Home","item":"https:\/\/last-chance.dk\/"},{"@type":"ListItem","position":2,"name":"Vilk\u00e5r og Betingelser"}]},{"@type":"WebSite","@id":"https:\/\/last-chance.dk\/#website","url":"https:\/\/last-chance.dk\/","name":"LASTCHANCE Deals | Danmark","description":"LASTCHANCE Deals | Danmark","publisher":{"@id":"https:\/\/last-chance.dk\/#organization"},"potentialAction":[{"@type":"SearchAction","target":{"@type":"EntryPoint","urlTemplate":"https:\/\/last-chance.dk\/?s={search_term_string}"},"query-input":{"@type":"PropertyValueSpecification","valueRequired":true,"valueName":"search_term_string"}}],"inLanguage":"da-DK"},{"@type":"Organization","@id":"https:\/\/last-chance.dk\/#organization","name":"LASTCHANCE Deals | Danmark","url":"https:\/\/last-chance.dk\/","logo":{"@type":"ImageObject","inLanguage":"da-DK","@id":"https:\/\/last-chance.dk\/#\/schema\/logo\/image\/","url":"https:\/\/last-chance.dk\/wp-content\/uploads\/2023\/10\/lastchancedeals_logo_dk_white.png","contentUrl":"https:\/\/last-chance.dk\/wp-content\/uploads\/2023\/10\/lastchancedeals_logo_dk_white.png","width":470,"height":110,"caption":"LASTCHANCE Deals | Danmark"},"image":{"@id":"https:\/\/last-chance.dk\/#\/schema\/logo\/image\/"}}]}},"_links":{"self":[{"href":"https:\/\/last-chance.dk\/index.php?rest_route=\/wp\/v2\/pages\/3288","targetHints":{"allow":["GET"]}}],"collection":[{"href":"https:\/\/last-chance.dk\/index.php?rest_route=\/wp\/v2\/pages"}],"about":[{"href":"https:\/\/last-chance.dk\/index.php?rest_route=\/wp\/v2\/types\/page"}],"author":[{"embeddable":true,"href":"https:\/\/last-chance.dk\/index.php?rest_route=\/wp\/v2\/users\/1"}],"replies":[{"embeddable":true,"href":"https:\/\/last-chance.dk\/index.php?rest_route=%2Fwp%2Fv2%2Fcomments&post=3288"}],"version-history":[{"count":11,"href":"https:\/\/last-chance.dk\/index.php?rest_route=\/wp\/v2\/pages\/3288\/revisions"}],"predecessor-version":[{"id":10233,"href":"https:\/\/last-chance.dk\/index.php?rest_route=\/wp\/v2\/pages\/3288\/revisions\/10233"}],"wp:attachment":[{"href":"https:\/\/last-chance.dk\/index.php?rest_route=%2Fwp%2Fv2%2Fmedia&parent=3288"}],"curies":[{"name":"wp","href":"https:\/\/api.w.org\/{rel}","templated":true}]}}