{"id":3300,"date":"2023-10-22T18:40:02","date_gmt":"2023-10-22T18:40:02","guid":{"rendered":"https:\/\/www.lastchance.deals\/fi\/?page_id=3300"},"modified":"2023-10-31T11:13:02","modified_gmt":"2023-10-31T11:13:02","slug":"hvad-er-lastchance-deals","status":"publish","type":"page","link":"https:\/\/last-chance.dk\/?page_id=3300","title":{"rendered":"Hvad er LASTCHANCE Deals?"},"content":{"rendered":"<h4 class=\"ac-textBlock\"><strong>LASTCHANCE Deals<\/strong>-platformen er det bedste sted at spare penge p\u00e5 produkter, der er ved at blive fjernet fra sortimentet eller har begr\u00e6nset tilg\u00e6ngelighed. Disse tilbud kommer normalt fra forhandlere, der \u00f8nsker at t\u00f8mme deres lager og g\u00f8re plads til nye produkter. LASTCHANCE Deals-platformen har mange forskellige kategorier, s\u00e5som t\u00f8j, elektronik og husholdningsartikler. Alle tilbud, der tilbydes p\u00e5 vores platform, er eksklusivt tilg\u00e6ngelige kun hos os, og de kan ikke f\u00e5s direkte fra s\u00e6lgeren eller andre steder!<\/h4>\n<h4><strong>Hvorfor LASTCHANCE Deals er godt for k\u00f8berne?<\/strong><br \/>\n<strong>LASTCHANCE Deals<\/strong> er en fremragende platform til at finde eksklusive tilbud, der ikke er tilg\u00e6ngelige andre steder. Platformens engagement i kvalitet og kundetilfredshed har gjort den til et popul\u00e6rt valg blandt tilbudsj\u00e6gere i Nordeuropa. K\u00f8bere kan nemt navigere p\u00e5 webstedet og finde de bedste tilbud p\u00e5 et bredt udvalg af produkter. Platformen tilbyder ogs\u00e5 en r\u00e6kke kategorier at v\u00e6lge imellem, herunder m\u00f8bler, husholdningsartikler, elektronik, mode, husholdningsapparater og mere. Med sit omfattende netv\u00e6rk af partnere giver LASTCHANCE Deals sine k\u00f8bere adgang til eksklusive tilbud, der ikke er tilg\u00e6ngelige andre steder.<\/h4>\n<h4><strong>Hvorfor LASTCHANCE Deals er godt for s\u00e6lgerne?<br \/>\nLASTCHANCE Deals<\/strong> er en fremragende m\u00e5de for s\u00e6lgere at rydde ud i deres lager og skabe specielle tilbud til deres kunder. Ved at tilbyde tidsbegr\u00e6nsede tilbud kan s\u00e6lgere skabe en f\u00f8lelse af hast blandt k\u00f8bere, hvilket kan f\u00f8re til \u00f8get salg. Dette er is\u00e6r nyttigt, n\u00e5r s\u00e6lgere har brug for at flytte lagerbeholdningen hurtigt, eller n\u00e5r de \u00f8nsker at skabe buzz omkring et nyt produkt. Derudover kan LASTCHANCE Deals bruges til at lave s\u00e6sonbetonede tilbud. Hvis en s\u00e6lger f.eks. har meget vintert\u00f8j tilbage i slutningen af s\u00e6sonen, kan de tilbyde LASTCHANCE Deals p\u00e5 disse varer for at rydde ud i deres lager og g\u00f8re plads til nye produkter. Dette kan hj\u00e6lpe s\u00e6lgere med at undg\u00e5 at opbevare usolgte varer indtil n\u00e6ste s\u00e6son. En anden fordel ved LASTCHANCE Deals er, at de kan hj\u00e6lpe s\u00e6lgere med at opbygge kundeloyalitet. Ved at tilbyde eksklusive tilbud til deres kunder kan s\u00e6lgere vise, at de v\u00e6rds\u00e6tter deres forretning og er villige til at g\u00e5 den ekstra mil for at holde dem glade. Dette kan f\u00f8re til gentagne k\u00f8b og positiv mund-til-mund reklame.<\/h4>\n<p>Alt i alt er LASTCHANCE Deals en win-win for b\u00e5de s\u00e6lgere og k\u00f8bere. S\u00e6lgere f\u00e5r ryddet ud i deres lager og skabt buzz omkring deres produkter, mens k\u00f8bere f\u00e5r adgang til eksklusive tilbud, som de m\u00e5ske ikke kan finde andre steder.<\/p>\n<div class=\"content\" tabindex=\"0\">\n<div class=\"ac-container ac-adaptiveCard\">\n<div class=\"ac-textBlock\">\n<div class=\"content\" tabindex=\"0\">\n<div class=\"ac-container ac-adaptiveCard\">\n<div class=\"ac-horizontal-separator\" aria-hidden=\"true\"><\/div>\n<\/div>\n<\/div>\n<\/div>\n<\/div>\n<\/div>\n","protected":false},"excerpt":{"rendered":"<p>LASTCHANCE Deals-platformen er det bedste sted at spare penge p\u00e5 produkter, der er ved at blive fjernet fra sortimentet eller har begr\u00e6nset tilg\u00e6ngelighed. Disse tilbud kommer normalt fra forhandlere, der \u00f8nsker at t\u00f8mme deres lager og g\u00f8re plads til nye produkter. LASTCHANCE Deals-platformen har mange forskellige kategorier, s\u00e5som t\u00f8j, elektronik og husholdningsartikler. Alle tilbud, der [&hellip;]<\/p>\n","protected":false},"author":1,"featured_media":0,"parent":0,"menu_order":0,"comment_status":"closed","ping_status":"closed","template":"","meta":{"footnotes":""},"class_list":["post-3300","page","type-page","status-publish","hentry"],"yoast_head":"<!-- This site is optimized with the Yoast SEO plugin v24.8.1 - https:\/\/yoast.com\/wordpress\/plugins\/seo\/ -->\n<title>Hvad er LASTCHANCE Deals? - LASTCHANCE Deals | Danmark<\/title>\n<meta name=\"robots\" content=\"index, follow, max-snippet:-1, max-image-preview:large, max-video-preview:-1\" \/>\n<link rel=\"canonical\" href=\"https:\/\/last-chance.dk\/?page_id=3300\" \/>\n<meta property=\"og:locale\" content=\"da_DK\" \/>\n<meta property=\"og:type\" content=\"article\" \/>\n<meta property=\"og:title\" content=\"Hvad er LASTCHANCE Deals? - LASTCHANCE Deals | Danmark\" \/>\n<meta property=\"og:description\" content=\"LASTCHANCE Deals-platformen er det bedste sted at spare penge p\u00e5 produkter, der er ved at blive fjernet fra sortimentet eller har begr\u00e6nset tilg\u00e6ngelighed. Disse tilbud kommer normalt fra forhandlere, der \u00f8nsker at t\u00f8mme deres lager og g\u00f8re plads til nye produkter. LASTCHANCE Deals-platformen har mange forskellige kategorier, s\u00e5som t\u00f8j, elektronik og husholdningsartikler. Alle tilbud, der [&hellip;]\" \/>\n<meta property=\"og:url\" content=\"https:\/\/last-chance.dk\/?page_id=3300\" \/>\n<meta property=\"og:site_name\" content=\"LASTCHANCE Deals | Danmark\" \/>\n<meta property=\"article:modified_time\" content=\"2023-10-31T11:13:02+00:00\" \/>\n<meta name=\"twitter:card\" content=\"summary_large_image\" \/>\n<meta name=\"twitter:label1\" content=\"Estimeret l\u00e6setid\" \/>\n\t<meta name=\"twitter:data1\" content=\"3 minutter\" \/>\n<script type=\"application\/ld+json\" class=\"yoast-schema-graph\">{\"@context\":\"https:\/\/schema.org\",\"@graph\":[{\"@type\":\"WebPage\",\"@id\":\"https:\/\/last-chance.dk\/?page_id=3300\",\"url\":\"https:\/\/last-chance.dk\/?page_id=3300\",\"name\":\"Hvad er LASTCHANCE Deals? - LASTCHANCE Deals | Danmark\",\"isPartOf\":{\"@id\":\"https:\/\/last-chance.dk\/#website\"},\"datePublished\":\"2023-10-22T18:40:02+00:00\",\"dateModified\":\"2023-10-31T11:13:02+00:00\",\"breadcrumb\":{\"@id\":\"https:\/\/last-chance.dk\/?page_id=3300#breadcrumb\"},\"inLanguage\":\"da-DK\",\"potentialAction\":[{\"@type\":\"ReadAction\",\"target\":[\"https:\/\/last-chance.dk\/?page_id=3300\"]}]},{\"@type\":\"BreadcrumbList\",\"@id\":\"https:\/\/last-chance.dk\/?page_id=3300#breadcrumb\",\"itemListElement\":[{\"@type\":\"ListItem\",\"position\":1,\"name\":\"Home\",\"item\":\"https:\/\/last-chance.dk\/\"},{\"@type\":\"ListItem\",\"position\":2,\"name\":\"Hvad er LASTCHANCE Deals?\"}]},{\"@type\":\"WebSite\",\"@id\":\"https:\/\/last-chance.dk\/#website\",\"url\":\"https:\/\/last-chance.dk\/\",\"name\":\"LASTCHANCE Deals | Danmark\",\"description\":\"LASTCHANCE Deals | Danmark\",\"publisher\":{\"@id\":\"https:\/\/last-chance.dk\/#organization\"},\"potentialAction\":[{\"@type\":\"SearchAction\",\"target\":{\"@type\":\"EntryPoint\",\"urlTemplate\":\"https:\/\/last-chance.dk\/?s={search_term_string}\"},\"query-input\":{\"@type\":\"PropertyValueSpecification\",\"valueRequired\":true,\"valueName\":\"search_term_string\"}}],\"inLanguage\":\"da-DK\"},{\"@type\":\"Organization\",\"@id\":\"https:\/\/last-chance.dk\/#organization\",\"name\":\"LASTCHANCE Deals | Danmark\",\"url\":\"https:\/\/last-chance.dk\/\",\"logo\":{\"@type\":\"ImageObject\",\"inLanguage\":\"da-DK\",\"@id\":\"https:\/\/last-chance.dk\/#\/schema\/logo\/image\/\",\"url\":\"https:\/\/last-chance.dk\/wp-content\/uploads\/2023\/10\/lastchancedeals_logo_dk_white.png\",\"contentUrl\":\"https:\/\/last-chance.dk\/wp-content\/uploads\/2023\/10\/lastchancedeals_logo_dk_white.png\",\"width\":470,\"height\":110,\"caption\":\"LASTCHANCE Deals | Danmark\"},\"image\":{\"@id\":\"https:\/\/last-chance.dk\/#\/schema\/logo\/image\/\"}}]}<\/script>\n<!-- \/ Yoast SEO plugin. -->","yoast_head_json":{"title":"Hvad er LASTCHANCE Deals? - LASTCHANCE Deals | Danmark","robots":{"index":"index","follow":"follow","max-snippet":"max-snippet:-1","max-image-preview":"max-image-preview:large","max-video-preview":"max-video-preview:-1"},"canonical":"https:\/\/last-chance.dk\/?page_id=3300","og_locale":"da_DK","og_type":"article","og_title":"Hvad er LASTCHANCE Deals? - LASTCHANCE Deals | Danmark","og_description":"LASTCHANCE Deals-platformen er det bedste sted at spare penge p\u00e5 produkter, der er ved at blive fjernet fra sortimentet eller har begr\u00e6nset tilg\u00e6ngelighed. Disse tilbud kommer normalt fra forhandlere, der \u00f8nsker at t\u00f8mme deres lager og g\u00f8re plads til nye produkter. LASTCHANCE Deals-platformen har mange forskellige kategorier, s\u00e5som t\u00f8j, elektronik og husholdningsartikler. Alle tilbud, der [&hellip;]","og_url":"https:\/\/last-chance.dk\/?page_id=3300","og_site_name":"LASTCHANCE Deals | Danmark","article_modified_time":"2023-10-31T11:13:02+00:00","twitter_card":"summary_large_image","twitter_misc":{"Estimeret l\u00e6setid":"3 minutter"},"schema":{"@context":"https:\/\/schema.org","@graph":[{"@type":"WebPage","@id":"https:\/\/last-chance.dk\/?page_id=3300","url":"https:\/\/last-chance.dk\/?page_id=3300","name":"Hvad er LASTCHANCE Deals? - LASTCHANCE Deals | Danmark","isPartOf":{"@id":"https:\/\/last-chance.dk\/#website"},"datePublished":"2023-10-22T18:40:02+00:00","dateModified":"2023-10-31T11:13:02+00:00","breadcrumb":{"@id":"https:\/\/last-chance.dk\/?page_id=3300#breadcrumb"},"inLanguage":"da-DK","potentialAction":[{"@type":"ReadAction","target":["https:\/\/last-chance.dk\/?page_id=3300"]}]},{"@type":"BreadcrumbList","@id":"https:\/\/last-chance.dk\/?page_id=3300#breadcrumb","itemListElement":[{"@type":"ListItem","position":1,"name":"Home","item":"https:\/\/last-chance.dk\/"},{"@type":"ListItem","position":2,"name":"Hvad er LASTCHANCE Deals?"}]},{"@type":"WebSite","@id":"https:\/\/last-chance.dk\/#website","url":"https:\/\/last-chance.dk\/","name":"LASTCHANCE Deals | Danmark","description":"LASTCHANCE Deals | Danmark","publisher":{"@id":"https:\/\/last-chance.dk\/#organization"},"potentialAction":[{"@type":"SearchAction","target":{"@type":"EntryPoint","urlTemplate":"https:\/\/last-chance.dk\/?s={search_term_string}"},"query-input":{"@type":"PropertyValueSpecification","valueRequired":true,"valueName":"search_term_string"}}],"inLanguage":"da-DK"},{"@type":"Organization","@id":"https:\/\/last-chance.dk\/#organization","name":"LASTCHANCE Deals | Danmark","url":"https:\/\/last-chance.dk\/","logo":{"@type":"ImageObject","inLanguage":"da-DK","@id":"https:\/\/last-chance.dk\/#\/schema\/logo\/image\/","url":"https:\/\/last-chance.dk\/wp-content\/uploads\/2023\/10\/lastchancedeals_logo_dk_white.png","contentUrl":"https:\/\/last-chance.dk\/wp-content\/uploads\/2023\/10\/lastchancedeals_logo_dk_white.png","width":470,"height":110,"caption":"LASTCHANCE Deals | Danmark"},"image":{"@id":"https:\/\/last-chance.dk\/#\/schema\/logo\/image\/"}}]}},"_links":{"self":[{"href":"https:\/\/last-chance.dk\/index.php?rest_route=\/wp\/v2\/pages\/3300","targetHints":{"allow":["GET"]}}],"collection":[{"href":"https:\/\/last-chance.dk\/index.php?rest_route=\/wp\/v2\/pages"}],"about":[{"href":"https:\/\/last-chance.dk\/index.php?rest_route=\/wp\/v2\/types\/page"}],"author":[{"embeddable":true,"href":"https:\/\/last-chance.dk\/index.php?rest_route=\/wp\/v2\/users\/1"}],"replies":[{"embeddable":true,"href":"https:\/\/last-chance.dk\/index.php?rest_route=%2Fwp%2Fv2%2Fcomments&post=3300"}],"version-history":[{"count":14,"href":"https:\/\/last-chance.dk\/index.php?rest_route=\/wp\/v2\/pages\/3300\/revisions"}],"predecessor-version":[{"id":6720,"href":"https:\/\/last-chance.dk\/index.php?rest_route=\/wp\/v2\/pages\/3300\/revisions\/6720"}],"wp:attachment":[{"href":"https:\/\/last-chance.dk\/index.php?rest_route=%2Fwp%2Fv2%2Fmedia&parent=3300"}],"curies":[{"name":"wp","href":"https:\/\/api.w.org\/{rel}","templated":true}]}}