{"id":10032,"date":"2023-12-17T00:25:18","date_gmt":"2023-12-17T00:25:18","guid":{"rendered":"https:\/\/www.lastchance.deals\/dk\/produkt\/sminkebord-og-skammel-novara\/"},"modified":"2025-10-13T12:02:45","modified_gmt":"2025-10-13T12:02:45","slug":"sminkebord-og-skammel-novara","status":"publish","type":"product","link":"https:\/\/last-chance.dk\/?product=sminkebord-og-skammel-novara","title":{"rendered":"Sminkebord og skammel Novara"},"content":{"rendered":"<p>Med det smukke og moderne Sminkebord og skammel Novara fra ForrestDecor, f\u00e5r du et stilfuldt og funktionelt m\u00f8bel. Bordet er fremstillet i h\u00f8jkvalitets MDF-materiale, der g\u00f8r det let og holdbart, mens det beige finish giver det et stilfuldt udseende. Det har en bred overflade til at holde st\u00f8rre sminkeartikler som paletter, og det har ogs\u00e5 et skuffefacade. Det inkluderer ogs\u00e5 et taburet, der giver dig ekstra komfort, hvilket g\u00f8r det muligt for dig at sidde og s\u00e6tte makeup. Det er let at montere, s\u00e5 du kan nemt samle det p\u00e5 kort tid. ForrestDecor tilbyder 12 m\u00e5neders rammegaranti, s\u00e5 du kan k\u00f8be dette produkt med tillid.<\/p>\n<p><\/p>\n<p>Leveringstid: Leveringstid 1 uge<br \/>\nStil: moderne<br \/>\nTaburet: inkluderet<br \/>\nUdvendige dimensioner: 80x33x127cm<br \/>\nMateriale: mdf<br \/>\nRammemateriale: mdf,m\u00f8belplade<br \/>\nFarve: beige<br \/>\nMontage: skal samles<br \/>\nGaranti: 12 m\u00e5neders rammegaranti<br \/>\nFabrikant: ForrestDecor<\/p>\n","protected":false},"excerpt":{"rendered":"<p>Med det smukke og moderne Sminkebord og skammel Novara fra ForrestDecor, f\u00e5r du et stilfuldt og funktionelt m\u00f8bel. Bordet er fremstillet i h\u00f8jkvalitets MDF-materiale, der g\u00f8r det let og holdbart, mens det beige finish giver det et stilfuldt udseende. Det har en bred overflade til at holde st\u00f8rre sminkeartikler som paletter, og det har ogs\u00e5 [&hellip;]<\/p>\n","protected":false},"featured_media":10031,"comment_status":"open","ping_status":"closed","template":"","meta":[],"product_brand":[],"product_cat":[186],"product_tag":[],"class_list":{"0":"post-10032","1":"product","2":"type-product","3":"status-publish","4":"has-post-thumbnail","6":"product_cat-dressing-tables","8":"first","9":"instock","10":"shipping-taxable","11":"purchasable","12":"product-type-simple"},"yoast_head":"<!-- This site is optimized with the Yoast SEO plugin v24.8.1 - https:\/\/yoast.com\/wordpress\/plugins\/seo\/ -->\n<title>Sminkebord og skammel Novara - LASTCHANCE Deals | Danmark<\/title>\n<meta name=\"robots\" content=\"index, follow, max-snippet:-1, max-image-preview:large, max-video-preview:-1\" \/>\n<link rel=\"canonical\" href=\"https:\/\/last-chance.dk\/?product=sminkebord-og-skammel-novara\" \/>\n<meta property=\"og:locale\" content=\"da_DK\" \/>\n<meta property=\"og:type\" content=\"article\" \/>\n<meta property=\"og:title\" content=\"Sminkebord og skammel Novara - LASTCHANCE Deals | Danmark\" \/>\n<meta property=\"og:description\" content=\"Med det smukke og moderne Sminkebord og skammel Novara fra ForrestDecor, f\u00e5r du et stilfuldt og funktionelt m\u00f8bel. Bordet er fremstillet i h\u00f8jkvalitets MDF-materiale, der g\u00f8r det let og holdbart, mens det beige finish giver det et stilfuldt udseende. Det har en bred overflade til at holde st\u00f8rre sminkeartikler som paletter, og det har ogs\u00e5 [&hellip;]\" \/>\n<meta property=\"og:url\" content=\"https:\/\/last-chance.dk\/?product=sminkebord-og-skammel-novara\" \/>\n<meta property=\"og:site_name\" content=\"LASTCHANCE Deals | Danmark\" \/>\n<meta property=\"article:modified_time\" content=\"2025-10-13T12:02:45+00:00\" \/>\n<meta property=\"og:image\" content=\"https:\/\/last-chance.dk\/wp-content\/uploads\/2023\/12\/novara_flip_5.jpg\" \/>\n\t<meta property=\"og:image:width\" content=\"750\" \/>\n\t<meta property=\"og:image:height\" content=\"750\" \/>\n\t<meta property=\"og:image:type\" content=\"image\/jpeg\" \/>\n<meta name=\"twitter:card\" content=\"summary_large_image\" \/>\n<meta name=\"twitter:label1\" content=\"Estimeret l\u00e6setid\" \/>\n\t<meta name=\"twitter:data1\" content=\"1 minut\" \/>\n<script type=\"application\/ld+json\" class=\"yoast-schema-graph\">{\"@context\":\"https:\/\/schema.org\",\"@graph\":[{\"@type\":\"WebPage\",\"@id\":\"https:\/\/last-chance.dk\/?product=sminkebord-og-skammel-novara\",\"url\":\"https:\/\/last-chance.dk\/?product=sminkebord-og-skammel-novara\",\"name\":\"Sminkebord og skammel Novara - LASTCHANCE Deals | Danmark\",\"isPartOf\":{\"@id\":\"https:\/\/last-chance.dk\/#website\"},\"primaryImageOfPage\":{\"@id\":\"https:\/\/last-chance.dk\/?product=sminkebord-og-skammel-novara#primaryimage\"},\"image\":{\"@id\":\"https:\/\/last-chance.dk\/?product=sminkebord-og-skammel-novara#primaryimage\"},\"thumbnailUrl\":\"https:\/\/last-chance.dk\/wp-content\/uploads\/2023\/12\/novara_flip_5.jpg\",\"datePublished\":\"2023-12-17T00:25:18+00:00\",\"dateModified\":\"2025-10-13T12:02:45+00:00\",\"breadcrumb\":{\"@id\":\"https:\/\/last-chance.dk\/?product=sminkebord-og-skammel-novara#breadcrumb\"},\"inLanguage\":\"da-DK\",\"potentialAction\":[{\"@type\":\"ReadAction\",\"target\":[\"https:\/\/last-chance.dk\/?product=sminkebord-og-skammel-novara\"]}]},{\"@type\":\"ImageObject\",\"inLanguage\":\"da-DK\",\"@id\":\"https:\/\/last-chance.dk\/?product=sminkebord-og-skammel-novara#primaryimage\",\"url\":\"https:\/\/last-chance.dk\/wp-content\/uploads\/2023\/12\/novara_flip_5.jpg\",\"contentUrl\":\"https:\/\/last-chance.dk\/wp-content\/uploads\/2023\/12\/novara_flip_5.jpg\",\"width\":750,\"height\":750},{\"@type\":\"BreadcrumbList\",\"@id\":\"https:\/\/last-chance.dk\/?product=sminkebord-og-skammel-novara#breadcrumb\",\"itemListElement\":[{\"@type\":\"ListItem\",\"position\":1,\"name\":\"Home\",\"item\":\"https:\/\/last-chance.dk\/\"},{\"@type\":\"ListItem\",\"position\":2,\"name\":\"Sminkebord og skammel Novara\"}]},{\"@type\":\"WebSite\",\"@id\":\"https:\/\/last-chance.dk\/#website\",\"url\":\"https:\/\/last-chance.dk\/\",\"name\":\"LASTCHANCE Deals | Danmark\",\"description\":\"LASTCHANCE Deals | Danmark\",\"publisher\":{\"@id\":\"https:\/\/last-chance.dk\/#organization\"},\"potentialAction\":[{\"@type\":\"SearchAction\",\"target\":{\"@type\":\"EntryPoint\",\"urlTemplate\":\"https:\/\/last-chance.dk\/?s={search_term_string}\"},\"query-input\":{\"@type\":\"PropertyValueSpecification\",\"valueRequired\":true,\"valueName\":\"search_term_string\"}}],\"inLanguage\":\"da-DK\"},{\"@type\":\"Organization\",\"@id\":\"https:\/\/last-chance.dk\/#organization\",\"name\":\"LASTCHANCE Deals | Danmark\",\"url\":\"https:\/\/last-chance.dk\/\",\"logo\":{\"@type\":\"ImageObject\",\"inLanguage\":\"da-DK\",\"@id\":\"https:\/\/last-chance.dk\/#\/schema\/logo\/image\/\",\"url\":\"https:\/\/last-chance.dk\/wp-content\/uploads\/2023\/10\/lastchancedeals_logo_dk_white.png\",\"contentUrl\":\"https:\/\/last-chance.dk\/wp-content\/uploads\/2023\/10\/lastchancedeals_logo_dk_white.png\",\"width\":470,\"height\":110,\"caption\":\"LASTCHANCE Deals | Danmark\"},\"image\":{\"@id\":\"https:\/\/last-chance.dk\/#\/schema\/logo\/image\/\"}}]}<\/script>\n<!-- \/ Yoast SEO plugin. -->","yoast_head_json":{"title":"Sminkebord og skammel Novara - LASTCHANCE Deals | Danmark","robots":{"index":"index","follow":"follow","max-snippet":"max-snippet:-1","max-image-preview":"max-image-preview:large","max-video-preview":"max-video-preview:-1"},"canonical":"https:\/\/last-chance.dk\/?product=sminkebord-og-skammel-novara","og_locale":"da_DK","og_type":"article","og_title":"Sminkebord og skammel Novara - LASTCHANCE Deals | Danmark","og_description":"Med det smukke og moderne Sminkebord og skammel Novara fra ForrestDecor, f\u00e5r du et stilfuldt og funktionelt m\u00f8bel. Bordet er fremstillet i h\u00f8jkvalitets MDF-materiale, der g\u00f8r det let og holdbart, mens det beige finish giver det et stilfuldt udseende. Det har en bred overflade til at holde st\u00f8rre sminkeartikler som paletter, og det har ogs\u00e5 [&hellip;]","og_url":"https:\/\/last-chance.dk\/?product=sminkebord-og-skammel-novara","og_site_name":"LASTCHANCE Deals | Danmark","article_modified_time":"2025-10-13T12:02:45+00:00","og_image":[{"width":750,"height":750,"url":"https:\/\/last-chance.dk\/wp-content\/uploads\/2023\/12\/novara_flip_5.jpg","type":"image\/jpeg"}],"twitter_card":"summary_large_image","twitter_misc":{"Estimeret l\u00e6setid":"1 minut"},"schema":{"@context":"https:\/\/schema.org","@graph":[{"@type":"WebPage","@id":"https:\/\/last-chance.dk\/?product=sminkebord-og-skammel-novara","url":"https:\/\/last-chance.dk\/?product=sminkebord-og-skammel-novara","name":"Sminkebord og skammel Novara - LASTCHANCE Deals | Danmark","isPartOf":{"@id":"https:\/\/last-chance.dk\/#website"},"primaryImageOfPage":{"@id":"https:\/\/last-chance.dk\/?product=sminkebord-og-skammel-novara#primaryimage"},"image":{"@id":"https:\/\/last-chance.dk\/?product=sminkebord-og-skammel-novara#primaryimage"},"thumbnailUrl":"https:\/\/last-chance.dk\/wp-content\/uploads\/2023\/12\/novara_flip_5.jpg","datePublished":"2023-12-17T00:25:18+00:00","dateModified":"2025-10-13T12:02:45+00:00","breadcrumb":{"@id":"https:\/\/last-chance.dk\/?product=sminkebord-og-skammel-novara#breadcrumb"},"inLanguage":"da-DK","potentialAction":[{"@type":"ReadAction","target":["https:\/\/last-chance.dk\/?product=sminkebord-og-skammel-novara"]}]},{"@type":"ImageObject","inLanguage":"da-DK","@id":"https:\/\/last-chance.dk\/?product=sminkebord-og-skammel-novara#primaryimage","url":"https:\/\/last-chance.dk\/wp-content\/uploads\/2023\/12\/novara_flip_5.jpg","contentUrl":"https:\/\/last-chance.dk\/wp-content\/uploads\/2023\/12\/novara_flip_5.jpg","width":750,"height":750},{"@type":"BreadcrumbList","@id":"https:\/\/last-chance.dk\/?product=sminkebord-og-skammel-novara#breadcrumb","itemListElement":[{"@type":"ListItem","position":1,"name":"Home","item":"https:\/\/last-chance.dk\/"},{"@type":"ListItem","position":2,"name":"Sminkebord og skammel Novara"}]},{"@type":"WebSite","@id":"https:\/\/last-chance.dk\/#website","url":"https:\/\/last-chance.dk\/","name":"LASTCHANCE Deals | Danmark","description":"LASTCHANCE Deals | Danmark","publisher":{"@id":"https:\/\/last-chance.dk\/#organization"},"potentialAction":[{"@type":"SearchAction","target":{"@type":"EntryPoint","urlTemplate":"https:\/\/last-chance.dk\/?s={search_term_string}"},"query-input":{"@type":"PropertyValueSpecification","valueRequired":true,"valueName":"search_term_string"}}],"inLanguage":"da-DK"},{"@type":"Organization","@id":"https:\/\/last-chance.dk\/#organization","name":"LASTCHANCE Deals | Danmark","url":"https:\/\/last-chance.dk\/","logo":{"@type":"ImageObject","inLanguage":"da-DK","@id":"https:\/\/last-chance.dk\/#\/schema\/logo\/image\/","url":"https:\/\/last-chance.dk\/wp-content\/uploads\/2023\/10\/lastchancedeals_logo_dk_white.png","contentUrl":"https:\/\/last-chance.dk\/wp-content\/uploads\/2023\/10\/lastchancedeals_logo_dk_white.png","width":470,"height":110,"caption":"LASTCHANCE Deals | Danmark"},"image":{"@id":"https:\/\/last-chance.dk\/#\/schema\/logo\/image\/"}}]}},"_links":{"self":[{"href":"https:\/\/last-chance.dk\/index.php?rest_route=\/wp\/v2\/product\/10032","targetHints":{"allow":["GET"]}}],"collection":[{"href":"https:\/\/last-chance.dk\/index.php?rest_route=\/wp\/v2\/product"}],"about":[{"href":"https:\/\/last-chance.dk\/index.php?rest_route=\/wp\/v2\/types\/product"}],"replies":[{"embeddable":true,"href":"https:\/\/last-chance.dk\/index.php?rest_route=%2Fwp%2Fv2%2Fcomments&post=10032"}],"wp:featuredmedia":[{"embeddable":true,"href":"https:\/\/last-chance.dk\/index.php?rest_route=\/wp\/v2\/media\/10031"}],"wp:attachment":[{"href":"https:\/\/last-chance.dk\/index.php?rest_route=%2Fwp%2Fv2%2Fmedia&parent=10032"}],"wp:term":[{"taxonomy":"product_brand","embeddable":true,"href":"https:\/\/last-chance.dk\/index.php?rest_route=%2Fwp%2Fv2%2Fproduct_brand&post=10032"},{"taxonomy":"product_cat","embeddable":true,"href":"https:\/\/last-chance.dk\/index.php?rest_route=%2Fwp%2Fv2%2Fproduct_cat&post=10032"},{"taxonomy":"product_tag","embeddable":true,"href":"https:\/\/last-chance.dk\/index.php?rest_route=%2Fwp%2Fv2%2Fproduct_tag&post=10032"}],"curies":[{"name":"wp","href":"https:\/\/api.w.org\/{rel}","templated":true}]}}