{"id":10226,"date":"2024-01-01T18:05:50","date_gmt":"2024-01-01T18:05:50","guid":{"rendered":"https:\/\/www.lastchance.deals\/dk\/produkt\/hylde-atarah\/"},"modified":"2025-03-24T12:27:08","modified_gmt":"2025-03-24T12:27:08","slug":"hylde-atarah","status":"publish","type":"product","link":"https:\/\/last-chance.dk\/?product=hylde-atarah","title":{"rendered":"Hylde Atarah"},"content":{"rendered":"<p>Hylde Atarah er en klassisk og elegant hylde, der passer til enhver indretning. Den er lavet af metal, der giver den et solidt og holdbart udtryk. Hylden har fire rummelige hylder, hvor du kan opbevare b\u00f8ger, planter, nips eller andre ting, du vil vise frem. Hylden m\u00e5ler 50x30x180cm og skal samles ved levering. Du f\u00e5r 12 m\u00e5neders garanti p\u00e5 hylden, der er produceret af ForrestDecor, en anerkendt fabrikant af kvalitetsm\u00f8bler. Hylde Atarah er et perfekt valg, hvis du vil have en hylde, der kombinerer stil og funktionalitet.<\/p>\n<p><\/p>\n<p>Leveringstid: Leveringstid 1 uge<br \/>\nStil: klassisk<br \/>\nMateriale: metal<br \/>\nUdvendige dimensioner: 50x30x180cm<br \/>\nMontage: skal samles<br \/>\nGaranti: 12 m\u00e5neder<br \/>\nFabrikant: ForrestDecor<\/p>\n","protected":false},"excerpt":{"rendered":"<p>Hylde Atarah er en klassisk og elegant hylde, der passer til enhver indretning. Den er lavet af metal, der giver den et solidt og holdbart udtryk. Hylden har fire rummelige hylder, hvor du kan opbevare b\u00f8ger, planter, nips eller andre ting, du vil vise frem. Hylden m\u00e5ler 50x30x180cm og skal samles ved levering. Du f\u00e5r [&hellip;]<\/p>\n","protected":false},"featured_media":10223,"comment_status":"open","ping_status":"closed","template":"","meta":[],"product_brand":[],"product_cat":[248],"product_tag":[],"class_list":{"0":"post-10226","1":"product","2":"type-product","3":"status-publish","4":"has-post-thumbnail","6":"product_cat-bookcases-standing-shelves-2","8":"first","9":"instock","10":"shipping-taxable","11":"purchasable","12":"product-type-simple"},"yoast_head":"<!-- This site is optimized with the Yoast SEO plugin v24.8.1 - https:\/\/yoast.com\/wordpress\/plugins\/seo\/ -->\n<title>Hylde Atarah - LASTCHANCE Deals | Danmark<\/title>\n<meta name=\"robots\" content=\"index, follow, max-snippet:-1, max-image-preview:large, max-video-preview:-1\" \/>\n<link rel=\"canonical\" href=\"https:\/\/last-chance.dk\/?product=hylde-atarah\" \/>\n<meta property=\"og:locale\" content=\"da_DK\" \/>\n<meta property=\"og:type\" content=\"article\" \/>\n<meta property=\"og:title\" content=\"Hylde Atarah - LASTCHANCE Deals | Danmark\" \/>\n<meta property=\"og:description\" content=\"Hylde Atarah er en klassisk og elegant hylde, der passer til enhver indretning. Den er lavet af metal, der giver den et solidt og holdbart udtryk. Hylden har fire rummelige hylder, hvor du kan opbevare b\u00f8ger, planter, nips eller andre ting, du vil vise frem. Hylden m\u00e5ler 50x30x180cm og skal samles ved levering. Du f\u00e5r [&hellip;]\" \/>\n<meta property=\"og:url\" content=\"https:\/\/last-chance.dk\/?product=hylde-atarah\" \/>\n<meta property=\"og:site_name\" content=\"LASTCHANCE Deals | Danmark\" \/>\n<meta property=\"article:modified_time\" content=\"2025-03-24T12:27:08+00:00\" \/>\n<meta property=\"og:image\" content=\"https:\/\/last-chance.dk\/wp-content\/uploads\/2024\/01\/atarah_black1.jpg\" \/>\n\t<meta property=\"og:image:width\" content=\"633\" \/>\n\t<meta property=\"og:image:height\" content=\"790\" \/>\n\t<meta property=\"og:image:type\" content=\"image\/jpeg\" \/>\n<meta name=\"twitter:card\" content=\"summary_large_image\" \/>\n<meta name=\"twitter:label1\" content=\"Estimeret l\u00e6setid\" \/>\n\t<meta name=\"twitter:data1\" content=\"1 minut\" \/>\n<script type=\"application\/ld+json\" class=\"yoast-schema-graph\">{\"@context\":\"https:\/\/schema.org\",\"@graph\":[{\"@type\":\"WebPage\",\"@id\":\"https:\/\/last-chance.dk\/?product=hylde-atarah\",\"url\":\"https:\/\/last-chance.dk\/?product=hylde-atarah\",\"name\":\"Hylde Atarah - LASTCHANCE Deals | Danmark\",\"isPartOf\":{\"@id\":\"https:\/\/last-chance.dk\/#website\"},\"primaryImageOfPage\":{\"@id\":\"https:\/\/last-chance.dk\/?product=hylde-atarah#primaryimage\"},\"image\":{\"@id\":\"https:\/\/last-chance.dk\/?product=hylde-atarah#primaryimage\"},\"thumbnailUrl\":\"https:\/\/last-chance.dk\/wp-content\/uploads\/2024\/01\/atarah_black1.jpg\",\"datePublished\":\"2024-01-01T18:05:50+00:00\",\"dateModified\":\"2025-03-24T12:27:08+00:00\",\"breadcrumb\":{\"@id\":\"https:\/\/last-chance.dk\/?product=hylde-atarah#breadcrumb\"},\"inLanguage\":\"da-DK\",\"potentialAction\":[{\"@type\":\"ReadAction\",\"target\":[\"https:\/\/last-chance.dk\/?product=hylde-atarah\"]}]},{\"@type\":\"ImageObject\",\"inLanguage\":\"da-DK\",\"@id\":\"https:\/\/last-chance.dk\/?product=hylde-atarah#primaryimage\",\"url\":\"https:\/\/last-chance.dk\/wp-content\/uploads\/2024\/01\/atarah_black1.jpg\",\"contentUrl\":\"https:\/\/last-chance.dk\/wp-content\/uploads\/2024\/01\/atarah_black1.jpg\",\"width\":633,\"height\":790},{\"@type\":\"BreadcrumbList\",\"@id\":\"https:\/\/last-chance.dk\/?product=hylde-atarah#breadcrumb\",\"itemListElement\":[{\"@type\":\"ListItem\",\"position\":1,\"name\":\"Home\",\"item\":\"https:\/\/last-chance.dk\/\"},{\"@type\":\"ListItem\",\"position\":2,\"name\":\"Hylde Atarah\"}]},{\"@type\":\"WebSite\",\"@id\":\"https:\/\/last-chance.dk\/#website\",\"url\":\"https:\/\/last-chance.dk\/\",\"name\":\"LASTCHANCE Deals | Danmark\",\"description\":\"LASTCHANCE Deals | Danmark\",\"publisher\":{\"@id\":\"https:\/\/last-chance.dk\/#organization\"},\"potentialAction\":[{\"@type\":\"SearchAction\",\"target\":{\"@type\":\"EntryPoint\",\"urlTemplate\":\"https:\/\/last-chance.dk\/?s={search_term_string}\"},\"query-input\":{\"@type\":\"PropertyValueSpecification\",\"valueRequired\":true,\"valueName\":\"search_term_string\"}}],\"inLanguage\":\"da-DK\"},{\"@type\":\"Organization\",\"@id\":\"https:\/\/last-chance.dk\/#organization\",\"name\":\"LASTCHANCE Deals | Danmark\",\"url\":\"https:\/\/last-chance.dk\/\",\"logo\":{\"@type\":\"ImageObject\",\"inLanguage\":\"da-DK\",\"@id\":\"https:\/\/last-chance.dk\/#\/schema\/logo\/image\/\",\"url\":\"https:\/\/last-chance.dk\/wp-content\/uploads\/2023\/10\/lastchancedeals_logo_dk_white.png\",\"contentUrl\":\"https:\/\/last-chance.dk\/wp-content\/uploads\/2023\/10\/lastchancedeals_logo_dk_white.png\",\"width\":470,\"height\":110,\"caption\":\"LASTCHANCE Deals | Danmark\"},\"image\":{\"@id\":\"https:\/\/last-chance.dk\/#\/schema\/logo\/image\/\"}}]}<\/script>\n<!-- \/ Yoast SEO plugin. -->","yoast_head_json":{"title":"Hylde Atarah - LASTCHANCE Deals | Danmark","robots":{"index":"index","follow":"follow","max-snippet":"max-snippet:-1","max-image-preview":"max-image-preview:large","max-video-preview":"max-video-preview:-1"},"canonical":"https:\/\/last-chance.dk\/?product=hylde-atarah","og_locale":"da_DK","og_type":"article","og_title":"Hylde Atarah - LASTCHANCE Deals | Danmark","og_description":"Hylde Atarah er en klassisk og elegant hylde, der passer til enhver indretning. Den er lavet af metal, der giver den et solidt og holdbart udtryk. Hylden har fire rummelige hylder, hvor du kan opbevare b\u00f8ger, planter, nips eller andre ting, du vil vise frem. Hylden m\u00e5ler 50x30x180cm og skal samles ved levering. Du f\u00e5r [&hellip;]","og_url":"https:\/\/last-chance.dk\/?product=hylde-atarah","og_site_name":"LASTCHANCE Deals | Danmark","article_modified_time":"2025-03-24T12:27:08+00:00","og_image":[{"width":633,"height":790,"url":"https:\/\/last-chance.dk\/wp-content\/uploads\/2024\/01\/atarah_black1.jpg","type":"image\/jpeg"}],"twitter_card":"summary_large_image","twitter_misc":{"Estimeret l\u00e6setid":"1 minut"},"schema":{"@context":"https:\/\/schema.org","@graph":[{"@type":"WebPage","@id":"https:\/\/last-chance.dk\/?product=hylde-atarah","url":"https:\/\/last-chance.dk\/?product=hylde-atarah","name":"Hylde Atarah - LASTCHANCE Deals | Danmark","isPartOf":{"@id":"https:\/\/last-chance.dk\/#website"},"primaryImageOfPage":{"@id":"https:\/\/last-chance.dk\/?product=hylde-atarah#primaryimage"},"image":{"@id":"https:\/\/last-chance.dk\/?product=hylde-atarah#primaryimage"},"thumbnailUrl":"https:\/\/last-chance.dk\/wp-content\/uploads\/2024\/01\/atarah_black1.jpg","datePublished":"2024-01-01T18:05:50+00:00","dateModified":"2025-03-24T12:27:08+00:00","breadcrumb":{"@id":"https:\/\/last-chance.dk\/?product=hylde-atarah#breadcrumb"},"inLanguage":"da-DK","potentialAction":[{"@type":"ReadAction","target":["https:\/\/last-chance.dk\/?product=hylde-atarah"]}]},{"@type":"ImageObject","inLanguage":"da-DK","@id":"https:\/\/last-chance.dk\/?product=hylde-atarah#primaryimage","url":"https:\/\/last-chance.dk\/wp-content\/uploads\/2024\/01\/atarah_black1.jpg","contentUrl":"https:\/\/last-chance.dk\/wp-content\/uploads\/2024\/01\/atarah_black1.jpg","width":633,"height":790},{"@type":"BreadcrumbList","@id":"https:\/\/last-chance.dk\/?product=hylde-atarah#breadcrumb","itemListElement":[{"@type":"ListItem","position":1,"name":"Home","item":"https:\/\/last-chance.dk\/"},{"@type":"ListItem","position":2,"name":"Hylde Atarah"}]},{"@type":"WebSite","@id":"https:\/\/last-chance.dk\/#website","url":"https:\/\/last-chance.dk\/","name":"LASTCHANCE Deals | Danmark","description":"LASTCHANCE Deals | Danmark","publisher":{"@id":"https:\/\/last-chance.dk\/#organization"},"potentialAction":[{"@type":"SearchAction","target":{"@type":"EntryPoint","urlTemplate":"https:\/\/last-chance.dk\/?s={search_term_string}"},"query-input":{"@type":"PropertyValueSpecification","valueRequired":true,"valueName":"search_term_string"}}],"inLanguage":"da-DK"},{"@type":"Organization","@id":"https:\/\/last-chance.dk\/#organization","name":"LASTCHANCE Deals | Danmark","url":"https:\/\/last-chance.dk\/","logo":{"@type":"ImageObject","inLanguage":"da-DK","@id":"https:\/\/last-chance.dk\/#\/schema\/logo\/image\/","url":"https:\/\/last-chance.dk\/wp-content\/uploads\/2023\/10\/lastchancedeals_logo_dk_white.png","contentUrl":"https:\/\/last-chance.dk\/wp-content\/uploads\/2023\/10\/lastchancedeals_logo_dk_white.png","width":470,"height":110,"caption":"LASTCHANCE Deals | Danmark"},"image":{"@id":"https:\/\/last-chance.dk\/#\/schema\/logo\/image\/"}}]}},"_links":{"self":[{"href":"https:\/\/last-chance.dk\/index.php?rest_route=\/wp\/v2\/product\/10226","targetHints":{"allow":["GET"]}}],"collection":[{"href":"https:\/\/last-chance.dk\/index.php?rest_route=\/wp\/v2\/product"}],"about":[{"href":"https:\/\/last-chance.dk\/index.php?rest_route=\/wp\/v2\/types\/product"}],"replies":[{"embeddable":true,"href":"https:\/\/last-chance.dk\/index.php?rest_route=%2Fwp%2Fv2%2Fcomments&post=10226"}],"wp:featuredmedia":[{"embeddable":true,"href":"https:\/\/last-chance.dk\/index.php?rest_route=\/wp\/v2\/media\/10223"}],"wp:attachment":[{"href":"https:\/\/last-chance.dk\/index.php?rest_route=%2Fwp%2Fv2%2Fmedia&parent=10226"}],"wp:term":[{"taxonomy":"product_brand","embeddable":true,"href":"https:\/\/last-chance.dk\/index.php?rest_route=%2Fwp%2Fv2%2Fproduct_brand&post=10226"},{"taxonomy":"product_cat","embeddable":true,"href":"https:\/\/last-chance.dk\/index.php?rest_route=%2Fwp%2Fv2%2Fproduct_cat&post=10226"},{"taxonomy":"product_tag","embeddable":true,"href":"https:\/\/last-chance.dk\/index.php?rest_route=%2Fwp%2Fv2%2Fproduct_tag&post=10226"}],"curies":[{"name":"wp","href":"https:\/\/api.w.org\/{rel}","templated":true}]}}