{"id":10307,"date":"2024-02-02T16:24:39","date_gmt":"2024-02-02T16:24:39","guid":{"rendered":"https:\/\/www.lastchance.deals\/dk\/produkt\/sofabord-eleganze\/"},"modified":"2025-10-13T12:03:22","modified_gmt":"2025-10-13T12:03:22","slug":"sofabord-eleganze","status":"publish","type":"product","link":"https:\/\/last-chance.dk\/?product=sofabord-eleganze","title":{"rendered":"Sofabord Eleganze"},"content":{"rendered":"<p>\nVelkommen til vores smukke Sofabord Eleganze, produceret af den velkendte LuxCasa. Dette elegante og sofistikerede sofabord er fremstillet lige her i EU, garanterer en kombination af sk\u00f8nhed og holdbarhed.\n<\/p>\n<p><\/p>\n<p>\nSofabord Eleganze kommer i en snehvid farve, der tilf\u00f8jer en f\u00f8lelse af renhed, enkelhed og ro til dit interi\u00f8r. Denne m\u00f8bel er ideel til moderne huse og lejligheder, der s\u00f8ger at skabe en minimalistisk og stadig behagelig atmosf\u00e6re.\n<\/p>\n<p><\/p>\n<p>\nDette sofabord leveres i dimensioner af 110x40x60 cm, hvilket g\u00f8r det til det perfekte mellemliggende m\u00f8bel til dit stueomr\u00e5de. Bordets ydre dimensioner er designet til at tilbyde en balance mellem funktionalitet og \u00e6stetik.\n<\/p>\n<p><\/p>\n<p>\nV\u00e6r dog opm\u00e6rksom p\u00e5, at Sofabord Eleganze kr\u00e6ver montage. Men rolig, processen er enkel og ligetil. Med lidt tid og t\u00e5lmodighed, kan du sammens\u00e6tte dette stykke til et smukt m\u00f8bel, der vil blive et blikfang i dit hjem.\n<\/p>\n<p><\/p>\n<p>\nDette sofabord er ogs\u00e5 d\u00e6kket af en 12-m\u00e5neders garanti. Dette g\u00f8r det muligt for dig at k\u00f8be med tillid og ro i sindet, idet du ved, at du er d\u00e6kket, hvis der skulle opst\u00e5 problemer.\n<\/p>\n<p><\/p>\n<p>\nBem\u00e6rk venligst, at belysning ikke er inkluderet i denne pakke. Dette giver dig friheden til at v\u00e6lge og tilpasse dit eget lysarrangement, der passer bedst med dit hjem og din individuelle stil.\n<\/p>\n<p><\/p>\n<p>\nAlt i alt, Sofabord Eleganze er en n\u00f8gle til, hvad du har brug for for at give dit hjem et elegant touch, samtidig med at du skaber et funktionelt og behageligt stueomr\u00e5de.\n<\/p>\n<p><\/p>\n<p>Leveringstid: Leveringstid 1-2 uger<br \/>\nFarve: hvid<br \/>\nBelysning: ikke inkluderet<br \/>\nUdvendige dimensioner: 110x40x60 cm<br \/>\nMontage: skal samles<br \/>\nGaranti: 12 m\u00e5neder<br \/>\nFremstillet: i EU<br \/>\nFabrikant: LuxCasa<\/p>\n","protected":false},"excerpt":{"rendered":"<p>Velkommen til vores smukke Sofabord Eleganze, produceret af den velkendte LuxCasa. Dette elegante og sofistikerede sofabord er fremstillet lige her i EU, garanterer en kombination af sk\u00f8nhed og holdbarhed. Sofabord Eleganze kommer i en snehvid farve, der tilf\u00f8jer en f\u00f8lelse af renhed, enkelhed og ro til dit interi\u00f8r. Denne m\u00f8bel er ideel til moderne huse [&hellip;]<\/p>\n","protected":false},"featured_media":10305,"comment_status":"open","ping_status":"closed","template":"","meta":[],"product_brand":[],"product_cat":[131],"product_tag":[],"class_list":{"0":"post-10307","1":"product","2":"type-product","3":"status-publish","4":"has-post-thumbnail","6":"product_cat-coffee-tables","8":"first","9":"instock","10":"shipping-taxable","11":"purchasable","12":"product-type-simple"},"yoast_head":"<!-- This site is optimized with the Yoast SEO plugin v24.8.1 - https:\/\/yoast.com\/wordpress\/plugins\/seo\/ -->\n<title>Sofabord Eleganze - LASTCHANCE Deals | Danmark<\/title>\n<meta name=\"robots\" content=\"index, follow, max-snippet:-1, max-image-preview:large, max-video-preview:-1\" \/>\n<link rel=\"canonical\" href=\"https:\/\/last-chance.dk\/?product=sofabord-eleganze\" \/>\n<meta property=\"og:locale\" content=\"da_DK\" \/>\n<meta property=\"og:type\" content=\"article\" \/>\n<meta property=\"og:title\" content=\"Sofabord Eleganze - LASTCHANCE Deals | Danmark\" \/>\n<meta property=\"og:description\" content=\"Velkommen til vores smukke Sofabord Eleganze, produceret af den velkendte LuxCasa. Dette elegante og sofistikerede sofabord er fremstillet lige her i EU, garanterer en kombination af sk\u00f8nhed og holdbarhed. Sofabord Eleganze kommer i en snehvid farve, der tilf\u00f8jer en f\u00f8lelse af renhed, enkelhed og ro til dit interi\u00f8r. Denne m\u00f8bel er ideel til moderne huse [&hellip;]\" \/>\n<meta property=\"og:url\" content=\"https:\/\/last-chance.dk\/?product=sofabord-eleganze\" \/>\n<meta property=\"og:site_name\" content=\"LASTCHANCE Deals | Danmark\" \/>\n<meta property=\"article:modified_time\" content=\"2025-10-13T12:03:22+00:00\" \/>\n<meta property=\"og:image\" content=\"https:\/\/last-chance.dk\/wp-content\/uploads\/2024\/02\/5907763644609_08_1-scaled.jpg\" \/>\n\t<meta property=\"og:image:width\" content=\"2560\" \/>\n\t<meta property=\"og:image:height\" content=\"1884\" \/>\n\t<meta property=\"og:image:type\" content=\"image\/jpeg\" \/>\n<meta name=\"twitter:card\" content=\"summary_large_image\" \/>\n<meta name=\"twitter:label1\" content=\"Estimeret l\u00e6setid\" \/>\n\t<meta name=\"twitter:data1\" content=\"1 minut\" \/>\n<script type=\"application\/ld+json\" class=\"yoast-schema-graph\">{\"@context\":\"https:\/\/schema.org\",\"@graph\":[{\"@type\":\"WebPage\",\"@id\":\"https:\/\/last-chance.dk\/?product=sofabord-eleganze\",\"url\":\"https:\/\/last-chance.dk\/?product=sofabord-eleganze\",\"name\":\"Sofabord Eleganze - LASTCHANCE Deals | Danmark\",\"isPartOf\":{\"@id\":\"https:\/\/last-chance.dk\/#website\"},\"primaryImageOfPage\":{\"@id\":\"https:\/\/last-chance.dk\/?product=sofabord-eleganze#primaryimage\"},\"image\":{\"@id\":\"https:\/\/last-chance.dk\/?product=sofabord-eleganze#primaryimage\"},\"thumbnailUrl\":\"https:\/\/last-chance.dk\/wp-content\/uploads\/2024\/02\/5907763644609_08_1-scaled.jpg\",\"datePublished\":\"2024-02-02T16:24:39+00:00\",\"dateModified\":\"2025-10-13T12:03:22+00:00\",\"breadcrumb\":{\"@id\":\"https:\/\/last-chance.dk\/?product=sofabord-eleganze#breadcrumb\"},\"inLanguage\":\"da-DK\",\"potentialAction\":[{\"@type\":\"ReadAction\",\"target\":[\"https:\/\/last-chance.dk\/?product=sofabord-eleganze\"]}]},{\"@type\":\"ImageObject\",\"inLanguage\":\"da-DK\",\"@id\":\"https:\/\/last-chance.dk\/?product=sofabord-eleganze#primaryimage\",\"url\":\"https:\/\/last-chance.dk\/wp-content\/uploads\/2024\/02\/5907763644609_08_1-scaled.jpg\",\"contentUrl\":\"https:\/\/last-chance.dk\/wp-content\/uploads\/2024\/02\/5907763644609_08_1-scaled.jpg\",\"width\":2560,\"height\":1884},{\"@type\":\"BreadcrumbList\",\"@id\":\"https:\/\/last-chance.dk\/?product=sofabord-eleganze#breadcrumb\",\"itemListElement\":[{\"@type\":\"ListItem\",\"position\":1,\"name\":\"Home\",\"item\":\"https:\/\/last-chance.dk\/\"},{\"@type\":\"ListItem\",\"position\":2,\"name\":\"Sofabord Eleganze\"}]},{\"@type\":\"WebSite\",\"@id\":\"https:\/\/last-chance.dk\/#website\",\"url\":\"https:\/\/last-chance.dk\/\",\"name\":\"LASTCHANCE Deals | Danmark\",\"description\":\"LASTCHANCE Deals | Danmark\",\"publisher\":{\"@id\":\"https:\/\/last-chance.dk\/#organization\"},\"potentialAction\":[{\"@type\":\"SearchAction\",\"target\":{\"@type\":\"EntryPoint\",\"urlTemplate\":\"https:\/\/last-chance.dk\/?s={search_term_string}\"},\"query-input\":{\"@type\":\"PropertyValueSpecification\",\"valueRequired\":true,\"valueName\":\"search_term_string\"}}],\"inLanguage\":\"da-DK\"},{\"@type\":\"Organization\",\"@id\":\"https:\/\/last-chance.dk\/#organization\",\"name\":\"LASTCHANCE Deals | Danmark\",\"url\":\"https:\/\/last-chance.dk\/\",\"logo\":{\"@type\":\"ImageObject\",\"inLanguage\":\"da-DK\",\"@id\":\"https:\/\/last-chance.dk\/#\/schema\/logo\/image\/\",\"url\":\"https:\/\/last-chance.dk\/wp-content\/uploads\/2023\/10\/lastchancedeals_logo_dk_white.png\",\"contentUrl\":\"https:\/\/last-chance.dk\/wp-content\/uploads\/2023\/10\/lastchancedeals_logo_dk_white.png\",\"width\":470,\"height\":110,\"caption\":\"LASTCHANCE Deals | Danmark\"},\"image\":{\"@id\":\"https:\/\/last-chance.dk\/#\/schema\/logo\/image\/\"}}]}<\/script>\n<!-- \/ Yoast SEO plugin. -->","yoast_head_json":{"title":"Sofabord Eleganze - LASTCHANCE Deals | Danmark","robots":{"index":"index","follow":"follow","max-snippet":"max-snippet:-1","max-image-preview":"max-image-preview:large","max-video-preview":"max-video-preview:-1"},"canonical":"https:\/\/last-chance.dk\/?product=sofabord-eleganze","og_locale":"da_DK","og_type":"article","og_title":"Sofabord Eleganze - LASTCHANCE Deals | Danmark","og_description":"Velkommen til vores smukke Sofabord Eleganze, produceret af den velkendte LuxCasa. Dette elegante og sofistikerede sofabord er fremstillet lige her i EU, garanterer en kombination af sk\u00f8nhed og holdbarhed. Sofabord Eleganze kommer i en snehvid farve, der tilf\u00f8jer en f\u00f8lelse af renhed, enkelhed og ro til dit interi\u00f8r. Denne m\u00f8bel er ideel til moderne huse [&hellip;]","og_url":"https:\/\/last-chance.dk\/?product=sofabord-eleganze","og_site_name":"LASTCHANCE Deals | Danmark","article_modified_time":"2025-10-13T12:03:22+00:00","og_image":[{"width":2560,"height":1884,"url":"https:\/\/last-chance.dk\/wp-content\/uploads\/2024\/02\/5907763644609_08_1-scaled.jpg","type":"image\/jpeg"}],"twitter_card":"summary_large_image","twitter_misc":{"Estimeret l\u00e6setid":"1 minut"},"schema":{"@context":"https:\/\/schema.org","@graph":[{"@type":"WebPage","@id":"https:\/\/last-chance.dk\/?product=sofabord-eleganze","url":"https:\/\/last-chance.dk\/?product=sofabord-eleganze","name":"Sofabord Eleganze - LASTCHANCE Deals | Danmark","isPartOf":{"@id":"https:\/\/last-chance.dk\/#website"},"primaryImageOfPage":{"@id":"https:\/\/last-chance.dk\/?product=sofabord-eleganze#primaryimage"},"image":{"@id":"https:\/\/last-chance.dk\/?product=sofabord-eleganze#primaryimage"},"thumbnailUrl":"https:\/\/last-chance.dk\/wp-content\/uploads\/2024\/02\/5907763644609_08_1-scaled.jpg","datePublished":"2024-02-02T16:24:39+00:00","dateModified":"2025-10-13T12:03:22+00:00","breadcrumb":{"@id":"https:\/\/last-chance.dk\/?product=sofabord-eleganze#breadcrumb"},"inLanguage":"da-DK","potentialAction":[{"@type":"ReadAction","target":["https:\/\/last-chance.dk\/?product=sofabord-eleganze"]}]},{"@type":"ImageObject","inLanguage":"da-DK","@id":"https:\/\/last-chance.dk\/?product=sofabord-eleganze#primaryimage","url":"https:\/\/last-chance.dk\/wp-content\/uploads\/2024\/02\/5907763644609_08_1-scaled.jpg","contentUrl":"https:\/\/last-chance.dk\/wp-content\/uploads\/2024\/02\/5907763644609_08_1-scaled.jpg","width":2560,"height":1884},{"@type":"BreadcrumbList","@id":"https:\/\/last-chance.dk\/?product=sofabord-eleganze#breadcrumb","itemListElement":[{"@type":"ListItem","position":1,"name":"Home","item":"https:\/\/last-chance.dk\/"},{"@type":"ListItem","position":2,"name":"Sofabord Eleganze"}]},{"@type":"WebSite","@id":"https:\/\/last-chance.dk\/#website","url":"https:\/\/last-chance.dk\/","name":"LASTCHANCE Deals | Danmark","description":"LASTCHANCE Deals | Danmark","publisher":{"@id":"https:\/\/last-chance.dk\/#organization"},"potentialAction":[{"@type":"SearchAction","target":{"@type":"EntryPoint","urlTemplate":"https:\/\/last-chance.dk\/?s={search_term_string}"},"query-input":{"@type":"PropertyValueSpecification","valueRequired":true,"valueName":"search_term_string"}}],"inLanguage":"da-DK"},{"@type":"Organization","@id":"https:\/\/last-chance.dk\/#organization","name":"LASTCHANCE Deals | Danmark","url":"https:\/\/last-chance.dk\/","logo":{"@type":"ImageObject","inLanguage":"da-DK","@id":"https:\/\/last-chance.dk\/#\/schema\/logo\/image\/","url":"https:\/\/last-chance.dk\/wp-content\/uploads\/2023\/10\/lastchancedeals_logo_dk_white.png","contentUrl":"https:\/\/last-chance.dk\/wp-content\/uploads\/2023\/10\/lastchancedeals_logo_dk_white.png","width":470,"height":110,"caption":"LASTCHANCE Deals | Danmark"},"image":{"@id":"https:\/\/last-chance.dk\/#\/schema\/logo\/image\/"}}]}},"_links":{"self":[{"href":"https:\/\/last-chance.dk\/index.php?rest_route=\/wp\/v2\/product\/10307","targetHints":{"allow":["GET"]}}],"collection":[{"href":"https:\/\/last-chance.dk\/index.php?rest_route=\/wp\/v2\/product"}],"about":[{"href":"https:\/\/last-chance.dk\/index.php?rest_route=\/wp\/v2\/types\/product"}],"replies":[{"embeddable":true,"href":"https:\/\/last-chance.dk\/index.php?rest_route=%2Fwp%2Fv2%2Fcomments&post=10307"}],"wp:featuredmedia":[{"embeddable":true,"href":"https:\/\/last-chance.dk\/index.php?rest_route=\/wp\/v2\/media\/10305"}],"wp:attachment":[{"href":"https:\/\/last-chance.dk\/index.php?rest_route=%2Fwp%2Fv2%2Fmedia&parent=10307"}],"wp:term":[{"taxonomy":"product_brand","embeddable":true,"href":"https:\/\/last-chance.dk\/index.php?rest_route=%2Fwp%2Fv2%2Fproduct_brand&post=10307"},{"taxonomy":"product_cat","embeddable":true,"href":"https:\/\/last-chance.dk\/index.php?rest_route=%2Fwp%2Fv2%2Fproduct_cat&post=10307"},{"taxonomy":"product_tag","embeddable":true,"href":"https:\/\/last-chance.dk\/index.php?rest_route=%2Fwp%2Fv2%2Fproduct_tag&post=10307"}],"curies":[{"name":"wp","href":"https:\/\/api.w.org\/{rel}","templated":true}]}}