{"id":10313,"date":"2024-02-02T16:25:13","date_gmt":"2024-02-02T16:25:13","guid":{"rendered":"https:\/\/www.lastchance.deals\/dk\/produkt\/sofabord-eleganto\/"},"modified":"2025-09-19T18:34:05","modified_gmt":"2025-09-19T18:34:05","slug":"sofabord-eleganto","status":"publish","type":"product","link":"https:\/\/last-chance.dk\/?product=sofabord-eleganto","title":{"rendered":"Sofabord Eleganto"},"content":{"rendered":"<p>Dette er det stilfulde og elegante <strong>Sofabord Eleganto<\/strong> fra LuxCasa, fremstillet i EU. Med sine finurlige og moderne designelementer, bringer dette sofabord b\u00e5de funktionalitet og stil ind i ethvert hjem. <\/p>\n<p><\/p>\n<p>Sofabordet m\u00e5ler 100x37x60 cm i ydre dimensioner, hvilket g\u00f8r det til den perfekte st\u00f8rrelse til at passe ind i ethvert rum, samtidig med at det stadig tilbyder masser af plads til at opbevare dine ting. Sofabordets letv\u00e6gtsdesign g\u00f8r det enkelt at flytte rundt efter behov. <\/p>\n<p><\/p>\n<p>Montage: Sofabordet skal samles, men du vil opdage, at processen er enkel og ligetil. Brug en eftermiddag p\u00e5 at s\u00e6tte det sammen, og du kan snart nyde din nye tilf\u00f8jelse i stuen. <\/p>\n<p><\/p>\n<p>Garanti: Vi er overbevist om kvaliteten af vores produkter og tilbyder derfor 12 m\u00e5neders garanti p\u00e5 Sofabord Eleganto. Hvis du oplever nogen problemer med dit k\u00f8b inden for denne periode, er vi glade for at hj\u00e6lpe. Husk at belysning ikke er inkluderet. <\/p>\n<p><\/p>\n<p>Oplev sk\u00f8nheden og funktionaliteten i et sofabord designet til at passe ind i det moderne hjem. L\u00e6n dig tilbage, slap af og nyd Sofabord Eleganto fra LuxCasa. <\/p>\n<p><\/p>\n<p>Leveringstid: Leveringstid 1-2 uger<br \/>\nFarve: ikke angivet<br \/>\nBelysning: ikke inkluderet<br \/>\nUdvendige dimensioner: 100x37x60 cm<br \/>\nMontage: skal samles<br \/>\nGaranti: 12 m\u00e5neder<br \/>\nFremstillet: i EU<br \/>\nFabrikant: LuxCasa<\/p>\n","protected":false},"excerpt":{"rendered":"<p>Dette er det stilfulde og elegante Sofabord Eleganto fra LuxCasa, fremstillet i EU. Med sine finurlige og moderne designelementer, bringer dette sofabord b\u00e5de funktionalitet og stil ind i ethvert hjem. Sofabordet m\u00e5ler 100x37x60 cm i ydre dimensioner, hvilket g\u00f8r det til den perfekte st\u00f8rrelse til at passe ind i ethvert rum, samtidig med at det [&hellip;]<\/p>\n","protected":false},"featured_media":10311,"comment_status":"open","ping_status":"closed","template":"","meta":[],"product_brand":[],"product_cat":[131],"product_tag":[],"class_list":{"0":"post-10313","1":"product","2":"type-product","3":"status-publish","4":"has-post-thumbnail","6":"product_cat-coffee-tables","8":"first","9":"instock","10":"shipping-taxable","11":"purchasable","12":"product-type-simple"},"yoast_head":"<!-- This site is optimized with the Yoast SEO plugin v24.8.1 - https:\/\/yoast.com\/wordpress\/plugins\/seo\/ -->\n<title>Sofabord Eleganto - LASTCHANCE Deals | Danmark<\/title>\n<meta name=\"robots\" content=\"index, follow, max-snippet:-1, max-image-preview:large, max-video-preview:-1\" \/>\n<link rel=\"canonical\" href=\"https:\/\/last-chance.dk\/?product=sofabord-eleganto\" \/>\n<meta property=\"og:locale\" content=\"da_DK\" \/>\n<meta property=\"og:type\" content=\"article\" \/>\n<meta property=\"og:title\" content=\"Sofabord Eleganto - LASTCHANCE Deals | Danmark\" \/>\n<meta property=\"og:description\" content=\"Dette er det stilfulde og elegante Sofabord Eleganto fra LuxCasa, fremstillet i EU. Med sine finurlige og moderne designelementer, bringer dette sofabord b\u00e5de funktionalitet og stil ind i ethvert hjem. Sofabordet m\u00e5ler 100x37x60 cm i ydre dimensioner, hvilket g\u00f8r det til den perfekte st\u00f8rrelse til at passe ind i ethvert rum, samtidig med at det [&hellip;]\" \/>\n<meta property=\"og:url\" content=\"https:\/\/last-chance.dk\/?product=sofabord-eleganto\" \/>\n<meta property=\"og:site_name\" content=\"LASTCHANCE Deals | Danmark\" \/>\n<meta property=\"article:modified_time\" content=\"2025-09-19T18:34:05+00:00\" \/>\n<meta property=\"og:image\" content=\"https:\/\/last-chance.dk\/wp-content\/uploads\/2024\/02\/5907763647303_08_1.jpg\" \/>\n\t<meta property=\"og:image:width\" content=\"2000\" \/>\n\t<meta property=\"og:image:height\" content=\"1262\" \/>\n\t<meta property=\"og:image:type\" content=\"image\/jpeg\" \/>\n<meta name=\"twitter:card\" content=\"summary_large_image\" \/>\n<meta name=\"twitter:label1\" content=\"Estimeret l\u00e6setid\" \/>\n\t<meta name=\"twitter:data1\" content=\"1 minut\" \/>\n<script type=\"application\/ld+json\" class=\"yoast-schema-graph\">{\"@context\":\"https:\/\/schema.org\",\"@graph\":[{\"@type\":\"WebPage\",\"@id\":\"https:\/\/last-chance.dk\/?product=sofabord-eleganto\",\"url\":\"https:\/\/last-chance.dk\/?product=sofabord-eleganto\",\"name\":\"Sofabord Eleganto - LASTCHANCE Deals | Danmark\",\"isPartOf\":{\"@id\":\"https:\/\/last-chance.dk\/#website\"},\"primaryImageOfPage\":{\"@id\":\"https:\/\/last-chance.dk\/?product=sofabord-eleganto#primaryimage\"},\"image\":{\"@id\":\"https:\/\/last-chance.dk\/?product=sofabord-eleganto#primaryimage\"},\"thumbnailUrl\":\"https:\/\/last-chance.dk\/wp-content\/uploads\/2024\/02\/5907763647303_08_1.jpg\",\"datePublished\":\"2024-02-02T16:25:13+00:00\",\"dateModified\":\"2025-09-19T18:34:05+00:00\",\"breadcrumb\":{\"@id\":\"https:\/\/last-chance.dk\/?product=sofabord-eleganto#breadcrumb\"},\"inLanguage\":\"da-DK\",\"potentialAction\":[{\"@type\":\"ReadAction\",\"target\":[\"https:\/\/last-chance.dk\/?product=sofabord-eleganto\"]}]},{\"@type\":\"ImageObject\",\"inLanguage\":\"da-DK\",\"@id\":\"https:\/\/last-chance.dk\/?product=sofabord-eleganto#primaryimage\",\"url\":\"https:\/\/last-chance.dk\/wp-content\/uploads\/2024\/02\/5907763647303_08_1.jpg\",\"contentUrl\":\"https:\/\/last-chance.dk\/wp-content\/uploads\/2024\/02\/5907763647303_08_1.jpg\",\"width\":2000,\"height\":1262},{\"@type\":\"BreadcrumbList\",\"@id\":\"https:\/\/last-chance.dk\/?product=sofabord-eleganto#breadcrumb\",\"itemListElement\":[{\"@type\":\"ListItem\",\"position\":1,\"name\":\"Home\",\"item\":\"https:\/\/last-chance.dk\/\"},{\"@type\":\"ListItem\",\"position\":2,\"name\":\"Sofabord Eleganto\"}]},{\"@type\":\"WebSite\",\"@id\":\"https:\/\/last-chance.dk\/#website\",\"url\":\"https:\/\/last-chance.dk\/\",\"name\":\"LASTCHANCE Deals | Danmark\",\"description\":\"LASTCHANCE Deals | Danmark\",\"publisher\":{\"@id\":\"https:\/\/last-chance.dk\/#organization\"},\"potentialAction\":[{\"@type\":\"SearchAction\",\"target\":{\"@type\":\"EntryPoint\",\"urlTemplate\":\"https:\/\/last-chance.dk\/?s={search_term_string}\"},\"query-input\":{\"@type\":\"PropertyValueSpecification\",\"valueRequired\":true,\"valueName\":\"search_term_string\"}}],\"inLanguage\":\"da-DK\"},{\"@type\":\"Organization\",\"@id\":\"https:\/\/last-chance.dk\/#organization\",\"name\":\"LASTCHANCE Deals | Danmark\",\"url\":\"https:\/\/last-chance.dk\/\",\"logo\":{\"@type\":\"ImageObject\",\"inLanguage\":\"da-DK\",\"@id\":\"https:\/\/last-chance.dk\/#\/schema\/logo\/image\/\",\"url\":\"https:\/\/last-chance.dk\/wp-content\/uploads\/2023\/10\/lastchancedeals_logo_dk_white.png\",\"contentUrl\":\"https:\/\/last-chance.dk\/wp-content\/uploads\/2023\/10\/lastchancedeals_logo_dk_white.png\",\"width\":470,\"height\":110,\"caption\":\"LASTCHANCE Deals | Danmark\"},\"image\":{\"@id\":\"https:\/\/last-chance.dk\/#\/schema\/logo\/image\/\"}}]}<\/script>\n<!-- \/ Yoast SEO plugin. -->","yoast_head_json":{"title":"Sofabord Eleganto - LASTCHANCE Deals | Danmark","robots":{"index":"index","follow":"follow","max-snippet":"max-snippet:-1","max-image-preview":"max-image-preview:large","max-video-preview":"max-video-preview:-1"},"canonical":"https:\/\/last-chance.dk\/?product=sofabord-eleganto","og_locale":"da_DK","og_type":"article","og_title":"Sofabord Eleganto - LASTCHANCE Deals | Danmark","og_description":"Dette er det stilfulde og elegante Sofabord Eleganto fra LuxCasa, fremstillet i EU. Med sine finurlige og moderne designelementer, bringer dette sofabord b\u00e5de funktionalitet og stil ind i ethvert hjem. Sofabordet m\u00e5ler 100x37x60 cm i ydre dimensioner, hvilket g\u00f8r det til den perfekte st\u00f8rrelse til at passe ind i ethvert rum, samtidig med at det [&hellip;]","og_url":"https:\/\/last-chance.dk\/?product=sofabord-eleganto","og_site_name":"LASTCHANCE Deals | Danmark","article_modified_time":"2025-09-19T18:34:05+00:00","og_image":[{"width":2000,"height":1262,"url":"https:\/\/last-chance.dk\/wp-content\/uploads\/2024\/02\/5907763647303_08_1.jpg","type":"image\/jpeg"}],"twitter_card":"summary_large_image","twitter_misc":{"Estimeret l\u00e6setid":"1 minut"},"schema":{"@context":"https:\/\/schema.org","@graph":[{"@type":"WebPage","@id":"https:\/\/last-chance.dk\/?product=sofabord-eleganto","url":"https:\/\/last-chance.dk\/?product=sofabord-eleganto","name":"Sofabord Eleganto - LASTCHANCE Deals | Danmark","isPartOf":{"@id":"https:\/\/last-chance.dk\/#website"},"primaryImageOfPage":{"@id":"https:\/\/last-chance.dk\/?product=sofabord-eleganto#primaryimage"},"image":{"@id":"https:\/\/last-chance.dk\/?product=sofabord-eleganto#primaryimage"},"thumbnailUrl":"https:\/\/last-chance.dk\/wp-content\/uploads\/2024\/02\/5907763647303_08_1.jpg","datePublished":"2024-02-02T16:25:13+00:00","dateModified":"2025-09-19T18:34:05+00:00","breadcrumb":{"@id":"https:\/\/last-chance.dk\/?product=sofabord-eleganto#breadcrumb"},"inLanguage":"da-DK","potentialAction":[{"@type":"ReadAction","target":["https:\/\/last-chance.dk\/?product=sofabord-eleganto"]}]},{"@type":"ImageObject","inLanguage":"da-DK","@id":"https:\/\/last-chance.dk\/?product=sofabord-eleganto#primaryimage","url":"https:\/\/last-chance.dk\/wp-content\/uploads\/2024\/02\/5907763647303_08_1.jpg","contentUrl":"https:\/\/last-chance.dk\/wp-content\/uploads\/2024\/02\/5907763647303_08_1.jpg","width":2000,"height":1262},{"@type":"BreadcrumbList","@id":"https:\/\/last-chance.dk\/?product=sofabord-eleganto#breadcrumb","itemListElement":[{"@type":"ListItem","position":1,"name":"Home","item":"https:\/\/last-chance.dk\/"},{"@type":"ListItem","position":2,"name":"Sofabord Eleganto"}]},{"@type":"WebSite","@id":"https:\/\/last-chance.dk\/#website","url":"https:\/\/last-chance.dk\/","name":"LASTCHANCE Deals | Danmark","description":"LASTCHANCE Deals | Danmark","publisher":{"@id":"https:\/\/last-chance.dk\/#organization"},"potentialAction":[{"@type":"SearchAction","target":{"@type":"EntryPoint","urlTemplate":"https:\/\/last-chance.dk\/?s={search_term_string}"},"query-input":{"@type":"PropertyValueSpecification","valueRequired":true,"valueName":"search_term_string"}}],"inLanguage":"da-DK"},{"@type":"Organization","@id":"https:\/\/last-chance.dk\/#organization","name":"LASTCHANCE Deals | Danmark","url":"https:\/\/last-chance.dk\/","logo":{"@type":"ImageObject","inLanguage":"da-DK","@id":"https:\/\/last-chance.dk\/#\/schema\/logo\/image\/","url":"https:\/\/last-chance.dk\/wp-content\/uploads\/2023\/10\/lastchancedeals_logo_dk_white.png","contentUrl":"https:\/\/last-chance.dk\/wp-content\/uploads\/2023\/10\/lastchancedeals_logo_dk_white.png","width":470,"height":110,"caption":"LASTCHANCE Deals | Danmark"},"image":{"@id":"https:\/\/last-chance.dk\/#\/schema\/logo\/image\/"}}]}},"_links":{"self":[{"href":"https:\/\/last-chance.dk\/index.php?rest_route=\/wp\/v2\/product\/10313","targetHints":{"allow":["GET"]}}],"collection":[{"href":"https:\/\/last-chance.dk\/index.php?rest_route=\/wp\/v2\/product"}],"about":[{"href":"https:\/\/last-chance.dk\/index.php?rest_route=\/wp\/v2\/types\/product"}],"replies":[{"embeddable":true,"href":"https:\/\/last-chance.dk\/index.php?rest_route=%2Fwp%2Fv2%2Fcomments&post=10313"}],"wp:featuredmedia":[{"embeddable":true,"href":"https:\/\/last-chance.dk\/index.php?rest_route=\/wp\/v2\/media\/10311"}],"wp:attachment":[{"href":"https:\/\/last-chance.dk\/index.php?rest_route=%2Fwp%2Fv2%2Fmedia&parent=10313"}],"wp:term":[{"taxonomy":"product_brand","embeddable":true,"href":"https:\/\/last-chance.dk\/index.php?rest_route=%2Fwp%2Fv2%2Fproduct_brand&post=10313"},{"taxonomy":"product_cat","embeddable":true,"href":"https:\/\/last-chance.dk\/index.php?rest_route=%2Fwp%2Fv2%2Fproduct_cat&post=10313"},{"taxonomy":"product_tag","embeddable":true,"href":"https:\/\/last-chance.dk\/index.php?rest_route=%2Fwp%2Fv2%2Fproduct_tag&post=10313"}],"curies":[{"name":"wp","href":"https:\/\/api.w.org\/{rel}","templated":true}]}}