{"id":10462,"date":"2024-02-02T16:55:16","date_gmt":"2024-02-02T16:55:16","guid":{"rendered":"https:\/\/www.lastchance.deals\/dk\/produkt\/tv-bord-arteca\/"},"modified":"2025-09-19T18:51:51","modified_gmt":"2025-09-19T18:51:51","slug":"tv-bord-arteca","status":"publish","type":"product","link":"https:\/\/last-chance.dk\/?product=tv-bord-arteca","title":{"rendered":"TV-bord Arteca"},"content":{"rendered":"<p>Dette elegante TV-bord Arteca fra LuxCasa er designet i en moderne stil der tilf\u00f8rer et sofistikeret touch til din stue. Det er lavet af h\u00f8j kvalitetsmaterialer i EU, og vil v\u00e6re en mangfoldig tilf\u00f8jelse til ethvert hjem.<\/p>\n<p><\/p>\n<p>TV-boardet kommer i en flot hvid farve, der passer ind i ethvert moderne interi\u00f8r. Bem\u00e6rk at belysning ikke er inkluderet, hvilket giver dig mulighed for at tilf\u00f8je din egen personlige belysning for at skabe den perfekte atmosf\u00e6re i dit rum.<\/p>\n<p><\/p>\n<p>TV-bordets udvendige dimensioner er 140x36x40 cm, hvilket g\u00f8r det ideelt til stuer af enhver st\u00f8rrelse. Det leveres usamlet, s\u00e5 en smule montage er p\u00e5kr\u00e6vet. Men bare rolig, det er en enkel proces, og du vil hurtigt kunne nyde din nye m\u00f8bel.<\/p>\n<p><\/p>\n<p>Vi er stolte over at kunne tilbyde en 12 m\u00e5neders garanti p\u00e5 dette TV-bord, s\u00e5 du kan k\u00f8be med fuld tillid. Lavet med omhu og overlegen h\u00e5ndv\u00e6rk, er dette TV-bord Arteca fra LuxCasa sikker p\u00e5 at blive et centralt element i dit interi\u00f8r.<\/p>\n<p><\/p>\n<p>Leveringstid: Leveringstid 1-2 uger<br \/>\nFarve: hvid<br \/>\nBelysning: ikke inkluderet<br \/>\nUdvendige dimensioner: 140x36x40 cm<br \/>\nMontage: skal samles<br \/>\nGaranti: 12 m\u00e5neder<br \/>\nFremstillet: i EU<br \/>\nFabrikant: LuxCasa<\/p>\n","protected":false},"excerpt":{"rendered":"<p>Dette elegante TV-bord Arteca fra LuxCasa er designet i en moderne stil der tilf\u00f8rer et sofistikeret touch til din stue. Det er lavet af h\u00f8j kvalitetsmaterialer i EU, og vil v\u00e6re en mangfoldig tilf\u00f8jelse til ethvert hjem. TV-boardet kommer i en flot hvid farve, der passer ind i ethvert moderne interi\u00f8r. Bem\u00e6rk at belysning ikke [&hellip;]<\/p>\n","protected":false},"featured_media":10461,"comment_status":"open","ping_status":"closed","template":"","meta":[],"product_brand":[],"product_cat":[152],"product_tag":[],"class_list":{"0":"post-10462","1":"product","2":"type-product","3":"status-publish","4":"has-post-thumbnail","6":"product_cat-tv-stands","8":"first","9":"instock","10":"shipping-taxable","11":"purchasable","12":"product-type-simple"},"yoast_head":"<!-- This site is optimized with the Yoast SEO plugin v24.8.1 - https:\/\/yoast.com\/wordpress\/plugins\/seo\/ -->\n<title>TV-bord Arteca - LASTCHANCE Deals | Danmark<\/title>\n<meta name=\"robots\" content=\"index, follow, max-snippet:-1, max-image-preview:large, max-video-preview:-1\" \/>\n<link rel=\"canonical\" href=\"https:\/\/last-chance.dk\/?product=tv-bord-arteca\" \/>\n<meta property=\"og:locale\" content=\"da_DK\" \/>\n<meta property=\"og:type\" content=\"article\" \/>\n<meta property=\"og:title\" content=\"TV-bord Arteca - LASTCHANCE Deals | Danmark\" \/>\n<meta property=\"og:description\" content=\"Dette elegante TV-bord Arteca fra LuxCasa er designet i en moderne stil der tilf\u00f8rer et sofistikeret touch til din stue. Det er lavet af h\u00f8j kvalitetsmaterialer i EU, og vil v\u00e6re en mangfoldig tilf\u00f8jelse til ethvert hjem. TV-boardet kommer i en flot hvid farve, der passer ind i ethvert moderne interi\u00f8r. Bem\u00e6rk at belysning ikke [&hellip;]\" \/>\n<meta property=\"og:url\" content=\"https:\/\/last-chance.dk\/?product=tv-bord-arteca\" \/>\n<meta property=\"og:site_name\" content=\"LASTCHANCE Deals | Danmark\" \/>\n<meta property=\"article:modified_time\" content=\"2025-09-19T18:51:51+00:00\" \/>\n<meta property=\"og:image\" content=\"https:\/\/last-chance.dk\/wp-content\/uploads\/2024\/02\/1_2_35-scaled.jpg\" \/>\n\t<meta property=\"og:image:width\" content=\"2560\" \/>\n\t<meta property=\"og:image:height\" content=\"1659\" \/>\n\t<meta property=\"og:image:type\" content=\"image\/jpeg\" \/>\n<meta name=\"twitter:card\" content=\"summary_large_image\" \/>\n<meta name=\"twitter:label1\" content=\"Estimeret l\u00e6setid\" \/>\n\t<meta name=\"twitter:data1\" content=\"1 minut\" \/>\n<script type=\"application\/ld+json\" class=\"yoast-schema-graph\">{\"@context\":\"https:\/\/schema.org\",\"@graph\":[{\"@type\":\"WebPage\",\"@id\":\"https:\/\/last-chance.dk\/?product=tv-bord-arteca\",\"url\":\"https:\/\/last-chance.dk\/?product=tv-bord-arteca\",\"name\":\"TV-bord Arteca - LASTCHANCE Deals | Danmark\",\"isPartOf\":{\"@id\":\"https:\/\/last-chance.dk\/#website\"},\"primaryImageOfPage\":{\"@id\":\"https:\/\/last-chance.dk\/?product=tv-bord-arteca#primaryimage\"},\"image\":{\"@id\":\"https:\/\/last-chance.dk\/?product=tv-bord-arteca#primaryimage\"},\"thumbnailUrl\":\"https:\/\/last-chance.dk\/wp-content\/uploads\/2024\/02\/1_2_35-scaled.jpg\",\"datePublished\":\"2024-02-02T16:55:16+00:00\",\"dateModified\":\"2025-09-19T18:51:51+00:00\",\"breadcrumb\":{\"@id\":\"https:\/\/last-chance.dk\/?product=tv-bord-arteca#breadcrumb\"},\"inLanguage\":\"da-DK\",\"potentialAction\":[{\"@type\":\"ReadAction\",\"target\":[\"https:\/\/last-chance.dk\/?product=tv-bord-arteca\"]}]},{\"@type\":\"ImageObject\",\"inLanguage\":\"da-DK\",\"@id\":\"https:\/\/last-chance.dk\/?product=tv-bord-arteca#primaryimage\",\"url\":\"https:\/\/last-chance.dk\/wp-content\/uploads\/2024\/02\/1_2_35-scaled.jpg\",\"contentUrl\":\"https:\/\/last-chance.dk\/wp-content\/uploads\/2024\/02\/1_2_35-scaled.jpg\",\"width\":2560,\"height\":1659},{\"@type\":\"BreadcrumbList\",\"@id\":\"https:\/\/last-chance.dk\/?product=tv-bord-arteca#breadcrumb\",\"itemListElement\":[{\"@type\":\"ListItem\",\"position\":1,\"name\":\"Home\",\"item\":\"https:\/\/last-chance.dk\/\"},{\"@type\":\"ListItem\",\"position\":2,\"name\":\"TV-bord Arteca\"}]},{\"@type\":\"WebSite\",\"@id\":\"https:\/\/last-chance.dk\/#website\",\"url\":\"https:\/\/last-chance.dk\/\",\"name\":\"LASTCHANCE Deals | Danmark\",\"description\":\"LASTCHANCE Deals | Danmark\",\"publisher\":{\"@id\":\"https:\/\/last-chance.dk\/#organization\"},\"potentialAction\":[{\"@type\":\"SearchAction\",\"target\":{\"@type\":\"EntryPoint\",\"urlTemplate\":\"https:\/\/last-chance.dk\/?s={search_term_string}\"},\"query-input\":{\"@type\":\"PropertyValueSpecification\",\"valueRequired\":true,\"valueName\":\"search_term_string\"}}],\"inLanguage\":\"da-DK\"},{\"@type\":\"Organization\",\"@id\":\"https:\/\/last-chance.dk\/#organization\",\"name\":\"LASTCHANCE Deals | Danmark\",\"url\":\"https:\/\/last-chance.dk\/\",\"logo\":{\"@type\":\"ImageObject\",\"inLanguage\":\"da-DK\",\"@id\":\"https:\/\/last-chance.dk\/#\/schema\/logo\/image\/\",\"url\":\"https:\/\/last-chance.dk\/wp-content\/uploads\/2023\/10\/lastchancedeals_logo_dk_white.png\",\"contentUrl\":\"https:\/\/last-chance.dk\/wp-content\/uploads\/2023\/10\/lastchancedeals_logo_dk_white.png\",\"width\":470,\"height\":110,\"caption\":\"LASTCHANCE Deals | Danmark\"},\"image\":{\"@id\":\"https:\/\/last-chance.dk\/#\/schema\/logo\/image\/\"}}]}<\/script>\n<!-- \/ Yoast SEO plugin. -->","yoast_head_json":{"title":"TV-bord Arteca - LASTCHANCE Deals | Danmark","robots":{"index":"index","follow":"follow","max-snippet":"max-snippet:-1","max-image-preview":"max-image-preview:large","max-video-preview":"max-video-preview:-1"},"canonical":"https:\/\/last-chance.dk\/?product=tv-bord-arteca","og_locale":"da_DK","og_type":"article","og_title":"TV-bord Arteca - LASTCHANCE Deals | Danmark","og_description":"Dette elegante TV-bord Arteca fra LuxCasa er designet i en moderne stil der tilf\u00f8rer et sofistikeret touch til din stue. Det er lavet af h\u00f8j kvalitetsmaterialer i EU, og vil v\u00e6re en mangfoldig tilf\u00f8jelse til ethvert hjem. TV-boardet kommer i en flot hvid farve, der passer ind i ethvert moderne interi\u00f8r. Bem\u00e6rk at belysning ikke [&hellip;]","og_url":"https:\/\/last-chance.dk\/?product=tv-bord-arteca","og_site_name":"LASTCHANCE Deals | Danmark","article_modified_time":"2025-09-19T18:51:51+00:00","og_image":[{"width":2560,"height":1659,"url":"https:\/\/last-chance.dk\/wp-content\/uploads\/2024\/02\/1_2_35-scaled.jpg","type":"image\/jpeg"}],"twitter_card":"summary_large_image","twitter_misc":{"Estimeret l\u00e6setid":"1 minut"},"schema":{"@context":"https:\/\/schema.org","@graph":[{"@type":"WebPage","@id":"https:\/\/last-chance.dk\/?product=tv-bord-arteca","url":"https:\/\/last-chance.dk\/?product=tv-bord-arteca","name":"TV-bord Arteca - LASTCHANCE Deals | Danmark","isPartOf":{"@id":"https:\/\/last-chance.dk\/#website"},"primaryImageOfPage":{"@id":"https:\/\/last-chance.dk\/?product=tv-bord-arteca#primaryimage"},"image":{"@id":"https:\/\/last-chance.dk\/?product=tv-bord-arteca#primaryimage"},"thumbnailUrl":"https:\/\/last-chance.dk\/wp-content\/uploads\/2024\/02\/1_2_35-scaled.jpg","datePublished":"2024-02-02T16:55:16+00:00","dateModified":"2025-09-19T18:51:51+00:00","breadcrumb":{"@id":"https:\/\/last-chance.dk\/?product=tv-bord-arteca#breadcrumb"},"inLanguage":"da-DK","potentialAction":[{"@type":"ReadAction","target":["https:\/\/last-chance.dk\/?product=tv-bord-arteca"]}]},{"@type":"ImageObject","inLanguage":"da-DK","@id":"https:\/\/last-chance.dk\/?product=tv-bord-arteca#primaryimage","url":"https:\/\/last-chance.dk\/wp-content\/uploads\/2024\/02\/1_2_35-scaled.jpg","contentUrl":"https:\/\/last-chance.dk\/wp-content\/uploads\/2024\/02\/1_2_35-scaled.jpg","width":2560,"height":1659},{"@type":"BreadcrumbList","@id":"https:\/\/last-chance.dk\/?product=tv-bord-arteca#breadcrumb","itemListElement":[{"@type":"ListItem","position":1,"name":"Home","item":"https:\/\/last-chance.dk\/"},{"@type":"ListItem","position":2,"name":"TV-bord Arteca"}]},{"@type":"WebSite","@id":"https:\/\/last-chance.dk\/#website","url":"https:\/\/last-chance.dk\/","name":"LASTCHANCE Deals | Danmark","description":"LASTCHANCE Deals | Danmark","publisher":{"@id":"https:\/\/last-chance.dk\/#organization"},"potentialAction":[{"@type":"SearchAction","target":{"@type":"EntryPoint","urlTemplate":"https:\/\/last-chance.dk\/?s={search_term_string}"},"query-input":{"@type":"PropertyValueSpecification","valueRequired":true,"valueName":"search_term_string"}}],"inLanguage":"da-DK"},{"@type":"Organization","@id":"https:\/\/last-chance.dk\/#organization","name":"LASTCHANCE Deals | Danmark","url":"https:\/\/last-chance.dk\/","logo":{"@type":"ImageObject","inLanguage":"da-DK","@id":"https:\/\/last-chance.dk\/#\/schema\/logo\/image\/","url":"https:\/\/last-chance.dk\/wp-content\/uploads\/2023\/10\/lastchancedeals_logo_dk_white.png","contentUrl":"https:\/\/last-chance.dk\/wp-content\/uploads\/2023\/10\/lastchancedeals_logo_dk_white.png","width":470,"height":110,"caption":"LASTCHANCE Deals | Danmark"},"image":{"@id":"https:\/\/last-chance.dk\/#\/schema\/logo\/image\/"}}]}},"_links":{"self":[{"href":"https:\/\/last-chance.dk\/index.php?rest_route=\/wp\/v2\/product\/10462","targetHints":{"allow":["GET"]}}],"collection":[{"href":"https:\/\/last-chance.dk\/index.php?rest_route=\/wp\/v2\/product"}],"about":[{"href":"https:\/\/last-chance.dk\/index.php?rest_route=\/wp\/v2\/types\/product"}],"replies":[{"embeddable":true,"href":"https:\/\/last-chance.dk\/index.php?rest_route=%2Fwp%2Fv2%2Fcomments&post=10462"}],"wp:featuredmedia":[{"embeddable":true,"href":"https:\/\/last-chance.dk\/index.php?rest_route=\/wp\/v2\/media\/10461"}],"wp:attachment":[{"href":"https:\/\/last-chance.dk\/index.php?rest_route=%2Fwp%2Fv2%2Fmedia&parent=10462"}],"wp:term":[{"taxonomy":"product_brand","embeddable":true,"href":"https:\/\/last-chance.dk\/index.php?rest_route=%2Fwp%2Fv2%2Fproduct_brand&post=10462"},{"taxonomy":"product_cat","embeddable":true,"href":"https:\/\/last-chance.dk\/index.php?rest_route=%2Fwp%2Fv2%2Fproduct_cat&post=10462"},{"taxonomy":"product_tag","embeddable":true,"href":"https:\/\/last-chance.dk\/index.php?rest_route=%2Fwp%2Fv2%2Fproduct_tag&post=10462"}],"curies":[{"name":"wp","href":"https:\/\/api.w.org\/{rel}","templated":true}]}}