{"id":10511,"date":"2024-02-02T17:05:16","date_gmt":"2024-02-02T17:05:16","guid":{"rendered":"https:\/\/www.lastchance.deals\/dk\/produkt\/tv-bord-venetia\/"},"modified":"2025-09-19T19:00:36","modified_gmt":"2025-09-19T19:00:36","slug":"tv-bord-venetia","status":"publish","type":"product","link":"https:\/\/last-chance.dk\/?product=tv-bord-venetia","title":{"rendered":"TV-bord Venetia"},"content":{"rendered":"<p>Dette elegante TV-bord &#8222;Venetia&#8223; fra LuxCasa vil tilf\u00f8je et strejf af stil til dit hjem. Den sorte farve er p\u00e5 en gang tidl\u00f8s og sofistikeret, og vil passe perfekt ind i enhver indretning.<\/p>\n<p><\/p>\n<p>Med sine udvendige dimensioner p\u00e5 160x35x40 cm, tilbyder dette TV-bord masser af plads til dit TV og dine enheder. Det er designet til at v\u00e6re b\u00e5de praktisk og \u00e6stetisk tiltalende, hvilket er en perfekt kombination for det moderne hjem. <\/p>\n<p><\/p>\n<p>TV-bordet &#8222;Venetia&#8223; leveres som et samles\u00e6t, s\u00e5 du kan nyde at skabe din egen m\u00f8beloplevelse. Det er ogs\u00e5 lavet i EU, s\u00e5 du kan stole p\u00e5 dens h\u00f8je kvalitet og holdbarhed. <\/p>\n<p><\/p>\n<p>Dette TV-bord er ikke kun godt udt\u00e6nkt, men ogs\u00e5 godt garanteret. Med en garanti p\u00e5 12 m\u00e5neder kan du f\u00f8le dig tryg ved dit k\u00f8b. Bem\u00e6rk venligst, at belysning ikke er inkluderet i denne model.<\/p>\n<p><\/p>\n<p>Alt i alt er TV-bordet &#8222;Venetia&#8223; et stilet, funktionelt og kvalitetsskabt, der vil g\u00f8re dit underholdningsomr\u00e5de komplet. Bestil dit i dag og oplev selv forskellen.<\/p>\n<p><\/p>\n<p>Leveringstid: Leveringstid 1-2 uger<br \/>\nFarve: sort<br \/>\nBelysning: ikke inkluderet<br \/>\nUdvendige dimensioner: 160x35x40 cm<br \/>\nMontage: skal samles<br \/>\nGaranti: 12 m\u00e5neder<br \/>\nFremstillet: i EU<br \/>\nFabrikant: LuxCasa<\/p>\n","protected":false},"excerpt":{"rendered":"<p>Dette elegante TV-bord &#8222;Venetia&#8223; fra LuxCasa vil tilf\u00f8je et strejf af stil til dit hjem. Den sorte farve er p\u00e5 en gang tidl\u00f8s og sofistikeret, og vil passe perfekt ind i enhver indretning. Med sine udvendige dimensioner p\u00e5 160x35x40 cm, tilbyder dette TV-bord masser af plads til dit TV og dine enheder. Det er designet [&hellip;]<\/p>\n","protected":false},"featured_media":10509,"comment_status":"open","ping_status":"closed","template":"","meta":[],"product_brand":[],"product_cat":[152],"product_tag":[],"class_list":{"0":"post-10511","1":"product","2":"type-product","3":"status-publish","4":"has-post-thumbnail","6":"product_cat-tv-stands","8":"first","9":"instock","10":"shipping-taxable","11":"purchasable","12":"product-type-simple"},"yoast_head":"<!-- This site is optimized with the Yoast SEO plugin v24.8.1 - https:\/\/yoast.com\/wordpress\/plugins\/seo\/ -->\n<title>TV-bord Venetia - LASTCHANCE Deals | Danmark<\/title>\n<meta name=\"robots\" content=\"index, follow, max-snippet:-1, max-image-preview:large, max-video-preview:-1\" \/>\n<link rel=\"canonical\" href=\"https:\/\/last-chance.dk\/?product=tv-bord-venetia\" \/>\n<meta property=\"og:locale\" content=\"da_DK\" \/>\n<meta property=\"og:type\" content=\"article\" \/>\n<meta property=\"og:title\" content=\"TV-bord Venetia - LASTCHANCE Deals | Danmark\" \/>\n<meta property=\"og:description\" content=\"Dette elegante TV-bord &#8222;Venetia&#8223; fra LuxCasa vil tilf\u00f8je et strejf af stil til dit hjem. Den sorte farve er p\u00e5 en gang tidl\u00f8s og sofistikeret, og vil passe perfekt ind i enhver indretning. Med sine udvendige dimensioner p\u00e5 160x35x40 cm, tilbyder dette TV-bord masser af plads til dit TV og dine enheder. Det er designet [&hellip;]\" \/>\n<meta property=\"og:url\" content=\"https:\/\/last-chance.dk\/?product=tv-bord-venetia\" \/>\n<meta property=\"og:site_name\" content=\"LASTCHANCE Deals | Danmark\" \/>\n<meta property=\"article:modified_time\" content=\"2025-09-19T19:00:36+00:00\" \/>\n<meta property=\"og:image\" content=\"https:\/\/last-chance.dk\/wp-content\/uploads\/2024\/02\/2_2_3_1-scaled.jpg\" \/>\n\t<meta property=\"og:image:width\" content=\"2560\" \/>\n\t<meta property=\"og:image:height\" content=\"1661\" \/>\n\t<meta property=\"og:image:type\" content=\"image\/jpeg\" \/>\n<meta name=\"twitter:card\" content=\"summary_large_image\" \/>\n<meta name=\"twitter:label1\" content=\"Estimeret l\u00e6setid\" \/>\n\t<meta name=\"twitter:data1\" content=\"1 minut\" \/>\n<script type=\"application\/ld+json\" class=\"yoast-schema-graph\">{\"@context\":\"https:\/\/schema.org\",\"@graph\":[{\"@type\":\"WebPage\",\"@id\":\"https:\/\/last-chance.dk\/?product=tv-bord-venetia\",\"url\":\"https:\/\/last-chance.dk\/?product=tv-bord-venetia\",\"name\":\"TV-bord Venetia - LASTCHANCE Deals | Danmark\",\"isPartOf\":{\"@id\":\"https:\/\/last-chance.dk\/#website\"},\"primaryImageOfPage\":{\"@id\":\"https:\/\/last-chance.dk\/?product=tv-bord-venetia#primaryimage\"},\"image\":{\"@id\":\"https:\/\/last-chance.dk\/?product=tv-bord-venetia#primaryimage\"},\"thumbnailUrl\":\"https:\/\/last-chance.dk\/wp-content\/uploads\/2024\/02\/2_2_3_1-scaled.jpg\",\"datePublished\":\"2024-02-02T17:05:16+00:00\",\"dateModified\":\"2025-09-19T19:00:36+00:00\",\"breadcrumb\":{\"@id\":\"https:\/\/last-chance.dk\/?product=tv-bord-venetia#breadcrumb\"},\"inLanguage\":\"da-DK\",\"potentialAction\":[{\"@type\":\"ReadAction\",\"target\":[\"https:\/\/last-chance.dk\/?product=tv-bord-venetia\"]}]},{\"@type\":\"ImageObject\",\"inLanguage\":\"da-DK\",\"@id\":\"https:\/\/last-chance.dk\/?product=tv-bord-venetia#primaryimage\",\"url\":\"https:\/\/last-chance.dk\/wp-content\/uploads\/2024\/02\/2_2_3_1-scaled.jpg\",\"contentUrl\":\"https:\/\/last-chance.dk\/wp-content\/uploads\/2024\/02\/2_2_3_1-scaled.jpg\",\"width\":2560,\"height\":1661},{\"@type\":\"BreadcrumbList\",\"@id\":\"https:\/\/last-chance.dk\/?product=tv-bord-venetia#breadcrumb\",\"itemListElement\":[{\"@type\":\"ListItem\",\"position\":1,\"name\":\"Home\",\"item\":\"https:\/\/last-chance.dk\/\"},{\"@type\":\"ListItem\",\"position\":2,\"name\":\"TV-bord Venetia\"}]},{\"@type\":\"WebSite\",\"@id\":\"https:\/\/last-chance.dk\/#website\",\"url\":\"https:\/\/last-chance.dk\/\",\"name\":\"LASTCHANCE Deals | Danmark\",\"description\":\"LASTCHANCE Deals | Danmark\",\"publisher\":{\"@id\":\"https:\/\/last-chance.dk\/#organization\"},\"potentialAction\":[{\"@type\":\"SearchAction\",\"target\":{\"@type\":\"EntryPoint\",\"urlTemplate\":\"https:\/\/last-chance.dk\/?s={search_term_string}\"},\"query-input\":{\"@type\":\"PropertyValueSpecification\",\"valueRequired\":true,\"valueName\":\"search_term_string\"}}],\"inLanguage\":\"da-DK\"},{\"@type\":\"Organization\",\"@id\":\"https:\/\/last-chance.dk\/#organization\",\"name\":\"LASTCHANCE Deals | Danmark\",\"url\":\"https:\/\/last-chance.dk\/\",\"logo\":{\"@type\":\"ImageObject\",\"inLanguage\":\"da-DK\",\"@id\":\"https:\/\/last-chance.dk\/#\/schema\/logo\/image\/\",\"url\":\"https:\/\/last-chance.dk\/wp-content\/uploads\/2023\/10\/lastchancedeals_logo_dk_white.png\",\"contentUrl\":\"https:\/\/last-chance.dk\/wp-content\/uploads\/2023\/10\/lastchancedeals_logo_dk_white.png\",\"width\":470,\"height\":110,\"caption\":\"LASTCHANCE Deals | Danmark\"},\"image\":{\"@id\":\"https:\/\/last-chance.dk\/#\/schema\/logo\/image\/\"}}]}<\/script>\n<!-- \/ Yoast SEO plugin. -->","yoast_head_json":{"title":"TV-bord Venetia - LASTCHANCE Deals | Danmark","robots":{"index":"index","follow":"follow","max-snippet":"max-snippet:-1","max-image-preview":"max-image-preview:large","max-video-preview":"max-video-preview:-1"},"canonical":"https:\/\/last-chance.dk\/?product=tv-bord-venetia","og_locale":"da_DK","og_type":"article","og_title":"TV-bord Venetia - LASTCHANCE Deals | Danmark","og_description":"Dette elegante TV-bord &#8222;Venetia&#8223; fra LuxCasa vil tilf\u00f8je et strejf af stil til dit hjem. Den sorte farve er p\u00e5 en gang tidl\u00f8s og sofistikeret, og vil passe perfekt ind i enhver indretning. Med sine udvendige dimensioner p\u00e5 160x35x40 cm, tilbyder dette TV-bord masser af plads til dit TV og dine enheder. Det er designet [&hellip;]","og_url":"https:\/\/last-chance.dk\/?product=tv-bord-venetia","og_site_name":"LASTCHANCE Deals | Danmark","article_modified_time":"2025-09-19T19:00:36+00:00","og_image":[{"width":2560,"height":1661,"url":"https:\/\/last-chance.dk\/wp-content\/uploads\/2024\/02\/2_2_3_1-scaled.jpg","type":"image\/jpeg"}],"twitter_card":"summary_large_image","twitter_misc":{"Estimeret l\u00e6setid":"1 minut"},"schema":{"@context":"https:\/\/schema.org","@graph":[{"@type":"WebPage","@id":"https:\/\/last-chance.dk\/?product=tv-bord-venetia","url":"https:\/\/last-chance.dk\/?product=tv-bord-venetia","name":"TV-bord Venetia - LASTCHANCE Deals | Danmark","isPartOf":{"@id":"https:\/\/last-chance.dk\/#website"},"primaryImageOfPage":{"@id":"https:\/\/last-chance.dk\/?product=tv-bord-venetia#primaryimage"},"image":{"@id":"https:\/\/last-chance.dk\/?product=tv-bord-venetia#primaryimage"},"thumbnailUrl":"https:\/\/last-chance.dk\/wp-content\/uploads\/2024\/02\/2_2_3_1-scaled.jpg","datePublished":"2024-02-02T17:05:16+00:00","dateModified":"2025-09-19T19:00:36+00:00","breadcrumb":{"@id":"https:\/\/last-chance.dk\/?product=tv-bord-venetia#breadcrumb"},"inLanguage":"da-DK","potentialAction":[{"@type":"ReadAction","target":["https:\/\/last-chance.dk\/?product=tv-bord-venetia"]}]},{"@type":"ImageObject","inLanguage":"da-DK","@id":"https:\/\/last-chance.dk\/?product=tv-bord-venetia#primaryimage","url":"https:\/\/last-chance.dk\/wp-content\/uploads\/2024\/02\/2_2_3_1-scaled.jpg","contentUrl":"https:\/\/last-chance.dk\/wp-content\/uploads\/2024\/02\/2_2_3_1-scaled.jpg","width":2560,"height":1661},{"@type":"BreadcrumbList","@id":"https:\/\/last-chance.dk\/?product=tv-bord-venetia#breadcrumb","itemListElement":[{"@type":"ListItem","position":1,"name":"Home","item":"https:\/\/last-chance.dk\/"},{"@type":"ListItem","position":2,"name":"TV-bord Venetia"}]},{"@type":"WebSite","@id":"https:\/\/last-chance.dk\/#website","url":"https:\/\/last-chance.dk\/","name":"LASTCHANCE Deals | Danmark","description":"LASTCHANCE Deals | Danmark","publisher":{"@id":"https:\/\/last-chance.dk\/#organization"},"potentialAction":[{"@type":"SearchAction","target":{"@type":"EntryPoint","urlTemplate":"https:\/\/last-chance.dk\/?s={search_term_string}"},"query-input":{"@type":"PropertyValueSpecification","valueRequired":true,"valueName":"search_term_string"}}],"inLanguage":"da-DK"},{"@type":"Organization","@id":"https:\/\/last-chance.dk\/#organization","name":"LASTCHANCE Deals | Danmark","url":"https:\/\/last-chance.dk\/","logo":{"@type":"ImageObject","inLanguage":"da-DK","@id":"https:\/\/last-chance.dk\/#\/schema\/logo\/image\/","url":"https:\/\/last-chance.dk\/wp-content\/uploads\/2023\/10\/lastchancedeals_logo_dk_white.png","contentUrl":"https:\/\/last-chance.dk\/wp-content\/uploads\/2023\/10\/lastchancedeals_logo_dk_white.png","width":470,"height":110,"caption":"LASTCHANCE Deals | Danmark"},"image":{"@id":"https:\/\/last-chance.dk\/#\/schema\/logo\/image\/"}}]}},"_links":{"self":[{"href":"https:\/\/last-chance.dk\/index.php?rest_route=\/wp\/v2\/product\/10511","targetHints":{"allow":["GET"]}}],"collection":[{"href":"https:\/\/last-chance.dk\/index.php?rest_route=\/wp\/v2\/product"}],"about":[{"href":"https:\/\/last-chance.dk\/index.php?rest_route=\/wp\/v2\/types\/product"}],"replies":[{"embeddable":true,"href":"https:\/\/last-chance.dk\/index.php?rest_route=%2Fwp%2Fv2%2Fcomments&post=10511"}],"wp:featuredmedia":[{"embeddable":true,"href":"https:\/\/last-chance.dk\/index.php?rest_route=\/wp\/v2\/media\/10509"}],"wp:attachment":[{"href":"https:\/\/last-chance.dk\/index.php?rest_route=%2Fwp%2Fv2%2Fmedia&parent=10511"}],"wp:term":[{"taxonomy":"product_brand","embeddable":true,"href":"https:\/\/last-chance.dk\/index.php?rest_route=%2Fwp%2Fv2%2Fproduct_brand&post=10511"},{"taxonomy":"product_cat","embeddable":true,"href":"https:\/\/last-chance.dk\/index.php?rest_route=%2Fwp%2Fv2%2Fproduct_cat&post=10511"},{"taxonomy":"product_tag","embeddable":true,"href":"https:\/\/last-chance.dk\/index.php?rest_route=%2Fwp%2Fv2%2Fproduct_tag&post=10511"}],"curies":[{"name":"wp","href":"https:\/\/api.w.org\/{rel}","templated":true}]}}