{"id":11455,"date":"2024-03-22T05:20:30","date_gmt":"2024-03-22T05:20:30","guid":{"rendered":"https:\/\/www.lastchance.deals\/dk\/produkt\/klapvogn-3-in-1-elmapram-montano\/"},"modified":"2025-09-19T18:00:20","modified_gmt":"2025-09-19T18:00:20","slug":"klapvogn-3-in-1-elmapram-montano","status":"publish","type":"product","link":"https:\/\/last-chance.dk\/?product=klapvogn-3-in-1-elmapram-montano","title":{"rendered":"Klapvogn 3-in-1 ElmaPram Montano"},"content":{"rendered":"<p>Montano 3-i-1 barnevognen er meget st\u00e6rk og let og lavet af slidst\u00e6rke materialer.<\/p>\n<p>Montano har drejelige forhjul og fire st\u00f8dd\u00e6mpere. Fjedrene g\u00f8r det nemt for for\u00e6ldre at skubbe klapvognen, og barnet er godt tilpas i klapvognen. Montano har bremser p\u00e5 alle fire hjul. Rygl\u00e6net kan indstilles til fire forskellige positioner, hvilket g\u00f8r, at babyen kan placeres i den \u00f8nskede position. Fodst\u00f8tten kan ogs\u00e5 justeres i fem forskellige positioner, og dens medf\u00f8lgende PVC-film holder st\u00f8tten ren. Barnevognene har sikkerhedsseler, og de kan indstilles i fem forskellige positioner.<\/p>\n<p>Bilhjelm<\/p>\n<p>Barnevogne kan bruges med barnevognsh\u00e6tten lige fra barnets f\u00f8dsel. H\u00e6tten er behageligt polstret, og solen bl\u00e6nder heller ikke, for den justerbare h\u00e6tte beskytter barnets \u00f8jne mod solen. Udover den store h\u00e6tte har h\u00e6tten et benbetr\u00e6k, der varmer den lille.<\/p>\n<p>Barnevognenes stoffer er nemme at t\u00f8rre af, hvis der opst\u00e5r skader. Barnevognene er s\u00e6rligt velegnede til finske vejrforhold, da stofferne afviser b\u00e5de vand og snavs. Den kommer med et regnslag, der beskytter klapvognen mod regn og sne.<\/p>\n<p>Sikkerhedskar<\/p>\n<p>Autostolen er automatisk inkluderet i bestillingen.<\/p>\n<p>Autostolen kan bruges fra f\u00f8dslen og har en 3-punkts sikkerhedssele. Sikkerhedsvuggen kan nemt fastg\u00f8res til stellet med de medf\u00f8lgende adaptere. Fastg\u00f8relse er mulig, mens barnet sover, da barnet ikke skal l\u00f8ftes separat ud af sikkerhedsvuggen.<\/p>\n<p>Montano-kombivognene er T\u00dcV-godkendte og har modtaget EN 1888:2012-certifikatet. Autostolen har et ECE R44\/04 certifikat.<\/p>\n<p>V\u00e6gt: 8,4 kg<\/p>\n<p>Bredde: 57 cm<\/p>\n<p>H\u00f8jde: 105 cm<\/p>\n<p>Justerbart belagt skubbeh\u00e5ndtag, h\u00f8jde fra jorden: 74-117 cm<\/p>\n<p>Vognens m\u00e5l (indvendig): 39x79x23 cm (B x L x H)<\/p>\n<p>Autostols v\u00e6gt: 2,9 kg<\/p>\n<p>Leveringstid: Leveringstid 1-2 uger<br \/>\nGaranti: 24 m\u00e5neders rammegaranti<br \/>\nFabrikant: ElmaPram<\/p>\n","protected":false},"excerpt":{"rendered":"<p>Montano 3-i-1 barnevognen er meget st\u00e6rk og let og lavet af slidst\u00e6rke materialer. Montano har drejelige forhjul og fire st\u00f8dd\u00e6mpere. Fjedrene g\u00f8r det nemt for for\u00e6ldre at skubbe klapvognen, og barnet er godt tilpas i klapvognen. Montano har bremser p\u00e5 alle fire hjul. Rygl\u00e6net kan indstilles til fire forskellige positioner, hvilket g\u00f8r, at babyen kan [&hellip;]<\/p>\n","protected":false},"featured_media":11454,"comment_status":"open","ping_status":"closed","template":"","meta":[],"product_brand":[],"product_cat":[203],"product_tag":[],"class_list":{"0":"post-11455","1":"product","2":"type-product","3":"status-publish","4":"has-post-thumbnail","6":"product_cat-prams","8":"first","9":"instock","10":"shipping-taxable","11":"purchasable","12":"product-type-simple"},"yoast_head":"<!-- This site is optimized with the Yoast SEO plugin v24.8.1 - https:\/\/yoast.com\/wordpress\/plugins\/seo\/ -->\n<title>Klapvogn 3-in-1 ElmaPram Montano - LASTCHANCE Deals | Danmark<\/title>\n<meta name=\"robots\" content=\"index, follow, max-snippet:-1, max-image-preview:large, max-video-preview:-1\" \/>\n<link rel=\"canonical\" href=\"https:\/\/last-chance.dk\/?product=klapvogn-3-in-1-elmapram-montano\" \/>\n<meta property=\"og:locale\" content=\"da_DK\" \/>\n<meta property=\"og:type\" content=\"article\" \/>\n<meta property=\"og:title\" content=\"Klapvogn 3-in-1 ElmaPram Montano - LASTCHANCE Deals | Danmark\" \/>\n<meta property=\"og:description\" content=\"Montano 3-i-1 barnevognen er meget st\u00e6rk og let og lavet af slidst\u00e6rke materialer. Montano har drejelige forhjul og fire st\u00f8dd\u00e6mpere. Fjedrene g\u00f8r det nemt for for\u00e6ldre at skubbe klapvognen, og barnet er godt tilpas i klapvognen. Montano har bremser p\u00e5 alle fire hjul. Rygl\u00e6net kan indstilles til fire forskellige positioner, hvilket g\u00f8r, at babyen kan [&hellip;]\" \/>\n<meta property=\"og:url\" content=\"https:\/\/last-chance.dk\/?product=klapvogn-3-in-1-elmapram-montano\" \/>\n<meta property=\"og:site_name\" content=\"LASTCHANCE Deals | Danmark\" \/>\n<meta property=\"article:modified_time\" content=\"2025-09-19T18:00:20+00:00\" \/>\n<meta property=\"og:image\" content=\"https:\/\/last-chance.dk\/wp-content\/uploads\/2024\/03\/f1.jpeg\" \/>\n\t<meta property=\"og:image:width\" content=\"1200\" \/>\n\t<meta property=\"og:image:height\" content=\"1200\" \/>\n\t<meta property=\"og:image:type\" content=\"image\/jpeg\" \/>\n<meta name=\"twitter:card\" content=\"summary_large_image\" \/>\n<meta name=\"twitter:label1\" content=\"Estimeret l\u00e6setid\" \/>\n\t<meta name=\"twitter:data1\" content=\"1 minut\" \/>\n<script type=\"application\/ld+json\" class=\"yoast-schema-graph\">{\"@context\":\"https:\/\/schema.org\",\"@graph\":[{\"@type\":\"WebPage\",\"@id\":\"https:\/\/last-chance.dk\/?product=klapvogn-3-in-1-elmapram-montano\",\"url\":\"https:\/\/last-chance.dk\/?product=klapvogn-3-in-1-elmapram-montano\",\"name\":\"Klapvogn 3-in-1 ElmaPram Montano - LASTCHANCE Deals | Danmark\",\"isPartOf\":{\"@id\":\"https:\/\/last-chance.dk\/#website\"},\"primaryImageOfPage\":{\"@id\":\"https:\/\/last-chance.dk\/?product=klapvogn-3-in-1-elmapram-montano#primaryimage\"},\"image\":{\"@id\":\"https:\/\/last-chance.dk\/?product=klapvogn-3-in-1-elmapram-montano#primaryimage\"},\"thumbnailUrl\":\"https:\/\/last-chance.dk\/wp-content\/uploads\/2024\/03\/f1.jpeg\",\"datePublished\":\"2024-03-22T05:20:30+00:00\",\"dateModified\":\"2025-09-19T18:00:20+00:00\",\"breadcrumb\":{\"@id\":\"https:\/\/last-chance.dk\/?product=klapvogn-3-in-1-elmapram-montano#breadcrumb\"},\"inLanguage\":\"da-DK\",\"potentialAction\":[{\"@type\":\"ReadAction\",\"target\":[\"https:\/\/last-chance.dk\/?product=klapvogn-3-in-1-elmapram-montano\"]}]},{\"@type\":\"ImageObject\",\"inLanguage\":\"da-DK\",\"@id\":\"https:\/\/last-chance.dk\/?product=klapvogn-3-in-1-elmapram-montano#primaryimage\",\"url\":\"https:\/\/last-chance.dk\/wp-content\/uploads\/2024\/03\/f1.jpeg\",\"contentUrl\":\"https:\/\/last-chance.dk\/wp-content\/uploads\/2024\/03\/f1.jpeg\",\"width\":1200,\"height\":1200},{\"@type\":\"BreadcrumbList\",\"@id\":\"https:\/\/last-chance.dk\/?product=klapvogn-3-in-1-elmapram-montano#breadcrumb\",\"itemListElement\":[{\"@type\":\"ListItem\",\"position\":1,\"name\":\"Home\",\"item\":\"https:\/\/last-chance.dk\/\"},{\"@type\":\"ListItem\",\"position\":2,\"name\":\"Klapvogn 3-in-1 ElmaPram Montano\"}]},{\"@type\":\"WebSite\",\"@id\":\"https:\/\/last-chance.dk\/#website\",\"url\":\"https:\/\/last-chance.dk\/\",\"name\":\"LASTCHANCE Deals | Danmark\",\"description\":\"LASTCHANCE Deals | Danmark\",\"publisher\":{\"@id\":\"https:\/\/last-chance.dk\/#organization\"},\"potentialAction\":[{\"@type\":\"SearchAction\",\"target\":{\"@type\":\"EntryPoint\",\"urlTemplate\":\"https:\/\/last-chance.dk\/?s={search_term_string}\"},\"query-input\":{\"@type\":\"PropertyValueSpecification\",\"valueRequired\":true,\"valueName\":\"search_term_string\"}}],\"inLanguage\":\"da-DK\"},{\"@type\":\"Organization\",\"@id\":\"https:\/\/last-chance.dk\/#organization\",\"name\":\"LASTCHANCE Deals | Danmark\",\"url\":\"https:\/\/last-chance.dk\/\",\"logo\":{\"@type\":\"ImageObject\",\"inLanguage\":\"da-DK\",\"@id\":\"https:\/\/last-chance.dk\/#\/schema\/logo\/image\/\",\"url\":\"https:\/\/last-chance.dk\/wp-content\/uploads\/2023\/10\/lastchancedeals_logo_dk_white.png\",\"contentUrl\":\"https:\/\/last-chance.dk\/wp-content\/uploads\/2023\/10\/lastchancedeals_logo_dk_white.png\",\"width\":470,\"height\":110,\"caption\":\"LASTCHANCE Deals | Danmark\"},\"image\":{\"@id\":\"https:\/\/last-chance.dk\/#\/schema\/logo\/image\/\"}}]}<\/script>\n<!-- \/ Yoast SEO plugin. -->","yoast_head_json":{"title":"Klapvogn 3-in-1 ElmaPram Montano - LASTCHANCE Deals | Danmark","robots":{"index":"index","follow":"follow","max-snippet":"max-snippet:-1","max-image-preview":"max-image-preview:large","max-video-preview":"max-video-preview:-1"},"canonical":"https:\/\/last-chance.dk\/?product=klapvogn-3-in-1-elmapram-montano","og_locale":"da_DK","og_type":"article","og_title":"Klapvogn 3-in-1 ElmaPram Montano - LASTCHANCE Deals | Danmark","og_description":"Montano 3-i-1 barnevognen er meget st\u00e6rk og let og lavet af slidst\u00e6rke materialer. Montano har drejelige forhjul og fire st\u00f8dd\u00e6mpere. Fjedrene g\u00f8r det nemt for for\u00e6ldre at skubbe klapvognen, og barnet er godt tilpas i klapvognen. Montano har bremser p\u00e5 alle fire hjul. Rygl\u00e6net kan indstilles til fire forskellige positioner, hvilket g\u00f8r, at babyen kan [&hellip;]","og_url":"https:\/\/last-chance.dk\/?product=klapvogn-3-in-1-elmapram-montano","og_site_name":"LASTCHANCE Deals | Danmark","article_modified_time":"2025-09-19T18:00:20+00:00","og_image":[{"width":1200,"height":1200,"url":"https:\/\/last-chance.dk\/wp-content\/uploads\/2024\/03\/f1.jpeg","type":"image\/jpeg"}],"twitter_card":"summary_large_image","twitter_misc":{"Estimeret l\u00e6setid":"1 minut"},"schema":{"@context":"https:\/\/schema.org","@graph":[{"@type":"WebPage","@id":"https:\/\/last-chance.dk\/?product=klapvogn-3-in-1-elmapram-montano","url":"https:\/\/last-chance.dk\/?product=klapvogn-3-in-1-elmapram-montano","name":"Klapvogn 3-in-1 ElmaPram Montano - LASTCHANCE Deals | Danmark","isPartOf":{"@id":"https:\/\/last-chance.dk\/#website"},"primaryImageOfPage":{"@id":"https:\/\/last-chance.dk\/?product=klapvogn-3-in-1-elmapram-montano#primaryimage"},"image":{"@id":"https:\/\/last-chance.dk\/?product=klapvogn-3-in-1-elmapram-montano#primaryimage"},"thumbnailUrl":"https:\/\/last-chance.dk\/wp-content\/uploads\/2024\/03\/f1.jpeg","datePublished":"2024-03-22T05:20:30+00:00","dateModified":"2025-09-19T18:00:20+00:00","breadcrumb":{"@id":"https:\/\/last-chance.dk\/?product=klapvogn-3-in-1-elmapram-montano#breadcrumb"},"inLanguage":"da-DK","potentialAction":[{"@type":"ReadAction","target":["https:\/\/last-chance.dk\/?product=klapvogn-3-in-1-elmapram-montano"]}]},{"@type":"ImageObject","inLanguage":"da-DK","@id":"https:\/\/last-chance.dk\/?product=klapvogn-3-in-1-elmapram-montano#primaryimage","url":"https:\/\/last-chance.dk\/wp-content\/uploads\/2024\/03\/f1.jpeg","contentUrl":"https:\/\/last-chance.dk\/wp-content\/uploads\/2024\/03\/f1.jpeg","width":1200,"height":1200},{"@type":"BreadcrumbList","@id":"https:\/\/last-chance.dk\/?product=klapvogn-3-in-1-elmapram-montano#breadcrumb","itemListElement":[{"@type":"ListItem","position":1,"name":"Home","item":"https:\/\/last-chance.dk\/"},{"@type":"ListItem","position":2,"name":"Klapvogn 3-in-1 ElmaPram Montano"}]},{"@type":"WebSite","@id":"https:\/\/last-chance.dk\/#website","url":"https:\/\/last-chance.dk\/","name":"LASTCHANCE Deals | Danmark","description":"LASTCHANCE Deals | Danmark","publisher":{"@id":"https:\/\/last-chance.dk\/#organization"},"potentialAction":[{"@type":"SearchAction","target":{"@type":"EntryPoint","urlTemplate":"https:\/\/last-chance.dk\/?s={search_term_string}"},"query-input":{"@type":"PropertyValueSpecification","valueRequired":true,"valueName":"search_term_string"}}],"inLanguage":"da-DK"},{"@type":"Organization","@id":"https:\/\/last-chance.dk\/#organization","name":"LASTCHANCE Deals | Danmark","url":"https:\/\/last-chance.dk\/","logo":{"@type":"ImageObject","inLanguage":"da-DK","@id":"https:\/\/last-chance.dk\/#\/schema\/logo\/image\/","url":"https:\/\/last-chance.dk\/wp-content\/uploads\/2023\/10\/lastchancedeals_logo_dk_white.png","contentUrl":"https:\/\/last-chance.dk\/wp-content\/uploads\/2023\/10\/lastchancedeals_logo_dk_white.png","width":470,"height":110,"caption":"LASTCHANCE Deals | Danmark"},"image":{"@id":"https:\/\/last-chance.dk\/#\/schema\/logo\/image\/"}}]}},"_links":{"self":[{"href":"https:\/\/last-chance.dk\/index.php?rest_route=\/wp\/v2\/product\/11455","targetHints":{"allow":["GET"]}}],"collection":[{"href":"https:\/\/last-chance.dk\/index.php?rest_route=\/wp\/v2\/product"}],"about":[{"href":"https:\/\/last-chance.dk\/index.php?rest_route=\/wp\/v2\/types\/product"}],"replies":[{"embeddable":true,"href":"https:\/\/last-chance.dk\/index.php?rest_route=%2Fwp%2Fv2%2Fcomments&post=11455"}],"wp:featuredmedia":[{"embeddable":true,"href":"https:\/\/last-chance.dk\/index.php?rest_route=\/wp\/v2\/media\/11454"}],"wp:attachment":[{"href":"https:\/\/last-chance.dk\/index.php?rest_route=%2Fwp%2Fv2%2Fmedia&parent=11455"}],"wp:term":[{"taxonomy":"product_brand","embeddable":true,"href":"https:\/\/last-chance.dk\/index.php?rest_route=%2Fwp%2Fv2%2Fproduct_brand&post=11455"},{"taxonomy":"product_cat","embeddable":true,"href":"https:\/\/last-chance.dk\/index.php?rest_route=%2Fwp%2Fv2%2Fproduct_cat&post=11455"},{"taxonomy":"product_tag","embeddable":true,"href":"https:\/\/last-chance.dk\/index.php?rest_route=%2Fwp%2Fv2%2Fproduct_tag&post=11455"}],"curies":[{"name":"wp","href":"https:\/\/api.w.org\/{rel}","templated":true}]}}