{"id":11598,"date":"2024-04-07T04:17:38","date_gmt":"2024-04-07T04:17:38","guid":{"rendered":"https:\/\/www.lastchance.deals\/dk\/produkt\/natbord-sophaia\/"},"modified":"2025-09-19T18:11:06","modified_gmt":"2025-09-19T18:11:06","slug":"natbord-sophaia","status":"publish","type":"product","link":"https:\/\/last-chance.dk\/?product=natbord-sophaia","title":{"rendered":"Natbord Sophaia"},"content":{"rendered":"<p>V\u00e6lg natbordet &#8218;Sophaia&#8219; fra ForrestDecor for det ultimative touch af elegance og funktionalitet i dit sovev\u00e6relse. Dette natbord leveres halvt samlet, hvilket g\u00f8r det nemt og hurtigt at fuldf\u00f8re installationen. Med de udvendige dimensioner p\u00e5 40x59x32 cm kan det nemt passe ind i forskellige rumst\u00f8rrelser uden at optage for meget plads.<\/p>\n<p><\/p>\n<p>Natbordet &#8218;Sophaia&#8219; er designet til at v\u00e6re ikke kun flot, men ogs\u00e5 holdbart. Det er fremstillet af ForrestDecor, en producent kendt for sine kvalitetsprodukter, og det kommer med en 12-m\u00e5neders garanti for ekstra tryghed. Dette raffinerede m\u00f8belstykke vil utvivlsomt tilf\u00f8je en sofistikeret touch til din indretning.<\/p>\n<p><\/p>\n<p>Udnyt &#8218;Sophaia&#8219; natbordets potentiale &#8211; brug det til opbevaring af dine favoritb\u00f8ger, en lampe, din telefon eller sm\u00e5 n\u00f8dvendige genstande, du \u00f8nsker at have ved h\u00e6nderne, mens du hviler i din seng. Nyd bekvemmeligheden og den unikke stil, dette natbord byder p\u00e5.<\/p>\n<p><\/p>\n<p>Invester i Sophaia Natbord i dag og forvandle dit sovev\u00e6relser til dit dr\u00f8mme afslapningsrum.<\/p>\n<p><\/p>\n<p>Leveringstid: Leveringstid 1-2 uger<br \/>\nFarve: ikke angivet<br \/>\nUdvendige dimensioner: 40x59x32 cm<br \/>\nMontage: halvt samlet<br \/>\nGaranti: 12 m\u00e5neder<br \/>\nFremstillet: i EU<br \/>\nFabrikant: LuxCasa<\/p>\n","protected":false},"excerpt":{"rendered":"<p>V\u00e6lg natbordet &#8218;Sophaia&#8219; fra ForrestDecor for det ultimative touch af elegance og funktionalitet i dit sovev\u00e6relse. Dette natbord leveres halvt samlet, hvilket g\u00f8r det nemt og hurtigt at fuldf\u00f8re installationen. Med de udvendige dimensioner p\u00e5 40x59x32 cm kan det nemt passe ind i forskellige rumst\u00f8rrelser uden at optage for meget plads. Natbordet &#8218;Sophaia&#8219; er designet [&hellip;]<\/p>\n","protected":false},"featured_media":11597,"comment_status":"open","ping_status":"closed","template":"","meta":[],"product_brand":[],"product_cat":[157],"product_tag":[],"class_list":{"0":"post-11598","1":"product","2":"type-product","3":"status-publish","4":"has-post-thumbnail","6":"product_cat-bedside-tables","8":"first","9":"instock","10":"shipping-taxable","11":"purchasable","12":"product-type-simple"},"yoast_head":"<!-- This site is optimized with the Yoast SEO plugin v24.8.1 - https:\/\/yoast.com\/wordpress\/plugins\/seo\/ -->\n<title>Natbord Sophaia - LASTCHANCE Deals | Danmark<\/title>\n<meta name=\"robots\" content=\"index, follow, max-snippet:-1, max-image-preview:large, max-video-preview:-1\" \/>\n<link rel=\"canonical\" href=\"https:\/\/last-chance.dk\/?product=natbord-sophaia\" \/>\n<meta property=\"og:locale\" content=\"da_DK\" \/>\n<meta property=\"og:type\" content=\"article\" \/>\n<meta property=\"og:title\" content=\"Natbord Sophaia - LASTCHANCE Deals | Danmark\" \/>\n<meta property=\"og:description\" content=\"V\u00e6lg natbordet &#8218;Sophaia&#8219; fra ForrestDecor for det ultimative touch af elegance og funktionalitet i dit sovev\u00e6relse. Dette natbord leveres halvt samlet, hvilket g\u00f8r det nemt og hurtigt at fuldf\u00f8re installationen. Med de udvendige dimensioner p\u00e5 40x59x32 cm kan det nemt passe ind i forskellige rumst\u00f8rrelser uden at optage for meget plads. Natbordet &#8218;Sophaia&#8219; er designet [&hellip;]\" \/>\n<meta property=\"og:url\" content=\"https:\/\/last-chance.dk\/?product=natbord-sophaia\" \/>\n<meta property=\"og:site_name\" content=\"LASTCHANCE Deals | Danmark\" \/>\n<meta property=\"article:modified_time\" content=\"2025-09-19T18:11:06+00:00\" \/>\n<meta property=\"og:image\" content=\"https:\/\/last-chance.dk\/wp-content\/uploads\/2024\/04\/img1_459-scaled.jpg\" \/>\n\t<meta property=\"og:image:width\" content=\"2560\" \/>\n\t<meta property=\"og:image:height\" content=\"1920\" \/>\n\t<meta property=\"og:image:type\" content=\"image\/jpeg\" \/>\n<meta name=\"twitter:card\" content=\"summary_large_image\" \/>\n<meta name=\"twitter:label1\" content=\"Estimeret l\u00e6setid\" \/>\n\t<meta name=\"twitter:data1\" content=\"1 minut\" \/>\n<script type=\"application\/ld+json\" class=\"yoast-schema-graph\">{\"@context\":\"https:\/\/schema.org\",\"@graph\":[{\"@type\":\"WebPage\",\"@id\":\"https:\/\/last-chance.dk\/?product=natbord-sophaia\",\"url\":\"https:\/\/last-chance.dk\/?product=natbord-sophaia\",\"name\":\"Natbord Sophaia - LASTCHANCE Deals | Danmark\",\"isPartOf\":{\"@id\":\"https:\/\/last-chance.dk\/#website\"},\"primaryImageOfPage\":{\"@id\":\"https:\/\/last-chance.dk\/?product=natbord-sophaia#primaryimage\"},\"image\":{\"@id\":\"https:\/\/last-chance.dk\/?product=natbord-sophaia#primaryimage\"},\"thumbnailUrl\":\"https:\/\/last-chance.dk\/wp-content\/uploads\/2024\/04\/img1_459-scaled.jpg\",\"datePublished\":\"2024-04-07T04:17:38+00:00\",\"dateModified\":\"2025-09-19T18:11:06+00:00\",\"breadcrumb\":{\"@id\":\"https:\/\/last-chance.dk\/?product=natbord-sophaia#breadcrumb\"},\"inLanguage\":\"da-DK\",\"potentialAction\":[{\"@type\":\"ReadAction\",\"target\":[\"https:\/\/last-chance.dk\/?product=natbord-sophaia\"]}]},{\"@type\":\"ImageObject\",\"inLanguage\":\"da-DK\",\"@id\":\"https:\/\/last-chance.dk\/?product=natbord-sophaia#primaryimage\",\"url\":\"https:\/\/last-chance.dk\/wp-content\/uploads\/2024\/04\/img1_459-scaled.jpg\",\"contentUrl\":\"https:\/\/last-chance.dk\/wp-content\/uploads\/2024\/04\/img1_459-scaled.jpg\",\"width\":2560,\"height\":1920},{\"@type\":\"BreadcrumbList\",\"@id\":\"https:\/\/last-chance.dk\/?product=natbord-sophaia#breadcrumb\",\"itemListElement\":[{\"@type\":\"ListItem\",\"position\":1,\"name\":\"Home\",\"item\":\"https:\/\/last-chance.dk\/\"},{\"@type\":\"ListItem\",\"position\":2,\"name\":\"Natbord Sophaia\"}]},{\"@type\":\"WebSite\",\"@id\":\"https:\/\/last-chance.dk\/#website\",\"url\":\"https:\/\/last-chance.dk\/\",\"name\":\"LASTCHANCE Deals | Danmark\",\"description\":\"LASTCHANCE Deals | Danmark\",\"publisher\":{\"@id\":\"https:\/\/last-chance.dk\/#organization\"},\"potentialAction\":[{\"@type\":\"SearchAction\",\"target\":{\"@type\":\"EntryPoint\",\"urlTemplate\":\"https:\/\/last-chance.dk\/?s={search_term_string}\"},\"query-input\":{\"@type\":\"PropertyValueSpecification\",\"valueRequired\":true,\"valueName\":\"search_term_string\"}}],\"inLanguage\":\"da-DK\"},{\"@type\":\"Organization\",\"@id\":\"https:\/\/last-chance.dk\/#organization\",\"name\":\"LASTCHANCE Deals | Danmark\",\"url\":\"https:\/\/last-chance.dk\/\",\"logo\":{\"@type\":\"ImageObject\",\"inLanguage\":\"da-DK\",\"@id\":\"https:\/\/last-chance.dk\/#\/schema\/logo\/image\/\",\"url\":\"https:\/\/last-chance.dk\/wp-content\/uploads\/2023\/10\/lastchancedeals_logo_dk_white.png\",\"contentUrl\":\"https:\/\/last-chance.dk\/wp-content\/uploads\/2023\/10\/lastchancedeals_logo_dk_white.png\",\"width\":470,\"height\":110,\"caption\":\"LASTCHANCE Deals | Danmark\"},\"image\":{\"@id\":\"https:\/\/last-chance.dk\/#\/schema\/logo\/image\/\"}}]}<\/script>\n<!-- \/ Yoast SEO plugin. -->","yoast_head_json":{"title":"Natbord Sophaia - LASTCHANCE Deals | Danmark","robots":{"index":"index","follow":"follow","max-snippet":"max-snippet:-1","max-image-preview":"max-image-preview:large","max-video-preview":"max-video-preview:-1"},"canonical":"https:\/\/last-chance.dk\/?product=natbord-sophaia","og_locale":"da_DK","og_type":"article","og_title":"Natbord Sophaia - LASTCHANCE Deals | Danmark","og_description":"V\u00e6lg natbordet &#8218;Sophaia&#8219; fra ForrestDecor for det ultimative touch af elegance og funktionalitet i dit sovev\u00e6relse. Dette natbord leveres halvt samlet, hvilket g\u00f8r det nemt og hurtigt at fuldf\u00f8re installationen. Med de udvendige dimensioner p\u00e5 40x59x32 cm kan det nemt passe ind i forskellige rumst\u00f8rrelser uden at optage for meget plads. Natbordet &#8218;Sophaia&#8219; er designet [&hellip;]","og_url":"https:\/\/last-chance.dk\/?product=natbord-sophaia","og_site_name":"LASTCHANCE Deals | Danmark","article_modified_time":"2025-09-19T18:11:06+00:00","og_image":[{"width":2560,"height":1920,"url":"https:\/\/last-chance.dk\/wp-content\/uploads\/2024\/04\/img1_459-scaled.jpg","type":"image\/jpeg"}],"twitter_card":"summary_large_image","twitter_misc":{"Estimeret l\u00e6setid":"1 minut"},"schema":{"@context":"https:\/\/schema.org","@graph":[{"@type":"WebPage","@id":"https:\/\/last-chance.dk\/?product=natbord-sophaia","url":"https:\/\/last-chance.dk\/?product=natbord-sophaia","name":"Natbord Sophaia - LASTCHANCE Deals | Danmark","isPartOf":{"@id":"https:\/\/last-chance.dk\/#website"},"primaryImageOfPage":{"@id":"https:\/\/last-chance.dk\/?product=natbord-sophaia#primaryimage"},"image":{"@id":"https:\/\/last-chance.dk\/?product=natbord-sophaia#primaryimage"},"thumbnailUrl":"https:\/\/last-chance.dk\/wp-content\/uploads\/2024\/04\/img1_459-scaled.jpg","datePublished":"2024-04-07T04:17:38+00:00","dateModified":"2025-09-19T18:11:06+00:00","breadcrumb":{"@id":"https:\/\/last-chance.dk\/?product=natbord-sophaia#breadcrumb"},"inLanguage":"da-DK","potentialAction":[{"@type":"ReadAction","target":["https:\/\/last-chance.dk\/?product=natbord-sophaia"]}]},{"@type":"ImageObject","inLanguage":"da-DK","@id":"https:\/\/last-chance.dk\/?product=natbord-sophaia#primaryimage","url":"https:\/\/last-chance.dk\/wp-content\/uploads\/2024\/04\/img1_459-scaled.jpg","contentUrl":"https:\/\/last-chance.dk\/wp-content\/uploads\/2024\/04\/img1_459-scaled.jpg","width":2560,"height":1920},{"@type":"BreadcrumbList","@id":"https:\/\/last-chance.dk\/?product=natbord-sophaia#breadcrumb","itemListElement":[{"@type":"ListItem","position":1,"name":"Home","item":"https:\/\/last-chance.dk\/"},{"@type":"ListItem","position":2,"name":"Natbord Sophaia"}]},{"@type":"WebSite","@id":"https:\/\/last-chance.dk\/#website","url":"https:\/\/last-chance.dk\/","name":"LASTCHANCE Deals | Danmark","description":"LASTCHANCE Deals | Danmark","publisher":{"@id":"https:\/\/last-chance.dk\/#organization"},"potentialAction":[{"@type":"SearchAction","target":{"@type":"EntryPoint","urlTemplate":"https:\/\/last-chance.dk\/?s={search_term_string}"},"query-input":{"@type":"PropertyValueSpecification","valueRequired":true,"valueName":"search_term_string"}}],"inLanguage":"da-DK"},{"@type":"Organization","@id":"https:\/\/last-chance.dk\/#organization","name":"LASTCHANCE Deals | Danmark","url":"https:\/\/last-chance.dk\/","logo":{"@type":"ImageObject","inLanguage":"da-DK","@id":"https:\/\/last-chance.dk\/#\/schema\/logo\/image\/","url":"https:\/\/last-chance.dk\/wp-content\/uploads\/2023\/10\/lastchancedeals_logo_dk_white.png","contentUrl":"https:\/\/last-chance.dk\/wp-content\/uploads\/2023\/10\/lastchancedeals_logo_dk_white.png","width":470,"height":110,"caption":"LASTCHANCE Deals | Danmark"},"image":{"@id":"https:\/\/last-chance.dk\/#\/schema\/logo\/image\/"}}]}},"_links":{"self":[{"href":"https:\/\/last-chance.dk\/index.php?rest_route=\/wp\/v2\/product\/11598","targetHints":{"allow":["GET"]}}],"collection":[{"href":"https:\/\/last-chance.dk\/index.php?rest_route=\/wp\/v2\/product"}],"about":[{"href":"https:\/\/last-chance.dk\/index.php?rest_route=\/wp\/v2\/types\/product"}],"replies":[{"embeddable":true,"href":"https:\/\/last-chance.dk\/index.php?rest_route=%2Fwp%2Fv2%2Fcomments&post=11598"}],"wp:featuredmedia":[{"embeddable":true,"href":"https:\/\/last-chance.dk\/index.php?rest_route=\/wp\/v2\/media\/11597"}],"wp:attachment":[{"href":"https:\/\/last-chance.dk\/index.php?rest_route=%2Fwp%2Fv2%2Fmedia&parent=11598"}],"wp:term":[{"taxonomy":"product_brand","embeddable":true,"href":"https:\/\/last-chance.dk\/index.php?rest_route=%2Fwp%2Fv2%2Fproduct_brand&post=11598"},{"taxonomy":"product_cat","embeddable":true,"href":"https:\/\/last-chance.dk\/index.php?rest_route=%2Fwp%2Fv2%2Fproduct_cat&post=11598"},{"taxonomy":"product_tag","embeddable":true,"href":"https:\/\/last-chance.dk\/index.php?rest_route=%2Fwp%2Fv2%2Fproduct_tag&post=11598"}],"curies":[{"name":"wp","href":"https:\/\/api.w.org\/{rel}","templated":true}]}}