{"id":11604,"date":"2024-04-07T04:18:13","date_gmt":"2024-04-07T04:18:13","guid":{"rendered":"https:\/\/www.lastchance.deals\/dk\/produkt\/yopoyta-mendona\/"},"modified":"2025-09-19T19:17:11","modified_gmt":"2025-09-19T19:17:11","slug":"yopoyta-mendona","status":"publish","type":"product","link":"https:\/\/last-chance.dk\/?product=yopoyta-mendona","title":{"rendered":"Y\u00f6p\u00f6yt\u00e4 Mendona"},"content":{"rendered":"<p>Hanki uusi suosikkisi ForrestDecorin elegantilla ja toimivalla Y\u00f6p\u00f6yt\u00e4 Mendonalla. Sen v\u00e4ri on syv\u00e4 ja arvokas musta, mik\u00e4 sopii l\u00e4hes mihin tahansa sisustusv\u00e4riin.<\/p>\n<p><\/p>\n<p>Mendonan y\u00f6p\u00f6yd\u00e4n mitat ovat 30x40x30 cm, joten se on ihanteellisenkokoinen pieniin tai ahtaisiin tiloihin. T\u00e4m\u00e4 y\u00f6p\u00f6yt\u00e4 mahtuu hienosti makuuhuoneeseesi tarjoamatta liian suurta tai ylimitoitettua ilmett\u00e4.<\/p>\n<p><\/p>\n<p>Y\u00f6p\u00f6yd\u00e4n kokoaminen on helppoa, koska se toimitetaan puolittain osina. T\u00e4m\u00e4 tarkoittaa, ett\u00e4 saat kokoamisesta aimo annoksen tyydytyst\u00e4, mutta sinun ei tarvitse viett\u00e4\u00e4 koko p\u00e4iv\u00e4\u00e4 kasaamisessa. T\u00e4m\u00e4 on hyv\u00e4 kompromissi sinulle, joka haluat pient\u00e4 haastetta, mutta et liikaa vaivaa.<\/p>\n<p><\/p>\n<p>ForrestDecor on niin varma tuotteensa laadusta, ett\u00e4 antaa Y\u00f6p\u00f6yt\u00e4 Mendonalle 12 kuukauden takuun. T\u00e4m\u00e4 antaa sinulle mielenrauhan, koska tied\u00e4t ett\u00e4 olet tehnyt hyv\u00e4n ostoksen.<\/p>\n<p><\/p>\n<p>ForrestDecor on tunnustettu valmistaja, joka tarjoaa korkealaatuisia, kest\u00e4vi\u00e4 ja yksil\u00f6llisi\u00e4 huonekaluja. Heid\u00e4n tuotteensa ovat tunnettuja luotettavuudestaan ja tyylikkyydest\u00e4\u00e4n, mink\u00e4 ansiosta voit luottaa siihen ett\u00e4 Y\u00f6p\u00f6yt\u00e4 Mendona tarjoaa sinulle parhaan mahdollisen k\u00e4ytt\u00f6kokemuksen.<\/p>\n<p><\/p>\n<p>Leveringstid: Leveringstid 1-2 uger<br \/>\nFarve: sort<br \/>\nUdvendige dimensioner: 30x40x30 cm<br \/>\nMontage: halvt samlet<br \/>\nGaranti: 12 m\u00e5neder<br \/>\nFremstillet: i EU<br \/>\nFabrikant: LuxCasa<\/p>\n","protected":false},"excerpt":{"rendered":"<p>Hanki uusi suosikkisi ForrestDecorin elegantilla ja toimivalla Y\u00f6p\u00f6yt\u00e4 Mendonalla. Sen v\u00e4ri on syv\u00e4 ja arvokas musta, mik\u00e4 sopii l\u00e4hes mihin tahansa sisustusv\u00e4riin. Mendonan y\u00f6p\u00f6yd\u00e4n mitat ovat 30x40x30 cm, joten se on ihanteellisenkokoinen pieniin tai ahtaisiin tiloihin. T\u00e4m\u00e4 y\u00f6p\u00f6yt\u00e4 mahtuu hienosti makuuhuoneeseesi tarjoamatta liian suurta tai ylimitoitettua ilmett\u00e4. Y\u00f6p\u00f6yd\u00e4n kokoaminen on helppoa, koska se toimitetaan puolittain [&hellip;]<\/p>\n","protected":false},"featured_media":11603,"comment_status":"open","ping_status":"closed","template":"","meta":[],"product_brand":[],"product_cat":[157],"product_tag":[],"class_list":{"0":"post-11604","1":"product","2":"type-product","3":"status-publish","4":"has-post-thumbnail","6":"product_cat-bedside-tables","8":"first","9":"instock","10":"shipping-taxable","11":"purchasable","12":"product-type-simple"},"yoast_head":"<!-- This site is optimized with the Yoast SEO plugin v24.8.1 - https:\/\/yoast.com\/wordpress\/plugins\/seo\/ -->\n<title>Y\u00f6p\u00f6yt\u00e4 Mendona - LASTCHANCE Deals | Danmark<\/title>\n<meta name=\"robots\" content=\"index, follow, max-snippet:-1, max-image-preview:large, max-video-preview:-1\" \/>\n<link rel=\"canonical\" href=\"https:\/\/last-chance.dk\/?product=yopoyta-mendona\" \/>\n<meta property=\"og:locale\" content=\"da_DK\" \/>\n<meta property=\"og:type\" content=\"article\" \/>\n<meta property=\"og:title\" content=\"Y\u00f6p\u00f6yt\u00e4 Mendona - LASTCHANCE Deals | Danmark\" \/>\n<meta property=\"og:description\" content=\"Hanki uusi suosikkisi ForrestDecorin elegantilla ja toimivalla Y\u00f6p\u00f6yt\u00e4 Mendonalla. Sen v\u00e4ri on syv\u00e4 ja arvokas musta, mik\u00e4 sopii l\u00e4hes mihin tahansa sisustusv\u00e4riin. Mendonan y\u00f6p\u00f6yd\u00e4n mitat ovat 30x40x30 cm, joten se on ihanteellisenkokoinen pieniin tai ahtaisiin tiloihin. T\u00e4m\u00e4 y\u00f6p\u00f6yt\u00e4 mahtuu hienosti makuuhuoneeseesi tarjoamatta liian suurta tai ylimitoitettua ilmett\u00e4. Y\u00f6p\u00f6yd\u00e4n kokoaminen on helppoa, koska se toimitetaan puolittain [&hellip;]\" \/>\n<meta property=\"og:url\" content=\"https:\/\/last-chance.dk\/?product=yopoyta-mendona\" \/>\n<meta property=\"og:site_name\" content=\"LASTCHANCE Deals | Danmark\" \/>\n<meta property=\"article:modified_time\" content=\"2025-09-19T19:17:11+00:00\" \/>\n<meta property=\"og:image\" content=\"https:\/\/last-chance.dk\/wp-content\/uploads\/2024\/04\/ns-pun-m2-b-l021_0-scaled.jpg\" \/>\n\t<meta property=\"og:image:width\" content=\"2560\" \/>\n\t<meta property=\"og:image:height\" content=\"1810\" \/>\n\t<meta property=\"og:image:type\" content=\"image\/jpeg\" \/>\n<meta name=\"twitter:card\" content=\"summary_large_image\" \/>\n<meta name=\"twitter:label1\" content=\"Estimeret l\u00e6setid\" \/>\n\t<meta name=\"twitter:data1\" content=\"1 minut\" \/>\n<script type=\"application\/ld+json\" class=\"yoast-schema-graph\">{\"@context\":\"https:\/\/schema.org\",\"@graph\":[{\"@type\":\"WebPage\",\"@id\":\"https:\/\/last-chance.dk\/?product=yopoyta-mendona\",\"url\":\"https:\/\/last-chance.dk\/?product=yopoyta-mendona\",\"name\":\"Y\u00f6p\u00f6yt\u00e4 Mendona - LASTCHANCE Deals | Danmark\",\"isPartOf\":{\"@id\":\"https:\/\/last-chance.dk\/#website\"},\"primaryImageOfPage\":{\"@id\":\"https:\/\/last-chance.dk\/?product=yopoyta-mendona#primaryimage\"},\"image\":{\"@id\":\"https:\/\/last-chance.dk\/?product=yopoyta-mendona#primaryimage\"},\"thumbnailUrl\":\"https:\/\/last-chance.dk\/wp-content\/uploads\/2024\/04\/ns-pun-m2-b-l021_0-scaled.jpg\",\"datePublished\":\"2024-04-07T04:18:13+00:00\",\"dateModified\":\"2025-09-19T19:17:11+00:00\",\"breadcrumb\":{\"@id\":\"https:\/\/last-chance.dk\/?product=yopoyta-mendona#breadcrumb\"},\"inLanguage\":\"da-DK\",\"potentialAction\":[{\"@type\":\"ReadAction\",\"target\":[\"https:\/\/last-chance.dk\/?product=yopoyta-mendona\"]}]},{\"@type\":\"ImageObject\",\"inLanguage\":\"da-DK\",\"@id\":\"https:\/\/last-chance.dk\/?product=yopoyta-mendona#primaryimage\",\"url\":\"https:\/\/last-chance.dk\/wp-content\/uploads\/2024\/04\/ns-pun-m2-b-l021_0-scaled.jpg\",\"contentUrl\":\"https:\/\/last-chance.dk\/wp-content\/uploads\/2024\/04\/ns-pun-m2-b-l021_0-scaled.jpg\",\"width\":2560,\"height\":1810},{\"@type\":\"BreadcrumbList\",\"@id\":\"https:\/\/last-chance.dk\/?product=yopoyta-mendona#breadcrumb\",\"itemListElement\":[{\"@type\":\"ListItem\",\"position\":1,\"name\":\"Home\",\"item\":\"https:\/\/last-chance.dk\/\"},{\"@type\":\"ListItem\",\"position\":2,\"name\":\"Y\u00f6p\u00f6yt\u00e4 Mendona\"}]},{\"@type\":\"WebSite\",\"@id\":\"https:\/\/last-chance.dk\/#website\",\"url\":\"https:\/\/last-chance.dk\/\",\"name\":\"LASTCHANCE Deals | Danmark\",\"description\":\"LASTCHANCE Deals | Danmark\",\"publisher\":{\"@id\":\"https:\/\/last-chance.dk\/#organization\"},\"potentialAction\":[{\"@type\":\"SearchAction\",\"target\":{\"@type\":\"EntryPoint\",\"urlTemplate\":\"https:\/\/last-chance.dk\/?s={search_term_string}\"},\"query-input\":{\"@type\":\"PropertyValueSpecification\",\"valueRequired\":true,\"valueName\":\"search_term_string\"}}],\"inLanguage\":\"da-DK\"},{\"@type\":\"Organization\",\"@id\":\"https:\/\/last-chance.dk\/#organization\",\"name\":\"LASTCHANCE Deals | Danmark\",\"url\":\"https:\/\/last-chance.dk\/\",\"logo\":{\"@type\":\"ImageObject\",\"inLanguage\":\"da-DK\",\"@id\":\"https:\/\/last-chance.dk\/#\/schema\/logo\/image\/\",\"url\":\"https:\/\/last-chance.dk\/wp-content\/uploads\/2023\/10\/lastchancedeals_logo_dk_white.png\",\"contentUrl\":\"https:\/\/last-chance.dk\/wp-content\/uploads\/2023\/10\/lastchancedeals_logo_dk_white.png\",\"width\":470,\"height\":110,\"caption\":\"LASTCHANCE Deals | Danmark\"},\"image\":{\"@id\":\"https:\/\/last-chance.dk\/#\/schema\/logo\/image\/\"}}]}<\/script>\n<!-- \/ Yoast SEO plugin. -->","yoast_head_json":{"title":"Y\u00f6p\u00f6yt\u00e4 Mendona - LASTCHANCE Deals | Danmark","robots":{"index":"index","follow":"follow","max-snippet":"max-snippet:-1","max-image-preview":"max-image-preview:large","max-video-preview":"max-video-preview:-1"},"canonical":"https:\/\/last-chance.dk\/?product=yopoyta-mendona","og_locale":"da_DK","og_type":"article","og_title":"Y\u00f6p\u00f6yt\u00e4 Mendona - LASTCHANCE Deals | Danmark","og_description":"Hanki uusi suosikkisi ForrestDecorin elegantilla ja toimivalla Y\u00f6p\u00f6yt\u00e4 Mendonalla. Sen v\u00e4ri on syv\u00e4 ja arvokas musta, mik\u00e4 sopii l\u00e4hes mihin tahansa sisustusv\u00e4riin. Mendonan y\u00f6p\u00f6yd\u00e4n mitat ovat 30x40x30 cm, joten se on ihanteellisenkokoinen pieniin tai ahtaisiin tiloihin. T\u00e4m\u00e4 y\u00f6p\u00f6yt\u00e4 mahtuu hienosti makuuhuoneeseesi tarjoamatta liian suurta tai ylimitoitettua ilmett\u00e4. Y\u00f6p\u00f6yd\u00e4n kokoaminen on helppoa, koska se toimitetaan puolittain [&hellip;]","og_url":"https:\/\/last-chance.dk\/?product=yopoyta-mendona","og_site_name":"LASTCHANCE Deals | Danmark","article_modified_time":"2025-09-19T19:17:11+00:00","og_image":[{"width":2560,"height":1810,"url":"https:\/\/last-chance.dk\/wp-content\/uploads\/2024\/04\/ns-pun-m2-b-l021_0-scaled.jpg","type":"image\/jpeg"}],"twitter_card":"summary_large_image","twitter_misc":{"Estimeret l\u00e6setid":"1 minut"},"schema":{"@context":"https:\/\/schema.org","@graph":[{"@type":"WebPage","@id":"https:\/\/last-chance.dk\/?product=yopoyta-mendona","url":"https:\/\/last-chance.dk\/?product=yopoyta-mendona","name":"Y\u00f6p\u00f6yt\u00e4 Mendona - LASTCHANCE Deals | Danmark","isPartOf":{"@id":"https:\/\/last-chance.dk\/#website"},"primaryImageOfPage":{"@id":"https:\/\/last-chance.dk\/?product=yopoyta-mendona#primaryimage"},"image":{"@id":"https:\/\/last-chance.dk\/?product=yopoyta-mendona#primaryimage"},"thumbnailUrl":"https:\/\/last-chance.dk\/wp-content\/uploads\/2024\/04\/ns-pun-m2-b-l021_0-scaled.jpg","datePublished":"2024-04-07T04:18:13+00:00","dateModified":"2025-09-19T19:17:11+00:00","breadcrumb":{"@id":"https:\/\/last-chance.dk\/?product=yopoyta-mendona#breadcrumb"},"inLanguage":"da-DK","potentialAction":[{"@type":"ReadAction","target":["https:\/\/last-chance.dk\/?product=yopoyta-mendona"]}]},{"@type":"ImageObject","inLanguage":"da-DK","@id":"https:\/\/last-chance.dk\/?product=yopoyta-mendona#primaryimage","url":"https:\/\/last-chance.dk\/wp-content\/uploads\/2024\/04\/ns-pun-m2-b-l021_0-scaled.jpg","contentUrl":"https:\/\/last-chance.dk\/wp-content\/uploads\/2024\/04\/ns-pun-m2-b-l021_0-scaled.jpg","width":2560,"height":1810},{"@type":"BreadcrumbList","@id":"https:\/\/last-chance.dk\/?product=yopoyta-mendona#breadcrumb","itemListElement":[{"@type":"ListItem","position":1,"name":"Home","item":"https:\/\/last-chance.dk\/"},{"@type":"ListItem","position":2,"name":"Y\u00f6p\u00f6yt\u00e4 Mendona"}]},{"@type":"WebSite","@id":"https:\/\/last-chance.dk\/#website","url":"https:\/\/last-chance.dk\/","name":"LASTCHANCE Deals | Danmark","description":"LASTCHANCE Deals | Danmark","publisher":{"@id":"https:\/\/last-chance.dk\/#organization"},"potentialAction":[{"@type":"SearchAction","target":{"@type":"EntryPoint","urlTemplate":"https:\/\/last-chance.dk\/?s={search_term_string}"},"query-input":{"@type":"PropertyValueSpecification","valueRequired":true,"valueName":"search_term_string"}}],"inLanguage":"da-DK"},{"@type":"Organization","@id":"https:\/\/last-chance.dk\/#organization","name":"LASTCHANCE Deals | Danmark","url":"https:\/\/last-chance.dk\/","logo":{"@type":"ImageObject","inLanguage":"da-DK","@id":"https:\/\/last-chance.dk\/#\/schema\/logo\/image\/","url":"https:\/\/last-chance.dk\/wp-content\/uploads\/2023\/10\/lastchancedeals_logo_dk_white.png","contentUrl":"https:\/\/last-chance.dk\/wp-content\/uploads\/2023\/10\/lastchancedeals_logo_dk_white.png","width":470,"height":110,"caption":"LASTCHANCE Deals | Danmark"},"image":{"@id":"https:\/\/last-chance.dk\/#\/schema\/logo\/image\/"}}]}},"_links":{"self":[{"href":"https:\/\/last-chance.dk\/index.php?rest_route=\/wp\/v2\/product\/11604","targetHints":{"allow":["GET"]}}],"collection":[{"href":"https:\/\/last-chance.dk\/index.php?rest_route=\/wp\/v2\/product"}],"about":[{"href":"https:\/\/last-chance.dk\/index.php?rest_route=\/wp\/v2\/types\/product"}],"replies":[{"embeddable":true,"href":"https:\/\/last-chance.dk\/index.php?rest_route=%2Fwp%2Fv2%2Fcomments&post=11604"}],"wp:featuredmedia":[{"embeddable":true,"href":"https:\/\/last-chance.dk\/index.php?rest_route=\/wp\/v2\/media\/11603"}],"wp:attachment":[{"href":"https:\/\/last-chance.dk\/index.php?rest_route=%2Fwp%2Fv2%2Fmedia&parent=11604"}],"wp:term":[{"taxonomy":"product_brand","embeddable":true,"href":"https:\/\/last-chance.dk\/index.php?rest_route=%2Fwp%2Fv2%2Fproduct_brand&post=11604"},{"taxonomy":"product_cat","embeddable":true,"href":"https:\/\/last-chance.dk\/index.php?rest_route=%2Fwp%2Fv2%2Fproduct_cat&post=11604"},{"taxonomy":"product_tag","embeddable":true,"href":"https:\/\/last-chance.dk\/index.php?rest_route=%2Fwp%2Fv2%2Fproduct_tag&post=11604"}],"curies":[{"name":"wp","href":"https:\/\/api.w.org\/{rel}","templated":true}]}}