{"id":13238,"date":"2024-05-02T11:54:21","date_gmt":"2024-05-02T11:54:21","guid":{"rendered":"https:\/\/www.lastchance.deals\/dk\/produkt\/koeleskab-luxora\/"},"modified":"2024-05-03T23:08:17","modified_gmt":"2024-05-03T23:08:17","slug":"koeleskab-luxora","status":"publish","type":"product","link":"https:\/\/last-chance.dk\/?product=koeleskab-luxora","title":{"rendered":"K\u00f8leskab Luxora"},"content":{"rendered":"<p>Produktbeskrivelse<\/p>\n<p><\/p>\n<p>Opgrader dit k\u00f8kken med denne Luxora k\u00f8leskab. Med sine dobbelte d\u00f8re og automatisk energibesparelse egenskab, kombinerer den funktionalitet og effektivitet. Det sikrer at dine madvarer forbliver friske l\u00e6nge, og at dit elektricitetsforbrug holdes minimalt.<\/p>\n<p><\/p>\n<p>Dens dobbelte d\u00f8re tillader nem adgang til alle dine madvarer, hvilket g\u00f8r det nemmere at organisere og finde hvad du leder efter. Samtidigt giver auto str\u00f8mbesparelse dig mulighed for at holde omkostningerne nede og spare p\u00e5 energiregningen over tid, uden at g\u00e5 p\u00e5 kompromis med k\u00f8leskabets ydeevne.<\/p>\n<p><\/p>\n<p>Udover at v\u00e6re praktisk og \u00f8konomisk, betyder Luxora k\u00f8leskabs elegante design, at det vil passe ind i ethvert k\u00f8kkens indretning, uanset stilrammen. Med sin avancerede teknologi og brugervenlige funktioner, er Luxora k\u00f8leskabet ikke kun et apparat, men en investering i dit k\u00f8kkens fremtid.<\/p>\n<p><\/p>\n<p>Produktspecifikationer:<\/p>\n","protected":false},"excerpt":{"rendered":"<p>Produktbeskrivelse Opgrader dit k\u00f8kken med denne Luxora k\u00f8leskab. Med sine dobbelte d\u00f8re og automatisk energibesparelse egenskab, kombinerer den funktionalitet og effektivitet. Det sikrer at dine madvarer forbliver friske l\u00e6nge, og at dit elektricitetsforbrug holdes minimalt. Dens dobbelte d\u00f8re tillader nem adgang til alle dine madvarer, hvilket g\u00f8r det nemmere at organisere og finde hvad du [&hellip;]<\/p>\n","protected":false},"featured_media":13237,"comment_status":"open","ping_status":"closed","template":"","meta":[],"product_brand":[],"product_cat":[276],"product_tag":[],"class_list":{"0":"post-13238","1":"product","2":"type-product","3":"status-publish","4":"has-post-thumbnail","6":"product_cat-refrigerator","8":"first","9":"instock","10":"shipping-taxable","11":"purchasable","12":"product-type-simple"},"yoast_head":"<!-- This site is optimized with the Yoast SEO plugin v24.8.1 - https:\/\/yoast.com\/wordpress\/plugins\/seo\/ -->\n<title>K\u00f8leskab Luxora - LASTCHANCE Deals | Danmark<\/title>\n<meta name=\"robots\" content=\"index, follow, max-snippet:-1, max-image-preview:large, max-video-preview:-1\" \/>\n<link rel=\"canonical\" href=\"https:\/\/last-chance.dk\/?product=koeleskab-luxora\" \/>\n<meta property=\"og:locale\" content=\"da_DK\" \/>\n<meta property=\"og:type\" content=\"article\" \/>\n<meta property=\"og:title\" content=\"K\u00f8leskab Luxora - LASTCHANCE Deals | Danmark\" \/>\n<meta property=\"og:description\" content=\"Produktbeskrivelse Opgrader dit k\u00f8kken med denne Luxora k\u00f8leskab. Med sine dobbelte d\u00f8re og automatisk energibesparelse egenskab, kombinerer den funktionalitet og effektivitet. Det sikrer at dine madvarer forbliver friske l\u00e6nge, og at dit elektricitetsforbrug holdes minimalt. Dens dobbelte d\u00f8re tillader nem adgang til alle dine madvarer, hvilket g\u00f8r det nemmere at organisere og finde hvad du [&hellip;]\" \/>\n<meta property=\"og:url\" content=\"https:\/\/last-chance.dk\/?product=koeleskab-luxora\" \/>\n<meta property=\"og:site_name\" content=\"LASTCHANCE Deals | Danmark\" \/>\n<meta property=\"article:modified_time\" content=\"2024-05-03T23:08:17+00:00\" \/>\n<meta property=\"og:image\" content=\"https:\/\/last-chance.dk\/wp-content\/uploads\/2024\/05\/refrigerator.jpg\" \/>\n\t<meta property=\"og:image:width\" content=\"450\" \/>\n\t<meta property=\"og:image:height\" content=\"450\" \/>\n\t<meta property=\"og:image:type\" content=\"image\/jpeg\" \/>\n<meta name=\"twitter:card\" content=\"summary_large_image\" \/>\n<meta name=\"twitter:label1\" content=\"Estimeret l\u00e6setid\" \/>\n\t<meta name=\"twitter:data1\" content=\"1 minut\" \/>\n<script type=\"application\/ld+json\" class=\"yoast-schema-graph\">{\"@context\":\"https:\/\/schema.org\",\"@graph\":[{\"@type\":\"WebPage\",\"@id\":\"https:\/\/last-chance.dk\/?product=koeleskab-luxora\",\"url\":\"https:\/\/last-chance.dk\/?product=koeleskab-luxora\",\"name\":\"K\u00f8leskab Luxora - LASTCHANCE Deals | Danmark\",\"isPartOf\":{\"@id\":\"https:\/\/last-chance.dk\/#website\"},\"primaryImageOfPage\":{\"@id\":\"https:\/\/last-chance.dk\/?product=koeleskab-luxora#primaryimage\"},\"image\":{\"@id\":\"https:\/\/last-chance.dk\/?product=koeleskab-luxora#primaryimage\"},\"thumbnailUrl\":\"https:\/\/last-chance.dk\/wp-content\/uploads\/2024\/05\/refrigerator.jpg\",\"datePublished\":\"2024-05-02T11:54:21+00:00\",\"dateModified\":\"2024-05-03T23:08:17+00:00\",\"breadcrumb\":{\"@id\":\"https:\/\/last-chance.dk\/?product=koeleskab-luxora#breadcrumb\"},\"inLanguage\":\"da-DK\",\"potentialAction\":[{\"@type\":\"ReadAction\",\"target\":[\"https:\/\/last-chance.dk\/?product=koeleskab-luxora\"]}]},{\"@type\":\"ImageObject\",\"inLanguage\":\"da-DK\",\"@id\":\"https:\/\/last-chance.dk\/?product=koeleskab-luxora#primaryimage\",\"url\":\"https:\/\/last-chance.dk\/wp-content\/uploads\/2024\/05\/refrigerator.jpg\",\"contentUrl\":\"https:\/\/last-chance.dk\/wp-content\/uploads\/2024\/05\/refrigerator.jpg\",\"width\":450,\"height\":450},{\"@type\":\"BreadcrumbList\",\"@id\":\"https:\/\/last-chance.dk\/?product=koeleskab-luxora#breadcrumb\",\"itemListElement\":[{\"@type\":\"ListItem\",\"position\":1,\"name\":\"Home\",\"item\":\"https:\/\/last-chance.dk\/\"},{\"@type\":\"ListItem\",\"position\":2,\"name\":\"K\u00f8leskab Luxora\"}]},{\"@type\":\"WebSite\",\"@id\":\"https:\/\/last-chance.dk\/#website\",\"url\":\"https:\/\/last-chance.dk\/\",\"name\":\"LASTCHANCE Deals | Danmark\",\"description\":\"LASTCHANCE Deals | Danmark\",\"publisher\":{\"@id\":\"https:\/\/last-chance.dk\/#organization\"},\"potentialAction\":[{\"@type\":\"SearchAction\",\"target\":{\"@type\":\"EntryPoint\",\"urlTemplate\":\"https:\/\/last-chance.dk\/?s={search_term_string}\"},\"query-input\":{\"@type\":\"PropertyValueSpecification\",\"valueRequired\":true,\"valueName\":\"search_term_string\"}}],\"inLanguage\":\"da-DK\"},{\"@type\":\"Organization\",\"@id\":\"https:\/\/last-chance.dk\/#organization\",\"name\":\"LASTCHANCE Deals | Danmark\",\"url\":\"https:\/\/last-chance.dk\/\",\"logo\":{\"@type\":\"ImageObject\",\"inLanguage\":\"da-DK\",\"@id\":\"https:\/\/last-chance.dk\/#\/schema\/logo\/image\/\",\"url\":\"https:\/\/last-chance.dk\/wp-content\/uploads\/2023\/10\/lastchancedeals_logo_dk_white.png\",\"contentUrl\":\"https:\/\/last-chance.dk\/wp-content\/uploads\/2023\/10\/lastchancedeals_logo_dk_white.png\",\"width\":470,\"height\":110,\"caption\":\"LASTCHANCE Deals | Danmark\"},\"image\":{\"@id\":\"https:\/\/last-chance.dk\/#\/schema\/logo\/image\/\"}}]}<\/script>\n<!-- \/ Yoast SEO plugin. -->","yoast_head_json":{"title":"K\u00f8leskab Luxora - LASTCHANCE Deals | Danmark","robots":{"index":"index","follow":"follow","max-snippet":"max-snippet:-1","max-image-preview":"max-image-preview:large","max-video-preview":"max-video-preview:-1"},"canonical":"https:\/\/last-chance.dk\/?product=koeleskab-luxora","og_locale":"da_DK","og_type":"article","og_title":"K\u00f8leskab Luxora - LASTCHANCE Deals | Danmark","og_description":"Produktbeskrivelse Opgrader dit k\u00f8kken med denne Luxora k\u00f8leskab. Med sine dobbelte d\u00f8re og automatisk energibesparelse egenskab, kombinerer den funktionalitet og effektivitet. Det sikrer at dine madvarer forbliver friske l\u00e6nge, og at dit elektricitetsforbrug holdes minimalt. Dens dobbelte d\u00f8re tillader nem adgang til alle dine madvarer, hvilket g\u00f8r det nemmere at organisere og finde hvad du [&hellip;]","og_url":"https:\/\/last-chance.dk\/?product=koeleskab-luxora","og_site_name":"LASTCHANCE Deals | Danmark","article_modified_time":"2024-05-03T23:08:17+00:00","og_image":[{"width":450,"height":450,"url":"https:\/\/last-chance.dk\/wp-content\/uploads\/2024\/05\/refrigerator.jpg","type":"image\/jpeg"}],"twitter_card":"summary_large_image","twitter_misc":{"Estimeret l\u00e6setid":"1 minut"},"schema":{"@context":"https:\/\/schema.org","@graph":[{"@type":"WebPage","@id":"https:\/\/last-chance.dk\/?product=koeleskab-luxora","url":"https:\/\/last-chance.dk\/?product=koeleskab-luxora","name":"K\u00f8leskab Luxora - LASTCHANCE Deals | Danmark","isPartOf":{"@id":"https:\/\/last-chance.dk\/#website"},"primaryImageOfPage":{"@id":"https:\/\/last-chance.dk\/?product=koeleskab-luxora#primaryimage"},"image":{"@id":"https:\/\/last-chance.dk\/?product=koeleskab-luxora#primaryimage"},"thumbnailUrl":"https:\/\/last-chance.dk\/wp-content\/uploads\/2024\/05\/refrigerator.jpg","datePublished":"2024-05-02T11:54:21+00:00","dateModified":"2024-05-03T23:08:17+00:00","breadcrumb":{"@id":"https:\/\/last-chance.dk\/?product=koeleskab-luxora#breadcrumb"},"inLanguage":"da-DK","potentialAction":[{"@type":"ReadAction","target":["https:\/\/last-chance.dk\/?product=koeleskab-luxora"]}]},{"@type":"ImageObject","inLanguage":"da-DK","@id":"https:\/\/last-chance.dk\/?product=koeleskab-luxora#primaryimage","url":"https:\/\/last-chance.dk\/wp-content\/uploads\/2024\/05\/refrigerator.jpg","contentUrl":"https:\/\/last-chance.dk\/wp-content\/uploads\/2024\/05\/refrigerator.jpg","width":450,"height":450},{"@type":"BreadcrumbList","@id":"https:\/\/last-chance.dk\/?product=koeleskab-luxora#breadcrumb","itemListElement":[{"@type":"ListItem","position":1,"name":"Home","item":"https:\/\/last-chance.dk\/"},{"@type":"ListItem","position":2,"name":"K\u00f8leskab Luxora"}]},{"@type":"WebSite","@id":"https:\/\/last-chance.dk\/#website","url":"https:\/\/last-chance.dk\/","name":"LASTCHANCE Deals | Danmark","description":"LASTCHANCE Deals | Danmark","publisher":{"@id":"https:\/\/last-chance.dk\/#organization"},"potentialAction":[{"@type":"SearchAction","target":{"@type":"EntryPoint","urlTemplate":"https:\/\/last-chance.dk\/?s={search_term_string}"},"query-input":{"@type":"PropertyValueSpecification","valueRequired":true,"valueName":"search_term_string"}}],"inLanguage":"da-DK"},{"@type":"Organization","@id":"https:\/\/last-chance.dk\/#organization","name":"LASTCHANCE Deals | Danmark","url":"https:\/\/last-chance.dk\/","logo":{"@type":"ImageObject","inLanguage":"da-DK","@id":"https:\/\/last-chance.dk\/#\/schema\/logo\/image\/","url":"https:\/\/last-chance.dk\/wp-content\/uploads\/2023\/10\/lastchancedeals_logo_dk_white.png","contentUrl":"https:\/\/last-chance.dk\/wp-content\/uploads\/2023\/10\/lastchancedeals_logo_dk_white.png","width":470,"height":110,"caption":"LASTCHANCE Deals | Danmark"},"image":{"@id":"https:\/\/last-chance.dk\/#\/schema\/logo\/image\/"}}]}},"_links":{"self":[{"href":"https:\/\/last-chance.dk\/index.php?rest_route=\/wp\/v2\/product\/13238","targetHints":{"allow":["GET"]}}],"collection":[{"href":"https:\/\/last-chance.dk\/index.php?rest_route=\/wp\/v2\/product"}],"about":[{"href":"https:\/\/last-chance.dk\/index.php?rest_route=\/wp\/v2\/types\/product"}],"replies":[{"embeddable":true,"href":"https:\/\/last-chance.dk\/index.php?rest_route=%2Fwp%2Fv2%2Fcomments&post=13238"}],"wp:featuredmedia":[{"embeddable":true,"href":"https:\/\/last-chance.dk\/index.php?rest_route=\/wp\/v2\/media\/13237"}],"wp:attachment":[{"href":"https:\/\/last-chance.dk\/index.php?rest_route=%2Fwp%2Fv2%2Fmedia&parent=13238"}],"wp:term":[{"taxonomy":"product_brand","embeddable":true,"href":"https:\/\/last-chance.dk\/index.php?rest_route=%2Fwp%2Fv2%2Fproduct_brand&post=13238"},{"taxonomy":"product_cat","embeddable":true,"href":"https:\/\/last-chance.dk\/index.php?rest_route=%2Fwp%2Fv2%2Fproduct_cat&post=13238"},{"taxonomy":"product_tag","embeddable":true,"href":"https:\/\/last-chance.dk\/index.php?rest_route=%2Fwp%2Fv2%2Fproduct_tag&post=13238"}],"curies":[{"name":"wp","href":"https:\/\/api.w.org\/{rel}","templated":true}]}}