{"id":15351,"date":"2024-06-19T08:41:32","date_gmt":"2024-06-19T08:41:32","guid":{"rendered":"https:\/\/www.lastchance.deals\/dk\/produkt\/gyldent-jernblad-bord-eller-hylde-dekoration-elegansa\/"},"modified":"2025-09-19T17:46:44","modified_gmt":"2025-09-19T17:46:44","slug":"gyldent-jernblad-bord-eller-hylde-dekoration-elegansa","status":"publish","type":"product","link":"https:\/\/last-chance.dk\/?product=gyldent-jernblad-bord-eller-hylde-dekoration-elegansa","title":{"rendered":"Gyldent jernblad bord eller hylde dekoration Elegansa"},"content":{"rendered":"<p>Gylden jernblad bord- eller hyldepynt Elegansa<\/p>\n<p><\/p>\n<p>Denne gyldne jernblad bord- eller hyldepynt er ideel som dekoration p\u00e5 dit bord eller hylde, b\u00e5de hjemme og p\u00e5 kontoret. Det er ogs\u00e5 en fremragende gaveid\u00e9. M\u00e6rket er Eurofashion og st\u00f8rrelsen er 31 x 23 x 5.5 cm (L x H x B).<\/p>\n<p><\/p>\n<p>Materiale: Jern<br \/>\n<b> Leveringstid: 7-10 arbejdsdage<\/b><\/p>\n<p><\/p>\n<p>Denne pyntegenstand er lavet af jern, hvilket g\u00f8r den robust og holdbar. Dens gyldne farve tilf\u00f8jer en luksuri\u00f8s og elegant stemning til dit hjem eller kontor. Med sin unikke design vil denne pyntegenstand v\u00e6re et i\u00f8jnefaldende tilbeh\u00f8r p\u00e5 ethvert bord eller hylde. <\/p>\n<p><\/p>\n<p>St\u00f8rrelse: 31 x 23 x 5.5 cm (L\u00e6ngde x H\u00f8jde x Bredde)<br \/>\nBrand: Eurofashion <br \/>\nMateriale: Jern <br \/>\nLeveringstid: 7-10 arbejdsdage <\/p>\n","protected":false},"excerpt":{"rendered":"<p>Gylden jernblad bord- eller hyldepynt Elegansa Denne gyldne jernblad bord- eller hyldepynt er ideel som dekoration p\u00e5 dit bord eller hylde, b\u00e5de hjemme og p\u00e5 kontoret. Det er ogs\u00e5 en fremragende gaveid\u00e9. M\u00e6rket er Eurofashion og st\u00f8rrelsen er 31 x 23 x 5.5 cm (L x H x B). Materiale: Jern Leveringstid: 7-10 arbejdsdage Denne [&hellip;]<\/p>\n","protected":false},"featured_media":15347,"comment_status":"open","ping_status":"closed","template":"","meta":[],"product_brand":[],"product_cat":[292],"product_tag":[],"class_list":{"0":"post-15351","1":"product","2":"type-product","3":"status-publish","4":"has-post-thumbnail","6":"product_cat-table-decor","8":"first","9":"instock","10":"shipping-taxable","11":"purchasable","12":"product-type-simple"},"yoast_head":"<!-- This site is optimized with the Yoast SEO plugin v24.8.1 - https:\/\/yoast.com\/wordpress\/plugins\/seo\/ -->\n<title>Gyldent jernblad bord eller hylde dekoration Elegansa - LASTCHANCE Deals | Danmark<\/title>\n<meta name=\"robots\" content=\"index, follow, max-snippet:-1, max-image-preview:large, max-video-preview:-1\" \/>\n<link rel=\"canonical\" href=\"https:\/\/last-chance.dk\/?product=gyldent-jernblad-bord-eller-hylde-dekoration-elegansa\" \/>\n<meta property=\"og:locale\" content=\"da_DK\" \/>\n<meta property=\"og:type\" content=\"article\" \/>\n<meta property=\"og:title\" content=\"Gyldent jernblad bord eller hylde dekoration Elegansa - LASTCHANCE Deals | Danmark\" \/>\n<meta property=\"og:description\" content=\"Gylden jernblad bord- eller hyldepynt Elegansa Denne gyldne jernblad bord- eller hyldepynt er ideel som dekoration p\u00e5 dit bord eller hylde, b\u00e5de hjemme og p\u00e5 kontoret. Det er ogs\u00e5 en fremragende gaveid\u00e9. M\u00e6rket er Eurofashion og st\u00f8rrelsen er 31 x 23 x 5.5 cm (L x H x B). Materiale: Jern Leveringstid: 7-10 arbejdsdage Denne [&hellip;]\" \/>\n<meta property=\"og:url\" content=\"https:\/\/last-chance.dk\/?product=gyldent-jernblad-bord-eller-hylde-dekoration-elegansa\" \/>\n<meta property=\"og:site_name\" content=\"LASTCHANCE Deals | Danmark\" \/>\n<meta property=\"article:modified_time\" content=\"2025-09-19T17:46:44+00:00\" \/>\n<meta property=\"og:image\" content=\"https:\/\/last-chance.dk\/wp-content\/uploads\/2024\/06\/TBPM1.png\" \/>\n\t<meta property=\"og:image:width\" content=\"753\" \/>\n\t<meta property=\"og:image:height\" content=\"687\" \/>\n\t<meta property=\"og:image:type\" content=\"image\/png\" \/>\n<meta name=\"twitter:card\" content=\"summary_large_image\" \/>\n<meta name=\"twitter:label1\" content=\"Estimeret l\u00e6setid\" \/>\n\t<meta name=\"twitter:data1\" content=\"1 minut\" \/>\n<script type=\"application\/ld+json\" class=\"yoast-schema-graph\">{\"@context\":\"https:\/\/schema.org\",\"@graph\":[{\"@type\":\"WebPage\",\"@id\":\"https:\/\/last-chance.dk\/?product=gyldent-jernblad-bord-eller-hylde-dekoration-elegansa\",\"url\":\"https:\/\/last-chance.dk\/?product=gyldent-jernblad-bord-eller-hylde-dekoration-elegansa\",\"name\":\"Gyldent jernblad bord eller hylde dekoration Elegansa - LASTCHANCE Deals | Danmark\",\"isPartOf\":{\"@id\":\"https:\/\/last-chance.dk\/#website\"},\"primaryImageOfPage\":{\"@id\":\"https:\/\/last-chance.dk\/?product=gyldent-jernblad-bord-eller-hylde-dekoration-elegansa#primaryimage\"},\"image\":{\"@id\":\"https:\/\/last-chance.dk\/?product=gyldent-jernblad-bord-eller-hylde-dekoration-elegansa#primaryimage\"},\"thumbnailUrl\":\"https:\/\/last-chance.dk\/wp-content\/uploads\/2024\/06\/TBPM1.png\",\"datePublished\":\"2024-06-19T08:41:32+00:00\",\"dateModified\":\"2025-09-19T17:46:44+00:00\",\"breadcrumb\":{\"@id\":\"https:\/\/last-chance.dk\/?product=gyldent-jernblad-bord-eller-hylde-dekoration-elegansa#breadcrumb\"},\"inLanguage\":\"da-DK\",\"potentialAction\":[{\"@type\":\"ReadAction\",\"target\":[\"https:\/\/last-chance.dk\/?product=gyldent-jernblad-bord-eller-hylde-dekoration-elegansa\"]}]},{\"@type\":\"ImageObject\",\"inLanguage\":\"da-DK\",\"@id\":\"https:\/\/last-chance.dk\/?product=gyldent-jernblad-bord-eller-hylde-dekoration-elegansa#primaryimage\",\"url\":\"https:\/\/last-chance.dk\/wp-content\/uploads\/2024\/06\/TBPM1.png\",\"contentUrl\":\"https:\/\/last-chance.dk\/wp-content\/uploads\/2024\/06\/TBPM1.png\",\"width\":753,\"height\":687},{\"@type\":\"BreadcrumbList\",\"@id\":\"https:\/\/last-chance.dk\/?product=gyldent-jernblad-bord-eller-hylde-dekoration-elegansa#breadcrumb\",\"itemListElement\":[{\"@type\":\"ListItem\",\"position\":1,\"name\":\"Home\",\"item\":\"https:\/\/last-chance.dk\/\"},{\"@type\":\"ListItem\",\"position\":2,\"name\":\"Gyldent jernblad bord eller hylde dekoration Elegansa\"}]},{\"@type\":\"WebSite\",\"@id\":\"https:\/\/last-chance.dk\/#website\",\"url\":\"https:\/\/last-chance.dk\/\",\"name\":\"LASTCHANCE Deals | Danmark\",\"description\":\"LASTCHANCE Deals | Danmark\",\"publisher\":{\"@id\":\"https:\/\/last-chance.dk\/#organization\"},\"potentialAction\":[{\"@type\":\"SearchAction\",\"target\":{\"@type\":\"EntryPoint\",\"urlTemplate\":\"https:\/\/last-chance.dk\/?s={search_term_string}\"},\"query-input\":{\"@type\":\"PropertyValueSpecification\",\"valueRequired\":true,\"valueName\":\"search_term_string\"}}],\"inLanguage\":\"da-DK\"},{\"@type\":\"Organization\",\"@id\":\"https:\/\/last-chance.dk\/#organization\",\"name\":\"LASTCHANCE Deals | Danmark\",\"url\":\"https:\/\/last-chance.dk\/\",\"logo\":{\"@type\":\"ImageObject\",\"inLanguage\":\"da-DK\",\"@id\":\"https:\/\/last-chance.dk\/#\/schema\/logo\/image\/\",\"url\":\"https:\/\/last-chance.dk\/wp-content\/uploads\/2023\/10\/lastchancedeals_logo_dk_white.png\",\"contentUrl\":\"https:\/\/last-chance.dk\/wp-content\/uploads\/2023\/10\/lastchancedeals_logo_dk_white.png\",\"width\":470,\"height\":110,\"caption\":\"LASTCHANCE Deals | Danmark\"},\"image\":{\"@id\":\"https:\/\/last-chance.dk\/#\/schema\/logo\/image\/\"}}]}<\/script>\n<!-- \/ Yoast SEO plugin. -->","yoast_head_json":{"title":"Gyldent jernblad bord eller hylde dekoration Elegansa - LASTCHANCE Deals | Danmark","robots":{"index":"index","follow":"follow","max-snippet":"max-snippet:-1","max-image-preview":"max-image-preview:large","max-video-preview":"max-video-preview:-1"},"canonical":"https:\/\/last-chance.dk\/?product=gyldent-jernblad-bord-eller-hylde-dekoration-elegansa","og_locale":"da_DK","og_type":"article","og_title":"Gyldent jernblad bord eller hylde dekoration Elegansa - LASTCHANCE Deals | Danmark","og_description":"Gylden jernblad bord- eller hyldepynt Elegansa Denne gyldne jernblad bord- eller hyldepynt er ideel som dekoration p\u00e5 dit bord eller hylde, b\u00e5de hjemme og p\u00e5 kontoret. Det er ogs\u00e5 en fremragende gaveid\u00e9. M\u00e6rket er Eurofashion og st\u00f8rrelsen er 31 x 23 x 5.5 cm (L x H x B). Materiale: Jern Leveringstid: 7-10 arbejdsdage Denne [&hellip;]","og_url":"https:\/\/last-chance.dk\/?product=gyldent-jernblad-bord-eller-hylde-dekoration-elegansa","og_site_name":"LASTCHANCE Deals | Danmark","article_modified_time":"2025-09-19T17:46:44+00:00","og_image":[{"width":753,"height":687,"url":"https:\/\/last-chance.dk\/wp-content\/uploads\/2024\/06\/TBPM1.png","type":"image\/png"}],"twitter_card":"summary_large_image","twitter_misc":{"Estimeret l\u00e6setid":"1 minut"},"schema":{"@context":"https:\/\/schema.org","@graph":[{"@type":"WebPage","@id":"https:\/\/last-chance.dk\/?product=gyldent-jernblad-bord-eller-hylde-dekoration-elegansa","url":"https:\/\/last-chance.dk\/?product=gyldent-jernblad-bord-eller-hylde-dekoration-elegansa","name":"Gyldent jernblad bord eller hylde dekoration Elegansa - LASTCHANCE Deals | Danmark","isPartOf":{"@id":"https:\/\/last-chance.dk\/#website"},"primaryImageOfPage":{"@id":"https:\/\/last-chance.dk\/?product=gyldent-jernblad-bord-eller-hylde-dekoration-elegansa#primaryimage"},"image":{"@id":"https:\/\/last-chance.dk\/?product=gyldent-jernblad-bord-eller-hylde-dekoration-elegansa#primaryimage"},"thumbnailUrl":"https:\/\/last-chance.dk\/wp-content\/uploads\/2024\/06\/TBPM1.png","datePublished":"2024-06-19T08:41:32+00:00","dateModified":"2025-09-19T17:46:44+00:00","breadcrumb":{"@id":"https:\/\/last-chance.dk\/?product=gyldent-jernblad-bord-eller-hylde-dekoration-elegansa#breadcrumb"},"inLanguage":"da-DK","potentialAction":[{"@type":"ReadAction","target":["https:\/\/last-chance.dk\/?product=gyldent-jernblad-bord-eller-hylde-dekoration-elegansa"]}]},{"@type":"ImageObject","inLanguage":"da-DK","@id":"https:\/\/last-chance.dk\/?product=gyldent-jernblad-bord-eller-hylde-dekoration-elegansa#primaryimage","url":"https:\/\/last-chance.dk\/wp-content\/uploads\/2024\/06\/TBPM1.png","contentUrl":"https:\/\/last-chance.dk\/wp-content\/uploads\/2024\/06\/TBPM1.png","width":753,"height":687},{"@type":"BreadcrumbList","@id":"https:\/\/last-chance.dk\/?product=gyldent-jernblad-bord-eller-hylde-dekoration-elegansa#breadcrumb","itemListElement":[{"@type":"ListItem","position":1,"name":"Home","item":"https:\/\/last-chance.dk\/"},{"@type":"ListItem","position":2,"name":"Gyldent jernblad bord eller hylde dekoration Elegansa"}]},{"@type":"WebSite","@id":"https:\/\/last-chance.dk\/#website","url":"https:\/\/last-chance.dk\/","name":"LASTCHANCE Deals | Danmark","description":"LASTCHANCE Deals | Danmark","publisher":{"@id":"https:\/\/last-chance.dk\/#organization"},"potentialAction":[{"@type":"SearchAction","target":{"@type":"EntryPoint","urlTemplate":"https:\/\/last-chance.dk\/?s={search_term_string}"},"query-input":{"@type":"PropertyValueSpecification","valueRequired":true,"valueName":"search_term_string"}}],"inLanguage":"da-DK"},{"@type":"Organization","@id":"https:\/\/last-chance.dk\/#organization","name":"LASTCHANCE Deals | Danmark","url":"https:\/\/last-chance.dk\/","logo":{"@type":"ImageObject","inLanguage":"da-DK","@id":"https:\/\/last-chance.dk\/#\/schema\/logo\/image\/","url":"https:\/\/last-chance.dk\/wp-content\/uploads\/2023\/10\/lastchancedeals_logo_dk_white.png","contentUrl":"https:\/\/last-chance.dk\/wp-content\/uploads\/2023\/10\/lastchancedeals_logo_dk_white.png","width":470,"height":110,"caption":"LASTCHANCE Deals | Danmark"},"image":{"@id":"https:\/\/last-chance.dk\/#\/schema\/logo\/image\/"}}]}},"_links":{"self":[{"href":"https:\/\/last-chance.dk\/index.php?rest_route=\/wp\/v2\/product\/15351","targetHints":{"allow":["GET"]}}],"collection":[{"href":"https:\/\/last-chance.dk\/index.php?rest_route=\/wp\/v2\/product"}],"about":[{"href":"https:\/\/last-chance.dk\/index.php?rest_route=\/wp\/v2\/types\/product"}],"replies":[{"embeddable":true,"href":"https:\/\/last-chance.dk\/index.php?rest_route=%2Fwp%2Fv2%2Fcomments&post=15351"}],"wp:featuredmedia":[{"embeddable":true,"href":"https:\/\/last-chance.dk\/index.php?rest_route=\/wp\/v2\/media\/15347"}],"wp:attachment":[{"href":"https:\/\/last-chance.dk\/index.php?rest_route=%2Fwp%2Fv2%2Fmedia&parent=15351"}],"wp:term":[{"taxonomy":"product_brand","embeddable":true,"href":"https:\/\/last-chance.dk\/index.php?rest_route=%2Fwp%2Fv2%2Fproduct_brand&post=15351"},{"taxonomy":"product_cat","embeddable":true,"href":"https:\/\/last-chance.dk\/index.php?rest_route=%2Fwp%2Fv2%2Fproduct_cat&post=15351"},{"taxonomy":"product_tag","embeddable":true,"href":"https:\/\/last-chance.dk\/index.php?rest_route=%2Fwp%2Fv2%2Fproduct_tag&post=15351"}],"curies":[{"name":"wp","href":"https:\/\/api.w.org\/{rel}","templated":true}]}}