{"id":15361,"date":"2024-06-19T08:43:41","date_gmt":"2024-06-19T08:43:41","guid":{"rendered":"https:\/\/www.lastchance.deals\/dk\/produkt\/golden-jernblad-bord-eller-hylde-dekoration-nantucket\/"},"modified":"2025-09-19T17:45:36","modified_gmt":"2025-09-19T17:45:36","slug":"golden-jernblad-bord-eller-hylde-dekoration-nantucket","status":"publish","type":"product","link":"https:\/\/last-chance.dk\/?product=golden-jernblad-bord-eller-hylde-dekoration-nantucket","title":{"rendered":"Golden jernblad bord eller hylde dekoration Nantucket"},"content":{"rendered":"<p>Gylden jernblad bord eller hylde dekoration fra Nantucket<\/p>\n<p><\/p>\n<p>Gylden jernblad bord eller hylde dekoration, Fantastisk som bordpynt til hjemmet, kontoret, ideel gaveide<br \/>\nM\u00e6rke: Eurofashion<br \/>\nSt\u00f8rrelse: 29 x 19 x 5.5 cm (L x H x B)<\/p>\n<p><\/p>\n<p>Materiale: Jern<br \/>\n<b>Leveringstid: 7-10 arbejdsdage<\/b><\/p>\n<p><\/p>\n<p>Dette elegante jernpynt er perfekt til at tilf\u00f8je et strejf af elegance og luksus til ethvert rum. Det mest sl\u00e5ende element i dette produkt er det forgyldte, jernbladede design, som er v\u00e6vet med en forbl\u00f8ffende detaljerigdom. Denne enest\u00e5ende udsmykning vil forvandle en simpl bord eller hylde til et \u00e6stetisk centrum i rummet.<\/p>\n<p><\/p>\n<p>Dekorationen er ikke kun smuk, men ogs\u00e5 robust og holdbar p\u00e5 grund af dens jernkonstruktion. Eurofashion garanterer et produkt af h\u00f8j kvalitet, der vil vare l\u00e6nge og skabe en varig effekt i dit hjem eller kontor. Denne dekoration vil uden tvivl vise din unikke stil og smag i indretning.<\/p>\n<p><\/p>\n<p>Hvad venter du p\u00e5? Bestil din Eurofashion Guld Jern Blad Bord Dekoration idag og modtag den inden for 7 til 10 arbejdsdage!<\/p>\n","protected":false},"excerpt":{"rendered":"<p>Gylden jernblad bord eller hylde dekoration fra Nantucket Gylden jernblad bord eller hylde dekoration, Fantastisk som bordpynt til hjemmet, kontoret, ideel gaveide M\u00e6rke: Eurofashion St\u00f8rrelse: 29 x 19 x 5.5 cm (L x H x B) Materiale: Jern Leveringstid: 7-10 arbejdsdage Dette elegante jernpynt er perfekt til at tilf\u00f8je et strejf af elegance og luksus [&hellip;]<\/p>\n","protected":false},"featured_media":15357,"comment_status":"open","ping_status":"closed","template":"","meta":[],"product_brand":[],"product_cat":[292],"product_tag":[],"class_list":{"0":"post-15361","1":"product","2":"type-product","3":"status-publish","4":"has-post-thumbnail","6":"product_cat-table-decor","8":"first","9":"instock","10":"shipping-taxable","11":"purchasable","12":"product-type-simple"},"yoast_head":"<!-- This site is optimized with the Yoast SEO plugin v24.8.1 - https:\/\/yoast.com\/wordpress\/plugins\/seo\/ -->\n<title>Golden jernblad bord eller hylde dekoration Nantucket - LASTCHANCE Deals | Danmark<\/title>\n<meta name=\"robots\" content=\"index, follow, max-snippet:-1, max-image-preview:large, max-video-preview:-1\" \/>\n<link rel=\"canonical\" href=\"https:\/\/last-chance.dk\/?product=golden-jernblad-bord-eller-hylde-dekoration-nantucket\" \/>\n<meta property=\"og:locale\" content=\"da_DK\" \/>\n<meta property=\"og:type\" content=\"article\" \/>\n<meta property=\"og:title\" content=\"Golden jernblad bord eller hylde dekoration Nantucket - LASTCHANCE Deals | Danmark\" \/>\n<meta property=\"og:description\" content=\"Gylden jernblad bord eller hylde dekoration fra Nantucket Gylden jernblad bord eller hylde dekoration, Fantastisk som bordpynt til hjemmet, kontoret, ideel gaveide M\u00e6rke: Eurofashion St\u00f8rrelse: 29 x 19 x 5.5 cm (L x H x B) Materiale: Jern Leveringstid: 7-10 arbejdsdage Dette elegante jernpynt er perfekt til at tilf\u00f8je et strejf af elegance og luksus [&hellip;]\" \/>\n<meta property=\"og:url\" content=\"https:\/\/last-chance.dk\/?product=golden-jernblad-bord-eller-hylde-dekoration-nantucket\" \/>\n<meta property=\"og:site_name\" content=\"LASTCHANCE Deals | Danmark\" \/>\n<meta property=\"article:modified_time\" content=\"2025-09-19T17:45:36+00:00\" \/>\n<meta property=\"og:image\" content=\"https:\/\/last-chance.dk\/wp-content\/uploads\/2024\/06\/TBPM3.png\" \/>\n\t<meta property=\"og:image:width\" content=\"764\" \/>\n\t<meta property=\"og:image:height\" content=\"678\" \/>\n\t<meta property=\"og:image:type\" content=\"image\/png\" \/>\n<meta name=\"twitter:card\" content=\"summary_large_image\" \/>\n<meta name=\"twitter:label1\" content=\"Estimeret l\u00e6setid\" \/>\n\t<meta name=\"twitter:data1\" content=\"1 minut\" \/>\n<script type=\"application\/ld+json\" class=\"yoast-schema-graph\">{\"@context\":\"https:\/\/schema.org\",\"@graph\":[{\"@type\":\"WebPage\",\"@id\":\"https:\/\/last-chance.dk\/?product=golden-jernblad-bord-eller-hylde-dekoration-nantucket\",\"url\":\"https:\/\/last-chance.dk\/?product=golden-jernblad-bord-eller-hylde-dekoration-nantucket\",\"name\":\"Golden jernblad bord eller hylde dekoration Nantucket - LASTCHANCE Deals | Danmark\",\"isPartOf\":{\"@id\":\"https:\/\/last-chance.dk\/#website\"},\"primaryImageOfPage\":{\"@id\":\"https:\/\/last-chance.dk\/?product=golden-jernblad-bord-eller-hylde-dekoration-nantucket#primaryimage\"},\"image\":{\"@id\":\"https:\/\/last-chance.dk\/?product=golden-jernblad-bord-eller-hylde-dekoration-nantucket#primaryimage\"},\"thumbnailUrl\":\"https:\/\/last-chance.dk\/wp-content\/uploads\/2024\/06\/TBPM3.png\",\"datePublished\":\"2024-06-19T08:43:41+00:00\",\"dateModified\":\"2025-09-19T17:45:36+00:00\",\"breadcrumb\":{\"@id\":\"https:\/\/last-chance.dk\/?product=golden-jernblad-bord-eller-hylde-dekoration-nantucket#breadcrumb\"},\"inLanguage\":\"da-DK\",\"potentialAction\":[{\"@type\":\"ReadAction\",\"target\":[\"https:\/\/last-chance.dk\/?product=golden-jernblad-bord-eller-hylde-dekoration-nantucket\"]}]},{\"@type\":\"ImageObject\",\"inLanguage\":\"da-DK\",\"@id\":\"https:\/\/last-chance.dk\/?product=golden-jernblad-bord-eller-hylde-dekoration-nantucket#primaryimage\",\"url\":\"https:\/\/last-chance.dk\/wp-content\/uploads\/2024\/06\/TBPM3.png\",\"contentUrl\":\"https:\/\/last-chance.dk\/wp-content\/uploads\/2024\/06\/TBPM3.png\",\"width\":764,\"height\":678},{\"@type\":\"BreadcrumbList\",\"@id\":\"https:\/\/last-chance.dk\/?product=golden-jernblad-bord-eller-hylde-dekoration-nantucket#breadcrumb\",\"itemListElement\":[{\"@type\":\"ListItem\",\"position\":1,\"name\":\"Home\",\"item\":\"https:\/\/last-chance.dk\/\"},{\"@type\":\"ListItem\",\"position\":2,\"name\":\"Golden jernblad bord eller hylde dekoration Nantucket\"}]},{\"@type\":\"WebSite\",\"@id\":\"https:\/\/last-chance.dk\/#website\",\"url\":\"https:\/\/last-chance.dk\/\",\"name\":\"LASTCHANCE Deals | Danmark\",\"description\":\"LASTCHANCE Deals | Danmark\",\"publisher\":{\"@id\":\"https:\/\/last-chance.dk\/#organization\"},\"potentialAction\":[{\"@type\":\"SearchAction\",\"target\":{\"@type\":\"EntryPoint\",\"urlTemplate\":\"https:\/\/last-chance.dk\/?s={search_term_string}\"},\"query-input\":{\"@type\":\"PropertyValueSpecification\",\"valueRequired\":true,\"valueName\":\"search_term_string\"}}],\"inLanguage\":\"da-DK\"},{\"@type\":\"Organization\",\"@id\":\"https:\/\/last-chance.dk\/#organization\",\"name\":\"LASTCHANCE Deals | Danmark\",\"url\":\"https:\/\/last-chance.dk\/\",\"logo\":{\"@type\":\"ImageObject\",\"inLanguage\":\"da-DK\",\"@id\":\"https:\/\/last-chance.dk\/#\/schema\/logo\/image\/\",\"url\":\"https:\/\/last-chance.dk\/wp-content\/uploads\/2023\/10\/lastchancedeals_logo_dk_white.png\",\"contentUrl\":\"https:\/\/last-chance.dk\/wp-content\/uploads\/2023\/10\/lastchancedeals_logo_dk_white.png\",\"width\":470,\"height\":110,\"caption\":\"LASTCHANCE Deals | Danmark\"},\"image\":{\"@id\":\"https:\/\/last-chance.dk\/#\/schema\/logo\/image\/\"}}]}<\/script>\n<!-- \/ Yoast SEO plugin. -->","yoast_head_json":{"title":"Golden jernblad bord eller hylde dekoration Nantucket - LASTCHANCE Deals | Danmark","robots":{"index":"index","follow":"follow","max-snippet":"max-snippet:-1","max-image-preview":"max-image-preview:large","max-video-preview":"max-video-preview:-1"},"canonical":"https:\/\/last-chance.dk\/?product=golden-jernblad-bord-eller-hylde-dekoration-nantucket","og_locale":"da_DK","og_type":"article","og_title":"Golden jernblad bord eller hylde dekoration Nantucket - LASTCHANCE Deals | Danmark","og_description":"Gylden jernblad bord eller hylde dekoration fra Nantucket Gylden jernblad bord eller hylde dekoration, Fantastisk som bordpynt til hjemmet, kontoret, ideel gaveide M\u00e6rke: Eurofashion St\u00f8rrelse: 29 x 19 x 5.5 cm (L x H x B) Materiale: Jern Leveringstid: 7-10 arbejdsdage Dette elegante jernpynt er perfekt til at tilf\u00f8je et strejf af elegance og luksus [&hellip;]","og_url":"https:\/\/last-chance.dk\/?product=golden-jernblad-bord-eller-hylde-dekoration-nantucket","og_site_name":"LASTCHANCE Deals | Danmark","article_modified_time":"2025-09-19T17:45:36+00:00","og_image":[{"width":764,"height":678,"url":"https:\/\/last-chance.dk\/wp-content\/uploads\/2024\/06\/TBPM3.png","type":"image\/png"}],"twitter_card":"summary_large_image","twitter_misc":{"Estimeret l\u00e6setid":"1 minut"},"schema":{"@context":"https:\/\/schema.org","@graph":[{"@type":"WebPage","@id":"https:\/\/last-chance.dk\/?product=golden-jernblad-bord-eller-hylde-dekoration-nantucket","url":"https:\/\/last-chance.dk\/?product=golden-jernblad-bord-eller-hylde-dekoration-nantucket","name":"Golden jernblad bord eller hylde dekoration Nantucket - LASTCHANCE Deals | Danmark","isPartOf":{"@id":"https:\/\/last-chance.dk\/#website"},"primaryImageOfPage":{"@id":"https:\/\/last-chance.dk\/?product=golden-jernblad-bord-eller-hylde-dekoration-nantucket#primaryimage"},"image":{"@id":"https:\/\/last-chance.dk\/?product=golden-jernblad-bord-eller-hylde-dekoration-nantucket#primaryimage"},"thumbnailUrl":"https:\/\/last-chance.dk\/wp-content\/uploads\/2024\/06\/TBPM3.png","datePublished":"2024-06-19T08:43:41+00:00","dateModified":"2025-09-19T17:45:36+00:00","breadcrumb":{"@id":"https:\/\/last-chance.dk\/?product=golden-jernblad-bord-eller-hylde-dekoration-nantucket#breadcrumb"},"inLanguage":"da-DK","potentialAction":[{"@type":"ReadAction","target":["https:\/\/last-chance.dk\/?product=golden-jernblad-bord-eller-hylde-dekoration-nantucket"]}]},{"@type":"ImageObject","inLanguage":"da-DK","@id":"https:\/\/last-chance.dk\/?product=golden-jernblad-bord-eller-hylde-dekoration-nantucket#primaryimage","url":"https:\/\/last-chance.dk\/wp-content\/uploads\/2024\/06\/TBPM3.png","contentUrl":"https:\/\/last-chance.dk\/wp-content\/uploads\/2024\/06\/TBPM3.png","width":764,"height":678},{"@type":"BreadcrumbList","@id":"https:\/\/last-chance.dk\/?product=golden-jernblad-bord-eller-hylde-dekoration-nantucket#breadcrumb","itemListElement":[{"@type":"ListItem","position":1,"name":"Home","item":"https:\/\/last-chance.dk\/"},{"@type":"ListItem","position":2,"name":"Golden jernblad bord eller hylde dekoration Nantucket"}]},{"@type":"WebSite","@id":"https:\/\/last-chance.dk\/#website","url":"https:\/\/last-chance.dk\/","name":"LASTCHANCE Deals | Danmark","description":"LASTCHANCE Deals | Danmark","publisher":{"@id":"https:\/\/last-chance.dk\/#organization"},"potentialAction":[{"@type":"SearchAction","target":{"@type":"EntryPoint","urlTemplate":"https:\/\/last-chance.dk\/?s={search_term_string}"},"query-input":{"@type":"PropertyValueSpecification","valueRequired":true,"valueName":"search_term_string"}}],"inLanguage":"da-DK"},{"@type":"Organization","@id":"https:\/\/last-chance.dk\/#organization","name":"LASTCHANCE Deals | Danmark","url":"https:\/\/last-chance.dk\/","logo":{"@type":"ImageObject","inLanguage":"da-DK","@id":"https:\/\/last-chance.dk\/#\/schema\/logo\/image\/","url":"https:\/\/last-chance.dk\/wp-content\/uploads\/2023\/10\/lastchancedeals_logo_dk_white.png","contentUrl":"https:\/\/last-chance.dk\/wp-content\/uploads\/2023\/10\/lastchancedeals_logo_dk_white.png","width":470,"height":110,"caption":"LASTCHANCE Deals | Danmark"},"image":{"@id":"https:\/\/last-chance.dk\/#\/schema\/logo\/image\/"}}]}},"_links":{"self":[{"href":"https:\/\/last-chance.dk\/index.php?rest_route=\/wp\/v2\/product\/15361","targetHints":{"allow":["GET"]}}],"collection":[{"href":"https:\/\/last-chance.dk\/index.php?rest_route=\/wp\/v2\/product"}],"about":[{"href":"https:\/\/last-chance.dk\/index.php?rest_route=\/wp\/v2\/types\/product"}],"replies":[{"embeddable":true,"href":"https:\/\/last-chance.dk\/index.php?rest_route=%2Fwp%2Fv2%2Fcomments&post=15361"}],"wp:featuredmedia":[{"embeddable":true,"href":"https:\/\/last-chance.dk\/index.php?rest_route=\/wp\/v2\/media\/15357"}],"wp:attachment":[{"href":"https:\/\/last-chance.dk\/index.php?rest_route=%2Fwp%2Fv2%2Fmedia&parent=15361"}],"wp:term":[{"taxonomy":"product_brand","embeddable":true,"href":"https:\/\/last-chance.dk\/index.php?rest_route=%2Fwp%2Fv2%2Fproduct_brand&post=15361"},{"taxonomy":"product_cat","embeddable":true,"href":"https:\/\/last-chance.dk\/index.php?rest_route=%2Fwp%2Fv2%2Fproduct_cat&post=15361"},{"taxonomy":"product_tag","embeddable":true,"href":"https:\/\/last-chance.dk\/index.php?rest_route=%2Fwp%2Fv2%2Fproduct_tag&post=15361"}],"curies":[{"name":"wp","href":"https:\/\/api.w.org\/{rel}","templated":true}]}}