{"id":15421,"date":"2024-06-20T07:57:43","date_gmt":"2024-06-20T07:57:43","guid":{"rendered":"https:\/\/www.lastchance.deals\/dk\/produkt\/saet-med-2-retro-cykelmodeller-til-bord-eller-hyldepynt-belvedere\/"},"modified":"2025-09-19T18:17:43","modified_gmt":"2025-09-19T18:17:43","slug":"saet-med-2-retro-cykelmodeller-til-bord-eller-hyldepynt-belvedere","status":"publish","type":"product","link":"https:\/\/last-chance.dk\/?product=saet-med-2-retro-cykelmodeller-til-bord-eller-hyldepynt-belvedere","title":{"rendered":"S\u00e6t med 2 retro cykelmodeller til bord- eller hyldepynt Belvedere"},"content":{"rendered":"<p>S\u00e6t med 2 retro cykelmodeller til dekoration p\u00e5 bord eller hyldebord Belvedere<\/p>\n<p><\/p>\n<p>Dette s\u00e6t med 2 retro cykelmodeller er fantastisk som et borddekorationselement til hjemmet eller kontoret. Det er ogs\u00e5 en ideel gaveid\u00e9. S\u00e6ttet er fra m\u00e6rket Eurofashion. Cykelmodellerne er henholdsvis r\u00f8d og sort og m\u00e5ler 18,5 x 12,3 x 6,5 cm (L x H x B). De er lavet af st\u00e5l og har en smuk vintage udseende, der tilf\u00f8jer et unikt pr\u00e6g til enhver indretning.<br \/>\n<b> Leveringstid: 7-10 arbejdsdage<\/b><\/p>\n<p><\/p>\n<p>Produkt specifikationer:<\/p>\n","protected":false},"excerpt":{"rendered":"<p>S\u00e6t med 2 retro cykelmodeller til dekoration p\u00e5 bord eller hyldebord Belvedere Dette s\u00e6t med 2 retro cykelmodeller er fantastisk som et borddekorationselement til hjemmet eller kontoret. Det er ogs\u00e5 en ideel gaveid\u00e9. S\u00e6ttet er fra m\u00e6rket Eurofashion. Cykelmodellerne er henholdsvis r\u00f8d og sort og m\u00e5ler 18,5 x 12,3 x 6,5 cm (L x H [&hellip;]<\/p>\n","protected":false},"featured_media":15419,"comment_status":"open","ping_status":"closed","template":"","meta":[],"product_brand":[],"product_cat":[292],"product_tag":[],"class_list":{"0":"post-15421","1":"product","2":"type-product","3":"status-publish","4":"has-post-thumbnail","6":"product_cat-table-decor","8":"first","9":"instock","10":"shipping-taxable","11":"purchasable","12":"product-type-simple"},"yoast_head":"<!-- This site is optimized with the Yoast SEO plugin v24.8.1 - https:\/\/yoast.com\/wordpress\/plugins\/seo\/ -->\n<title>S\u00e6t med 2 retro cykelmodeller til bord- eller hyldepynt Belvedere - LASTCHANCE Deals | Danmark<\/title>\n<meta name=\"robots\" content=\"index, follow, max-snippet:-1, max-image-preview:large, max-video-preview:-1\" \/>\n<link rel=\"canonical\" href=\"https:\/\/last-chance.dk\/?product=saet-med-2-retro-cykelmodeller-til-bord-eller-hyldepynt-belvedere\" \/>\n<meta property=\"og:locale\" content=\"da_DK\" \/>\n<meta property=\"og:type\" content=\"article\" \/>\n<meta property=\"og:title\" content=\"S\u00e6t med 2 retro cykelmodeller til bord- eller hyldepynt Belvedere - LASTCHANCE Deals | Danmark\" \/>\n<meta property=\"og:description\" content=\"S\u00e6t med 2 retro cykelmodeller til dekoration p\u00e5 bord eller hyldebord Belvedere Dette s\u00e6t med 2 retro cykelmodeller er fantastisk som et borddekorationselement til hjemmet eller kontoret. Det er ogs\u00e5 en ideel gaveid\u00e9. S\u00e6ttet er fra m\u00e6rket Eurofashion. Cykelmodellerne er henholdsvis r\u00f8d og sort og m\u00e5ler 18,5 x 12,3 x 6,5 cm (L x H [&hellip;]\" \/>\n<meta property=\"og:url\" content=\"https:\/\/last-chance.dk\/?product=saet-med-2-retro-cykelmodeller-til-bord-eller-hyldepynt-belvedere\" \/>\n<meta property=\"og:site_name\" content=\"LASTCHANCE Deals | Danmark\" \/>\n<meta property=\"article:modified_time\" content=\"2025-09-19T18:17:43+00:00\" \/>\n<meta property=\"og:image\" content=\"https:\/\/last-chance.dk\/wp-content\/uploads\/2024\/06\/1TBTD2.png\" \/>\n\t<meta property=\"og:image:width\" content=\"776\" \/>\n\t<meta property=\"og:image:height\" content=\"573\" \/>\n\t<meta property=\"og:image:type\" content=\"image\/png\" \/>\n<meta name=\"twitter:card\" content=\"summary_large_image\" \/>\n<script type=\"application\/ld+json\" class=\"yoast-schema-graph\">{\"@context\":\"https:\/\/schema.org\",\"@graph\":[{\"@type\":\"WebPage\",\"@id\":\"https:\/\/last-chance.dk\/?product=saet-med-2-retro-cykelmodeller-til-bord-eller-hyldepynt-belvedere\",\"url\":\"https:\/\/last-chance.dk\/?product=saet-med-2-retro-cykelmodeller-til-bord-eller-hyldepynt-belvedere\",\"name\":\"S\u00e6t med 2 retro cykelmodeller til bord- eller hyldepynt Belvedere - LASTCHANCE Deals | Danmark\",\"isPartOf\":{\"@id\":\"https:\/\/last-chance.dk\/#website\"},\"primaryImageOfPage\":{\"@id\":\"https:\/\/last-chance.dk\/?product=saet-med-2-retro-cykelmodeller-til-bord-eller-hyldepynt-belvedere#primaryimage\"},\"image\":{\"@id\":\"https:\/\/last-chance.dk\/?product=saet-med-2-retro-cykelmodeller-til-bord-eller-hyldepynt-belvedere#primaryimage\"},\"thumbnailUrl\":\"https:\/\/last-chance.dk\/wp-content\/uploads\/2024\/06\/1TBTD2.png\",\"datePublished\":\"2024-06-20T07:57:43+00:00\",\"dateModified\":\"2025-09-19T18:17:43+00:00\",\"breadcrumb\":{\"@id\":\"https:\/\/last-chance.dk\/?product=saet-med-2-retro-cykelmodeller-til-bord-eller-hyldepynt-belvedere#breadcrumb\"},\"inLanguage\":\"da-DK\",\"potentialAction\":[{\"@type\":\"ReadAction\",\"target\":[\"https:\/\/last-chance.dk\/?product=saet-med-2-retro-cykelmodeller-til-bord-eller-hyldepynt-belvedere\"]}]},{\"@type\":\"ImageObject\",\"inLanguage\":\"da-DK\",\"@id\":\"https:\/\/last-chance.dk\/?product=saet-med-2-retro-cykelmodeller-til-bord-eller-hyldepynt-belvedere#primaryimage\",\"url\":\"https:\/\/last-chance.dk\/wp-content\/uploads\/2024\/06\/1TBTD2.png\",\"contentUrl\":\"https:\/\/last-chance.dk\/wp-content\/uploads\/2024\/06\/1TBTD2.png\",\"width\":776,\"height\":573},{\"@type\":\"BreadcrumbList\",\"@id\":\"https:\/\/last-chance.dk\/?product=saet-med-2-retro-cykelmodeller-til-bord-eller-hyldepynt-belvedere#breadcrumb\",\"itemListElement\":[{\"@type\":\"ListItem\",\"position\":1,\"name\":\"Home\",\"item\":\"https:\/\/last-chance.dk\/\"},{\"@type\":\"ListItem\",\"position\":2,\"name\":\"S\u00e6t med 2 retro cykelmodeller til bord- eller hyldepynt Belvedere\"}]},{\"@type\":\"WebSite\",\"@id\":\"https:\/\/last-chance.dk\/#website\",\"url\":\"https:\/\/last-chance.dk\/\",\"name\":\"LASTCHANCE Deals | Danmark\",\"description\":\"LASTCHANCE Deals | Danmark\",\"publisher\":{\"@id\":\"https:\/\/last-chance.dk\/#organization\"},\"potentialAction\":[{\"@type\":\"SearchAction\",\"target\":{\"@type\":\"EntryPoint\",\"urlTemplate\":\"https:\/\/last-chance.dk\/?s={search_term_string}\"},\"query-input\":{\"@type\":\"PropertyValueSpecification\",\"valueRequired\":true,\"valueName\":\"search_term_string\"}}],\"inLanguage\":\"da-DK\"},{\"@type\":\"Organization\",\"@id\":\"https:\/\/last-chance.dk\/#organization\",\"name\":\"LASTCHANCE Deals | Danmark\",\"url\":\"https:\/\/last-chance.dk\/\",\"logo\":{\"@type\":\"ImageObject\",\"inLanguage\":\"da-DK\",\"@id\":\"https:\/\/last-chance.dk\/#\/schema\/logo\/image\/\",\"url\":\"https:\/\/last-chance.dk\/wp-content\/uploads\/2023\/10\/lastchancedeals_logo_dk_white.png\",\"contentUrl\":\"https:\/\/last-chance.dk\/wp-content\/uploads\/2023\/10\/lastchancedeals_logo_dk_white.png\",\"width\":470,\"height\":110,\"caption\":\"LASTCHANCE Deals | Danmark\"},\"image\":{\"@id\":\"https:\/\/last-chance.dk\/#\/schema\/logo\/image\/\"}}]}<\/script>\n<!-- \/ Yoast SEO plugin. -->","yoast_head_json":{"title":"S\u00e6t med 2 retro cykelmodeller til bord- eller hyldepynt Belvedere - LASTCHANCE Deals | Danmark","robots":{"index":"index","follow":"follow","max-snippet":"max-snippet:-1","max-image-preview":"max-image-preview:large","max-video-preview":"max-video-preview:-1"},"canonical":"https:\/\/last-chance.dk\/?product=saet-med-2-retro-cykelmodeller-til-bord-eller-hyldepynt-belvedere","og_locale":"da_DK","og_type":"article","og_title":"S\u00e6t med 2 retro cykelmodeller til bord- eller hyldepynt Belvedere - LASTCHANCE Deals | Danmark","og_description":"S\u00e6t med 2 retro cykelmodeller til dekoration p\u00e5 bord eller hyldebord Belvedere Dette s\u00e6t med 2 retro cykelmodeller er fantastisk som et borddekorationselement til hjemmet eller kontoret. Det er ogs\u00e5 en ideel gaveid\u00e9. S\u00e6ttet er fra m\u00e6rket Eurofashion. Cykelmodellerne er henholdsvis r\u00f8d og sort og m\u00e5ler 18,5 x 12,3 x 6,5 cm (L x H [&hellip;]","og_url":"https:\/\/last-chance.dk\/?product=saet-med-2-retro-cykelmodeller-til-bord-eller-hyldepynt-belvedere","og_site_name":"LASTCHANCE Deals | Danmark","article_modified_time":"2025-09-19T18:17:43+00:00","og_image":[{"width":776,"height":573,"url":"https:\/\/last-chance.dk\/wp-content\/uploads\/2024\/06\/1TBTD2.png","type":"image\/png"}],"twitter_card":"summary_large_image","schema":{"@context":"https:\/\/schema.org","@graph":[{"@type":"WebPage","@id":"https:\/\/last-chance.dk\/?product=saet-med-2-retro-cykelmodeller-til-bord-eller-hyldepynt-belvedere","url":"https:\/\/last-chance.dk\/?product=saet-med-2-retro-cykelmodeller-til-bord-eller-hyldepynt-belvedere","name":"S\u00e6t med 2 retro cykelmodeller til bord- eller hyldepynt Belvedere - LASTCHANCE Deals | Danmark","isPartOf":{"@id":"https:\/\/last-chance.dk\/#website"},"primaryImageOfPage":{"@id":"https:\/\/last-chance.dk\/?product=saet-med-2-retro-cykelmodeller-til-bord-eller-hyldepynt-belvedere#primaryimage"},"image":{"@id":"https:\/\/last-chance.dk\/?product=saet-med-2-retro-cykelmodeller-til-bord-eller-hyldepynt-belvedere#primaryimage"},"thumbnailUrl":"https:\/\/last-chance.dk\/wp-content\/uploads\/2024\/06\/1TBTD2.png","datePublished":"2024-06-20T07:57:43+00:00","dateModified":"2025-09-19T18:17:43+00:00","breadcrumb":{"@id":"https:\/\/last-chance.dk\/?product=saet-med-2-retro-cykelmodeller-til-bord-eller-hyldepynt-belvedere#breadcrumb"},"inLanguage":"da-DK","potentialAction":[{"@type":"ReadAction","target":["https:\/\/last-chance.dk\/?product=saet-med-2-retro-cykelmodeller-til-bord-eller-hyldepynt-belvedere"]}]},{"@type":"ImageObject","inLanguage":"da-DK","@id":"https:\/\/last-chance.dk\/?product=saet-med-2-retro-cykelmodeller-til-bord-eller-hyldepynt-belvedere#primaryimage","url":"https:\/\/last-chance.dk\/wp-content\/uploads\/2024\/06\/1TBTD2.png","contentUrl":"https:\/\/last-chance.dk\/wp-content\/uploads\/2024\/06\/1TBTD2.png","width":776,"height":573},{"@type":"BreadcrumbList","@id":"https:\/\/last-chance.dk\/?product=saet-med-2-retro-cykelmodeller-til-bord-eller-hyldepynt-belvedere#breadcrumb","itemListElement":[{"@type":"ListItem","position":1,"name":"Home","item":"https:\/\/last-chance.dk\/"},{"@type":"ListItem","position":2,"name":"S\u00e6t med 2 retro cykelmodeller til bord- eller hyldepynt Belvedere"}]},{"@type":"WebSite","@id":"https:\/\/last-chance.dk\/#website","url":"https:\/\/last-chance.dk\/","name":"LASTCHANCE Deals | Danmark","description":"LASTCHANCE Deals | Danmark","publisher":{"@id":"https:\/\/last-chance.dk\/#organization"},"potentialAction":[{"@type":"SearchAction","target":{"@type":"EntryPoint","urlTemplate":"https:\/\/last-chance.dk\/?s={search_term_string}"},"query-input":{"@type":"PropertyValueSpecification","valueRequired":true,"valueName":"search_term_string"}}],"inLanguage":"da-DK"},{"@type":"Organization","@id":"https:\/\/last-chance.dk\/#organization","name":"LASTCHANCE Deals | Danmark","url":"https:\/\/last-chance.dk\/","logo":{"@type":"ImageObject","inLanguage":"da-DK","@id":"https:\/\/last-chance.dk\/#\/schema\/logo\/image\/","url":"https:\/\/last-chance.dk\/wp-content\/uploads\/2023\/10\/lastchancedeals_logo_dk_white.png","contentUrl":"https:\/\/last-chance.dk\/wp-content\/uploads\/2023\/10\/lastchancedeals_logo_dk_white.png","width":470,"height":110,"caption":"LASTCHANCE Deals | Danmark"},"image":{"@id":"https:\/\/last-chance.dk\/#\/schema\/logo\/image\/"}}]}},"_links":{"self":[{"href":"https:\/\/last-chance.dk\/index.php?rest_route=\/wp\/v2\/product\/15421","targetHints":{"allow":["GET"]}}],"collection":[{"href":"https:\/\/last-chance.dk\/index.php?rest_route=\/wp\/v2\/product"}],"about":[{"href":"https:\/\/last-chance.dk\/index.php?rest_route=\/wp\/v2\/types\/product"}],"replies":[{"embeddable":true,"href":"https:\/\/last-chance.dk\/index.php?rest_route=%2Fwp%2Fv2%2Fcomments&post=15421"}],"wp:featuredmedia":[{"embeddable":true,"href":"https:\/\/last-chance.dk\/index.php?rest_route=\/wp\/v2\/media\/15419"}],"wp:attachment":[{"href":"https:\/\/last-chance.dk\/index.php?rest_route=%2Fwp%2Fv2%2Fmedia&parent=15421"}],"wp:term":[{"taxonomy":"product_brand","embeddable":true,"href":"https:\/\/last-chance.dk\/index.php?rest_route=%2Fwp%2Fv2%2Fproduct_brand&post=15421"},{"taxonomy":"product_cat","embeddable":true,"href":"https:\/\/last-chance.dk\/index.php?rest_route=%2Fwp%2Fv2%2Fproduct_cat&post=15421"},{"taxonomy":"product_tag","embeddable":true,"href":"https:\/\/last-chance.dk\/index.php?rest_route=%2Fwp%2Fv2%2Fproduct_tag&post=15421"}],"curies":[{"name":"wp","href":"https:\/\/api.w.org\/{rel}","templated":true}]}}