{"id":15429,"date":"2024-06-20T08:02:01","date_gmt":"2024-06-20T08:02:01","guid":{"rendered":"https:\/\/www.lastchance.deals\/dk\/produkt\/retro-tv-model-til-bord-eller-hylde-dekoration-luxuriate\/"},"modified":"2025-09-19T18:15:45","modified_gmt":"2025-09-19T18:15:45","slug":"retro-tv-model-til-bord-eller-hylde-dekoration-luxuriate","status":"publish","type":"product","link":"https:\/\/last-chance.dk\/?product=retro-tv-model-til-bord-eller-hylde-dekoration-luxuriate","title":{"rendered":"Retro TV-model til bord- eller hylde dekoration Luxuriate"},"content":{"rendered":"<p>Retro TV-model til bord- eller hyldeindretning Luxuriate<\/p>\n<p><\/p>\n<p>Vores Retro TV-model til bord- eller hyldeindretning fra Eurofashion er et perfekt supplement til ethvert hjem eller kontor. Dette dekorative emne giver et nostalgisk pust til din indretning og er den ideelle gaveid\u00e9 til dem, der s\u00e6tter pris p\u00e5 unikke vintage genstande. <\/p>\n<p><\/p>\n<p>Den tilf\u00f8jer et strejf af retro-charme, mens dens kompakte st\u00f8rrelse p\u00e5 18 x 11.8 x 12.5 cm (L x H x W) g\u00f8r det let at placere p\u00e5 et hvilket som helst bord eller hylde. Vifte din k\u00e6rlighed til oldschool TV med dette smagfulde indslag i din indretning.<\/p>\n<p><\/p>\n<p><b>Leveringstid: 7-10 arbejdsdage<\/b><\/p>\n<p><\/p>\n<p>Produktspecifikationer:<\/p>\n","protected":false},"excerpt":{"rendered":"<p>Retro TV-model til bord- eller hyldeindretning Luxuriate Vores Retro TV-model til bord- eller hyldeindretning fra Eurofashion er et perfekt supplement til ethvert hjem eller kontor. Dette dekorative emne giver et nostalgisk pust til din indretning og er den ideelle gaveid\u00e9 til dem, der s\u00e6tter pris p\u00e5 unikke vintage genstande. Den tilf\u00f8jer et strejf af retro-charme, [&hellip;]<\/p>\n","protected":false},"featured_media":15428,"comment_status":"open","ping_status":"closed","template":"","meta":[],"product_brand":[],"product_cat":[292],"product_tag":[],"class_list":{"0":"post-15429","1":"product","2":"type-product","3":"status-publish","4":"has-post-thumbnail","6":"product_cat-table-decor","8":"first","9":"instock","10":"shipping-taxable","11":"purchasable","12":"product-type-simple"},"yoast_head":"<!-- This site is optimized with the Yoast SEO plugin v24.8.1 - https:\/\/yoast.com\/wordpress\/plugins\/seo\/ -->\n<title>Retro TV-model til bord- eller hylde dekoration Luxuriate - LASTCHANCE Deals | Danmark<\/title>\n<meta name=\"robots\" content=\"index, follow, max-snippet:-1, max-image-preview:large, max-video-preview:-1\" \/>\n<link rel=\"canonical\" href=\"https:\/\/last-chance.dk\/?product=retro-tv-model-til-bord-eller-hylde-dekoration-luxuriate\" \/>\n<meta property=\"og:locale\" content=\"da_DK\" \/>\n<meta property=\"og:type\" content=\"article\" \/>\n<meta property=\"og:title\" content=\"Retro TV-model til bord- eller hylde dekoration Luxuriate - LASTCHANCE Deals | Danmark\" \/>\n<meta property=\"og:description\" content=\"Retro TV-model til bord- eller hyldeindretning Luxuriate Vores Retro TV-model til bord- eller hyldeindretning fra Eurofashion er et perfekt supplement til ethvert hjem eller kontor. Dette dekorative emne giver et nostalgisk pust til din indretning og er den ideelle gaveid\u00e9 til dem, der s\u00e6tter pris p\u00e5 unikke vintage genstande. Den tilf\u00f8jer et strejf af retro-charme, [&hellip;]\" \/>\n<meta property=\"og:url\" content=\"https:\/\/last-chance.dk\/?product=retro-tv-model-til-bord-eller-hylde-dekoration-luxuriate\" \/>\n<meta property=\"og:site_name\" content=\"LASTCHANCE Deals | Danmark\" \/>\n<meta property=\"article:modified_time\" content=\"2025-09-19T18:15:45+00:00\" \/>\n<meta property=\"og:image\" content=\"https:\/\/last-chance.dk\/wp-content\/uploads\/2024\/06\/1TBTD6.png\" \/>\n\t<meta property=\"og:image:width\" content=\"764\" \/>\n\t<meta property=\"og:image:height\" content=\"594\" \/>\n\t<meta property=\"og:image:type\" content=\"image\/png\" \/>\n<meta name=\"twitter:card\" content=\"summary_large_image\" \/>\n<meta name=\"twitter:label1\" content=\"Estimeret l\u00e6setid\" \/>\n\t<meta name=\"twitter:data1\" content=\"1 minut\" \/>\n<script type=\"application\/ld+json\" class=\"yoast-schema-graph\">{\"@context\":\"https:\/\/schema.org\",\"@graph\":[{\"@type\":\"WebPage\",\"@id\":\"https:\/\/last-chance.dk\/?product=retro-tv-model-til-bord-eller-hylde-dekoration-luxuriate\",\"url\":\"https:\/\/last-chance.dk\/?product=retro-tv-model-til-bord-eller-hylde-dekoration-luxuriate\",\"name\":\"Retro TV-model til bord- eller hylde dekoration Luxuriate - LASTCHANCE Deals | Danmark\",\"isPartOf\":{\"@id\":\"https:\/\/last-chance.dk\/#website\"},\"primaryImageOfPage\":{\"@id\":\"https:\/\/last-chance.dk\/?product=retro-tv-model-til-bord-eller-hylde-dekoration-luxuriate#primaryimage\"},\"image\":{\"@id\":\"https:\/\/last-chance.dk\/?product=retro-tv-model-til-bord-eller-hylde-dekoration-luxuriate#primaryimage\"},\"thumbnailUrl\":\"https:\/\/last-chance.dk\/wp-content\/uploads\/2024\/06\/1TBTD6.png\",\"datePublished\":\"2024-06-20T08:02:01+00:00\",\"dateModified\":\"2025-09-19T18:15:45+00:00\",\"breadcrumb\":{\"@id\":\"https:\/\/last-chance.dk\/?product=retro-tv-model-til-bord-eller-hylde-dekoration-luxuriate#breadcrumb\"},\"inLanguage\":\"da-DK\",\"potentialAction\":[{\"@type\":\"ReadAction\",\"target\":[\"https:\/\/last-chance.dk\/?product=retro-tv-model-til-bord-eller-hylde-dekoration-luxuriate\"]}]},{\"@type\":\"ImageObject\",\"inLanguage\":\"da-DK\",\"@id\":\"https:\/\/last-chance.dk\/?product=retro-tv-model-til-bord-eller-hylde-dekoration-luxuriate#primaryimage\",\"url\":\"https:\/\/last-chance.dk\/wp-content\/uploads\/2024\/06\/1TBTD6.png\",\"contentUrl\":\"https:\/\/last-chance.dk\/wp-content\/uploads\/2024\/06\/1TBTD6.png\",\"width\":764,\"height\":594},{\"@type\":\"BreadcrumbList\",\"@id\":\"https:\/\/last-chance.dk\/?product=retro-tv-model-til-bord-eller-hylde-dekoration-luxuriate#breadcrumb\",\"itemListElement\":[{\"@type\":\"ListItem\",\"position\":1,\"name\":\"Home\",\"item\":\"https:\/\/last-chance.dk\/\"},{\"@type\":\"ListItem\",\"position\":2,\"name\":\"Retro TV-model til bord- eller hylde dekoration Luxuriate\"}]},{\"@type\":\"WebSite\",\"@id\":\"https:\/\/last-chance.dk\/#website\",\"url\":\"https:\/\/last-chance.dk\/\",\"name\":\"LASTCHANCE Deals | Danmark\",\"description\":\"LASTCHANCE Deals | Danmark\",\"publisher\":{\"@id\":\"https:\/\/last-chance.dk\/#organization\"},\"potentialAction\":[{\"@type\":\"SearchAction\",\"target\":{\"@type\":\"EntryPoint\",\"urlTemplate\":\"https:\/\/last-chance.dk\/?s={search_term_string}\"},\"query-input\":{\"@type\":\"PropertyValueSpecification\",\"valueRequired\":true,\"valueName\":\"search_term_string\"}}],\"inLanguage\":\"da-DK\"},{\"@type\":\"Organization\",\"@id\":\"https:\/\/last-chance.dk\/#organization\",\"name\":\"LASTCHANCE Deals | Danmark\",\"url\":\"https:\/\/last-chance.dk\/\",\"logo\":{\"@type\":\"ImageObject\",\"inLanguage\":\"da-DK\",\"@id\":\"https:\/\/last-chance.dk\/#\/schema\/logo\/image\/\",\"url\":\"https:\/\/last-chance.dk\/wp-content\/uploads\/2023\/10\/lastchancedeals_logo_dk_white.png\",\"contentUrl\":\"https:\/\/last-chance.dk\/wp-content\/uploads\/2023\/10\/lastchancedeals_logo_dk_white.png\",\"width\":470,\"height\":110,\"caption\":\"LASTCHANCE Deals | Danmark\"},\"image\":{\"@id\":\"https:\/\/last-chance.dk\/#\/schema\/logo\/image\/\"}}]}<\/script>\n<!-- \/ Yoast SEO plugin. -->","yoast_head_json":{"title":"Retro TV-model til bord- eller hylde dekoration Luxuriate - LASTCHANCE Deals | Danmark","robots":{"index":"index","follow":"follow","max-snippet":"max-snippet:-1","max-image-preview":"max-image-preview:large","max-video-preview":"max-video-preview:-1"},"canonical":"https:\/\/last-chance.dk\/?product=retro-tv-model-til-bord-eller-hylde-dekoration-luxuriate","og_locale":"da_DK","og_type":"article","og_title":"Retro TV-model til bord- eller hylde dekoration Luxuriate - LASTCHANCE Deals | Danmark","og_description":"Retro TV-model til bord- eller hyldeindretning Luxuriate Vores Retro TV-model til bord- eller hyldeindretning fra Eurofashion er et perfekt supplement til ethvert hjem eller kontor. Dette dekorative emne giver et nostalgisk pust til din indretning og er den ideelle gaveid\u00e9 til dem, der s\u00e6tter pris p\u00e5 unikke vintage genstande. Den tilf\u00f8jer et strejf af retro-charme, [&hellip;]","og_url":"https:\/\/last-chance.dk\/?product=retro-tv-model-til-bord-eller-hylde-dekoration-luxuriate","og_site_name":"LASTCHANCE Deals | Danmark","article_modified_time":"2025-09-19T18:15:45+00:00","og_image":[{"width":764,"height":594,"url":"https:\/\/last-chance.dk\/wp-content\/uploads\/2024\/06\/1TBTD6.png","type":"image\/png"}],"twitter_card":"summary_large_image","twitter_misc":{"Estimeret l\u00e6setid":"1 minut"},"schema":{"@context":"https:\/\/schema.org","@graph":[{"@type":"WebPage","@id":"https:\/\/last-chance.dk\/?product=retro-tv-model-til-bord-eller-hylde-dekoration-luxuriate","url":"https:\/\/last-chance.dk\/?product=retro-tv-model-til-bord-eller-hylde-dekoration-luxuriate","name":"Retro TV-model til bord- eller hylde dekoration Luxuriate - LASTCHANCE Deals | Danmark","isPartOf":{"@id":"https:\/\/last-chance.dk\/#website"},"primaryImageOfPage":{"@id":"https:\/\/last-chance.dk\/?product=retro-tv-model-til-bord-eller-hylde-dekoration-luxuriate#primaryimage"},"image":{"@id":"https:\/\/last-chance.dk\/?product=retro-tv-model-til-bord-eller-hylde-dekoration-luxuriate#primaryimage"},"thumbnailUrl":"https:\/\/last-chance.dk\/wp-content\/uploads\/2024\/06\/1TBTD6.png","datePublished":"2024-06-20T08:02:01+00:00","dateModified":"2025-09-19T18:15:45+00:00","breadcrumb":{"@id":"https:\/\/last-chance.dk\/?product=retro-tv-model-til-bord-eller-hylde-dekoration-luxuriate#breadcrumb"},"inLanguage":"da-DK","potentialAction":[{"@type":"ReadAction","target":["https:\/\/last-chance.dk\/?product=retro-tv-model-til-bord-eller-hylde-dekoration-luxuriate"]}]},{"@type":"ImageObject","inLanguage":"da-DK","@id":"https:\/\/last-chance.dk\/?product=retro-tv-model-til-bord-eller-hylde-dekoration-luxuriate#primaryimage","url":"https:\/\/last-chance.dk\/wp-content\/uploads\/2024\/06\/1TBTD6.png","contentUrl":"https:\/\/last-chance.dk\/wp-content\/uploads\/2024\/06\/1TBTD6.png","width":764,"height":594},{"@type":"BreadcrumbList","@id":"https:\/\/last-chance.dk\/?product=retro-tv-model-til-bord-eller-hylde-dekoration-luxuriate#breadcrumb","itemListElement":[{"@type":"ListItem","position":1,"name":"Home","item":"https:\/\/last-chance.dk\/"},{"@type":"ListItem","position":2,"name":"Retro TV-model til bord- eller hylde dekoration Luxuriate"}]},{"@type":"WebSite","@id":"https:\/\/last-chance.dk\/#website","url":"https:\/\/last-chance.dk\/","name":"LASTCHANCE Deals | Danmark","description":"LASTCHANCE Deals | Danmark","publisher":{"@id":"https:\/\/last-chance.dk\/#organization"},"potentialAction":[{"@type":"SearchAction","target":{"@type":"EntryPoint","urlTemplate":"https:\/\/last-chance.dk\/?s={search_term_string}"},"query-input":{"@type":"PropertyValueSpecification","valueRequired":true,"valueName":"search_term_string"}}],"inLanguage":"da-DK"},{"@type":"Organization","@id":"https:\/\/last-chance.dk\/#organization","name":"LASTCHANCE Deals | Danmark","url":"https:\/\/last-chance.dk\/","logo":{"@type":"ImageObject","inLanguage":"da-DK","@id":"https:\/\/last-chance.dk\/#\/schema\/logo\/image\/","url":"https:\/\/last-chance.dk\/wp-content\/uploads\/2023\/10\/lastchancedeals_logo_dk_white.png","contentUrl":"https:\/\/last-chance.dk\/wp-content\/uploads\/2023\/10\/lastchancedeals_logo_dk_white.png","width":470,"height":110,"caption":"LASTCHANCE Deals | Danmark"},"image":{"@id":"https:\/\/last-chance.dk\/#\/schema\/logo\/image\/"}}]}},"_links":{"self":[{"href":"https:\/\/last-chance.dk\/index.php?rest_route=\/wp\/v2\/product\/15429","targetHints":{"allow":["GET"]}}],"collection":[{"href":"https:\/\/last-chance.dk\/index.php?rest_route=\/wp\/v2\/product"}],"about":[{"href":"https:\/\/last-chance.dk\/index.php?rest_route=\/wp\/v2\/types\/product"}],"replies":[{"embeddable":true,"href":"https:\/\/last-chance.dk\/index.php?rest_route=%2Fwp%2Fv2%2Fcomments&post=15429"}],"wp:featuredmedia":[{"embeddable":true,"href":"https:\/\/last-chance.dk\/index.php?rest_route=\/wp\/v2\/media\/15428"}],"wp:attachment":[{"href":"https:\/\/last-chance.dk\/index.php?rest_route=%2Fwp%2Fv2%2Fmedia&parent=15429"}],"wp:term":[{"taxonomy":"product_brand","embeddable":true,"href":"https:\/\/last-chance.dk\/index.php?rest_route=%2Fwp%2Fv2%2Fproduct_brand&post=15429"},{"taxonomy":"product_cat","embeddable":true,"href":"https:\/\/last-chance.dk\/index.php?rest_route=%2Fwp%2Fv2%2Fproduct_cat&post=15429"},{"taxonomy":"product_tag","embeddable":true,"href":"https:\/\/last-chance.dk\/index.php?rest_route=%2Fwp%2Fv2%2Fproduct_tag&post=15429"}],"curies":[{"name":"wp","href":"https:\/\/api.w.org\/{rel}","templated":true}]}}