{"id":15465,"date":"2024-06-25T19:55:18","date_gmt":"2024-06-25T19:55:18","guid":{"rendered":"https:\/\/www.lastchance.deals\/dk\/produkt\/tv-bord-exquisito\/"},"modified":"2025-09-19T18:54:57","modified_gmt":"2025-09-19T18:54:57","slug":"tv-bord-exquisito","status":"publish","type":"product","link":"https:\/\/last-chance.dk\/?product=tv-bord-exquisito","title":{"rendered":"TV-bord Exquisito"},"content":{"rendered":"<p>Dette er et unikt og stilfuldt produkt lavet i EU af den flamboyante producent LuxCasa. TV-bordet Exquisito er et topkvalitetsm\u00f8bel, der er designet til at passe perfekt ind i dit moderne hjem. Den dybe, sorte farve passer til enhver indretning og kan g\u00f8re en utrolig forskel i ethvert rum. <\/p>\n<p><\/p>\n<p><\/p>\n<p>Dets udvendige dimensioner er 140x50x35 cm, hvilket giver dig masser af plads til dit TV og udstyr. Bordet skal samles, men det er et lille h\u00e5ndv\u00e6rksprojekt, der vil give dig en f\u00f8lelse af tilfredsstillelse, n\u00e5r det er f\u00e6rdigt. Belysning er ikke inkluderet.<\/p>\n<p><\/p>\n<p><\/p>\n<p>Du kan k\u00f8be med tillid, som vi giver dig en 12 m\u00e5neders garanti p\u00e5 dette smukke TV-bord. Vi er stolte over vores produkter og vil gerne give dig den bedst mulige service. <\/p>\n<p><\/p>\n<p><\/p>\n<p>Dette TV-bord er intet mindre end en statementsm\u00f8bel. Dets sorte farve g\u00f8r det til et g-dannelsesm\u00f8bel i dit hjem, og det bringer bestemt elegance og klasse til ethvert rum. Med sit brugervenlige design, sin h\u00f8je kvalitet og dens stilfulde udseende er TV-bord Exquisito bestemt v\u00e6rd at investere i.<\/p>\n<p><\/p>\n<p>Leveringstid: Leveringstid 1-2 uger<br \/>\nFarve: sort<br \/>\nBelysning: ikke inkluderet<br \/>\nUdvendige dimensioner: 140x50x35 cm<br \/>\nMontage: skal samles<br \/>\nGaranti: 12 m\u00e5neder<br \/>\nLavet: i EU<br \/>\nFabrikant: LuxCasa<\/p>\n","protected":false},"excerpt":{"rendered":"<p>Dette er et unikt og stilfuldt produkt lavet i EU af den flamboyante producent LuxCasa. TV-bordet Exquisito er et topkvalitetsm\u00f8bel, der er designet til at passe perfekt ind i dit moderne hjem. Den dybe, sorte farve passer til enhver indretning og kan g\u00f8re en utrolig forskel i ethvert rum. Dets udvendige dimensioner er 140x50x35 cm, [&hellip;]<\/p>\n","protected":false},"featured_media":15464,"comment_status":"open","ping_status":"closed","template":"","meta":[],"product_brand":[],"product_cat":[152],"product_tag":[],"class_list":{"0":"post-15465","1":"product","2":"type-product","3":"status-publish","4":"has-post-thumbnail","6":"product_cat-tv-stands","8":"first","9":"instock","10":"shipping-taxable","11":"purchasable","12":"product-type-simple"},"yoast_head":"<!-- This site is optimized with the Yoast SEO plugin v24.8.1 - https:\/\/yoast.com\/wordpress\/plugins\/seo\/ -->\n<title>TV-bord Exquisito - LASTCHANCE Deals | Danmark<\/title>\n<meta name=\"robots\" content=\"index, follow, max-snippet:-1, max-image-preview:large, max-video-preview:-1\" \/>\n<link rel=\"canonical\" href=\"https:\/\/last-chance.dk\/?product=tv-bord-exquisito\" \/>\n<meta property=\"og:locale\" content=\"da_DK\" \/>\n<meta property=\"og:type\" content=\"article\" \/>\n<meta property=\"og:title\" content=\"TV-bord Exquisito - LASTCHANCE Deals | Danmark\" \/>\n<meta property=\"og:description\" content=\"Dette er et unikt og stilfuldt produkt lavet i EU af den flamboyante producent LuxCasa. TV-bordet Exquisito er et topkvalitetsm\u00f8bel, der er designet til at passe perfekt ind i dit moderne hjem. Den dybe, sorte farve passer til enhver indretning og kan g\u00f8re en utrolig forskel i ethvert rum. Dets udvendige dimensioner er 140x50x35 cm, [&hellip;]\" \/>\n<meta property=\"og:url\" content=\"https:\/\/last-chance.dk\/?product=tv-bord-exquisito\" \/>\n<meta property=\"og:site_name\" content=\"LASTCHANCE Deals | Danmark\" \/>\n<meta property=\"article:modified_time\" content=\"2025-09-19T18:54:57+00:00\" \/>\n<meta property=\"og:image\" content=\"https:\/\/last-chance.dk\/wp-content\/uploads\/2024\/06\/1_2_88-37.jpg\" \/>\n\t<meta property=\"og:image:width\" content=\"980\" \/>\n\t<meta property=\"og:image:height\" content=\"739\" \/>\n\t<meta property=\"og:image:type\" content=\"image\/jpeg\" \/>\n<meta name=\"twitter:card\" content=\"summary_large_image\" \/>\n<meta name=\"twitter:label1\" content=\"Estimeret l\u00e6setid\" \/>\n\t<meta name=\"twitter:data1\" content=\"1 minut\" \/>\n<script type=\"application\/ld+json\" class=\"yoast-schema-graph\">{\"@context\":\"https:\/\/schema.org\",\"@graph\":[{\"@type\":\"WebPage\",\"@id\":\"https:\/\/last-chance.dk\/?product=tv-bord-exquisito\",\"url\":\"https:\/\/last-chance.dk\/?product=tv-bord-exquisito\",\"name\":\"TV-bord Exquisito - LASTCHANCE Deals | Danmark\",\"isPartOf\":{\"@id\":\"https:\/\/last-chance.dk\/#website\"},\"primaryImageOfPage\":{\"@id\":\"https:\/\/last-chance.dk\/?product=tv-bord-exquisito#primaryimage\"},\"image\":{\"@id\":\"https:\/\/last-chance.dk\/?product=tv-bord-exquisito#primaryimage\"},\"thumbnailUrl\":\"https:\/\/last-chance.dk\/wp-content\/uploads\/2024\/06\/1_2_88-37.jpg\",\"datePublished\":\"2024-06-25T19:55:18+00:00\",\"dateModified\":\"2025-09-19T18:54:57+00:00\",\"breadcrumb\":{\"@id\":\"https:\/\/last-chance.dk\/?product=tv-bord-exquisito#breadcrumb\"},\"inLanguage\":\"da-DK\",\"potentialAction\":[{\"@type\":\"ReadAction\",\"target\":[\"https:\/\/last-chance.dk\/?product=tv-bord-exquisito\"]}]},{\"@type\":\"ImageObject\",\"inLanguage\":\"da-DK\",\"@id\":\"https:\/\/last-chance.dk\/?product=tv-bord-exquisito#primaryimage\",\"url\":\"https:\/\/last-chance.dk\/wp-content\/uploads\/2024\/06\/1_2_88-37.jpg\",\"contentUrl\":\"https:\/\/last-chance.dk\/wp-content\/uploads\/2024\/06\/1_2_88-37.jpg\",\"width\":5775,\"height\":4354},{\"@type\":\"BreadcrumbList\",\"@id\":\"https:\/\/last-chance.dk\/?product=tv-bord-exquisito#breadcrumb\",\"itemListElement\":[{\"@type\":\"ListItem\",\"position\":1,\"name\":\"Home\",\"item\":\"https:\/\/last-chance.dk\/\"},{\"@type\":\"ListItem\",\"position\":2,\"name\":\"TV-bord Exquisito\"}]},{\"@type\":\"WebSite\",\"@id\":\"https:\/\/last-chance.dk\/#website\",\"url\":\"https:\/\/last-chance.dk\/\",\"name\":\"LASTCHANCE Deals | Danmark\",\"description\":\"LASTCHANCE Deals | Danmark\",\"publisher\":{\"@id\":\"https:\/\/last-chance.dk\/#organization\"},\"potentialAction\":[{\"@type\":\"SearchAction\",\"target\":{\"@type\":\"EntryPoint\",\"urlTemplate\":\"https:\/\/last-chance.dk\/?s={search_term_string}\"},\"query-input\":{\"@type\":\"PropertyValueSpecification\",\"valueRequired\":true,\"valueName\":\"search_term_string\"}}],\"inLanguage\":\"da-DK\"},{\"@type\":\"Organization\",\"@id\":\"https:\/\/last-chance.dk\/#organization\",\"name\":\"LASTCHANCE Deals | Danmark\",\"url\":\"https:\/\/last-chance.dk\/\",\"logo\":{\"@type\":\"ImageObject\",\"inLanguage\":\"da-DK\",\"@id\":\"https:\/\/last-chance.dk\/#\/schema\/logo\/image\/\",\"url\":\"https:\/\/last-chance.dk\/wp-content\/uploads\/2023\/10\/lastchancedeals_logo_dk_white.png\",\"contentUrl\":\"https:\/\/last-chance.dk\/wp-content\/uploads\/2023\/10\/lastchancedeals_logo_dk_white.png\",\"width\":470,\"height\":110,\"caption\":\"LASTCHANCE Deals | Danmark\"},\"image\":{\"@id\":\"https:\/\/last-chance.dk\/#\/schema\/logo\/image\/\"}}]}<\/script>\n<!-- \/ Yoast SEO plugin. -->","yoast_head_json":{"title":"TV-bord Exquisito - LASTCHANCE Deals | Danmark","robots":{"index":"index","follow":"follow","max-snippet":"max-snippet:-1","max-image-preview":"max-image-preview:large","max-video-preview":"max-video-preview:-1"},"canonical":"https:\/\/last-chance.dk\/?product=tv-bord-exquisito","og_locale":"da_DK","og_type":"article","og_title":"TV-bord Exquisito - LASTCHANCE Deals | Danmark","og_description":"Dette er et unikt og stilfuldt produkt lavet i EU af den flamboyante producent LuxCasa. TV-bordet Exquisito er et topkvalitetsm\u00f8bel, der er designet til at passe perfekt ind i dit moderne hjem. Den dybe, sorte farve passer til enhver indretning og kan g\u00f8re en utrolig forskel i ethvert rum. Dets udvendige dimensioner er 140x50x35 cm, [&hellip;]","og_url":"https:\/\/last-chance.dk\/?product=tv-bord-exquisito","og_site_name":"LASTCHANCE Deals | Danmark","article_modified_time":"2025-09-19T18:54:57+00:00","og_image":[{"url":"https:\/\/last-chance.dk\/wp-content\/uploads\/2024\/06\/1_2_88-37.jpg","width":980,"height":739,"type":"image\/jpeg"}],"twitter_card":"summary_large_image","twitter_misc":{"Estimeret l\u00e6setid":"1 minut"},"schema":{"@context":"https:\/\/schema.org","@graph":[{"@type":"WebPage","@id":"https:\/\/last-chance.dk\/?product=tv-bord-exquisito","url":"https:\/\/last-chance.dk\/?product=tv-bord-exquisito","name":"TV-bord Exquisito - LASTCHANCE Deals | Danmark","isPartOf":{"@id":"https:\/\/last-chance.dk\/#website"},"primaryImageOfPage":{"@id":"https:\/\/last-chance.dk\/?product=tv-bord-exquisito#primaryimage"},"image":{"@id":"https:\/\/last-chance.dk\/?product=tv-bord-exquisito#primaryimage"},"thumbnailUrl":"https:\/\/last-chance.dk\/wp-content\/uploads\/2024\/06\/1_2_88-37.jpg","datePublished":"2024-06-25T19:55:18+00:00","dateModified":"2025-09-19T18:54:57+00:00","breadcrumb":{"@id":"https:\/\/last-chance.dk\/?product=tv-bord-exquisito#breadcrumb"},"inLanguage":"da-DK","potentialAction":[{"@type":"ReadAction","target":["https:\/\/last-chance.dk\/?product=tv-bord-exquisito"]}]},{"@type":"ImageObject","inLanguage":"da-DK","@id":"https:\/\/last-chance.dk\/?product=tv-bord-exquisito#primaryimage","url":"https:\/\/last-chance.dk\/wp-content\/uploads\/2024\/06\/1_2_88-37.jpg","contentUrl":"https:\/\/last-chance.dk\/wp-content\/uploads\/2024\/06\/1_2_88-37.jpg","width":5775,"height":4354},{"@type":"BreadcrumbList","@id":"https:\/\/last-chance.dk\/?product=tv-bord-exquisito#breadcrumb","itemListElement":[{"@type":"ListItem","position":1,"name":"Home","item":"https:\/\/last-chance.dk\/"},{"@type":"ListItem","position":2,"name":"TV-bord Exquisito"}]},{"@type":"WebSite","@id":"https:\/\/last-chance.dk\/#website","url":"https:\/\/last-chance.dk\/","name":"LASTCHANCE Deals | Danmark","description":"LASTCHANCE Deals | Danmark","publisher":{"@id":"https:\/\/last-chance.dk\/#organization"},"potentialAction":[{"@type":"SearchAction","target":{"@type":"EntryPoint","urlTemplate":"https:\/\/last-chance.dk\/?s={search_term_string}"},"query-input":{"@type":"PropertyValueSpecification","valueRequired":true,"valueName":"search_term_string"}}],"inLanguage":"da-DK"},{"@type":"Organization","@id":"https:\/\/last-chance.dk\/#organization","name":"LASTCHANCE Deals | Danmark","url":"https:\/\/last-chance.dk\/","logo":{"@type":"ImageObject","inLanguage":"da-DK","@id":"https:\/\/last-chance.dk\/#\/schema\/logo\/image\/","url":"https:\/\/last-chance.dk\/wp-content\/uploads\/2023\/10\/lastchancedeals_logo_dk_white.png","contentUrl":"https:\/\/last-chance.dk\/wp-content\/uploads\/2023\/10\/lastchancedeals_logo_dk_white.png","width":470,"height":110,"caption":"LASTCHANCE Deals | Danmark"},"image":{"@id":"https:\/\/last-chance.dk\/#\/schema\/logo\/image\/"}}]}},"_links":{"self":[{"href":"https:\/\/last-chance.dk\/index.php?rest_route=\/wp\/v2\/product\/15465","targetHints":{"allow":["GET"]}}],"collection":[{"href":"https:\/\/last-chance.dk\/index.php?rest_route=\/wp\/v2\/product"}],"about":[{"href":"https:\/\/last-chance.dk\/index.php?rest_route=\/wp\/v2\/types\/product"}],"replies":[{"embeddable":true,"href":"https:\/\/last-chance.dk\/index.php?rest_route=%2Fwp%2Fv2%2Fcomments&post=15465"}],"wp:featuredmedia":[{"embeddable":true,"href":"https:\/\/last-chance.dk\/index.php?rest_route=\/wp\/v2\/media\/15464"}],"wp:attachment":[{"href":"https:\/\/last-chance.dk\/index.php?rest_route=%2Fwp%2Fv2%2Fmedia&parent=15465"}],"wp:term":[{"taxonomy":"product_brand","embeddable":true,"href":"https:\/\/last-chance.dk\/index.php?rest_route=%2Fwp%2Fv2%2Fproduct_brand&post=15465"},{"taxonomy":"product_cat","embeddable":true,"href":"https:\/\/last-chance.dk\/index.php?rest_route=%2Fwp%2Fv2%2Fproduct_cat&post=15465"},{"taxonomy":"product_tag","embeddable":true,"href":"https:\/\/last-chance.dk\/index.php?rest_route=%2Fwp%2Fv2%2Fproduct_tag&post=15465"}],"curies":[{"name":"wp","href":"https:\/\/api.w.org\/{rel}","templated":true}]}}