{"id":15612,"date":"2024-08-02T21:04:20","date_gmt":"2024-08-02T21:04:20","guid":{"rendered":"https:\/\/www.lastchance.deals\/dk\/produkt\/boerneskrivebord-og-stolesaeta-kayli-mdfmetalplast\/"},"modified":"2024-08-02T21:04:20","modified_gmt":"2024-08-02T21:04:20","slug":"boerneskrivebord-og-stolesaeta-kayli-mdfmetalplast","status":"publish","type":"product","link":"https:\/\/last-chance.dk\/?product=boerneskrivebord-og-stolesaeta-kayli-mdfmetalplast","title":{"rendered":"B\u00f8rneskrivebord og stoles\u00e6ta Kayli  mdf,metal,plast"},"content":{"rendered":"<p>Hvis du leder efter et praktisk og flot skrivebord og stoles\u00e6t til dit barn, s\u00e5 er Kayli det perfekte valg. Kayli er et b\u00f8rneskrivebord og stoles\u00e6t, der er designet til at give dit barn en behagelig og ergonomisk arbejdsplads. Skrivebordet har en justerbar h\u00f8jde og h\u00e6ldning, s\u00e5 du kan tilpasse det til dit barns behov. Skrivebordet har ogs\u00e5 en stor skuffe til opbevaring af b\u00f8ger, papirer og andre ting. Stolen har ogs\u00e5 en justerbar h\u00f8jde og et bl\u00f8dt s\u00e6de, der giver god st\u00f8tte til ryggen. Skrivebordet og stoles\u00e6ttet er lavet af holdbare materialer som mdf, metal og plast, der er nemme at reng\u00f8re og vedligeholde. Kayli er et skrivebord og stoles\u00e6t, der vil inspirere dit barn til at l\u00e6re og v\u00e6re kreativ.<\/p>\n<p><\/p>\n<p>Kayli b\u00f8rneskrivebord og stoles\u00e6t er produceret af ForrestDecor, en virksomhed, der har specialiseret sig i at lave m\u00f8bler til b\u00f8rn. ForrestDecor har fokus p\u00e5 kvalitet, sikkerhed og design, og de bruger kun milj\u00f8venlige materialer og processer. Kayli b\u00f8rneskrivebord og stoles\u00e6t er et godt eksempel p\u00e5 ForrestDecor&#8217;s vision om at skabe m\u00f8bler, der g\u00f8r b\u00f8rn glade.<\/p>\n<p><\/p>\n<p>Leveringstid: Leveringstid 1 uge<br \/>\nMateriale: mdf,metal,plast<br \/>\nUdvendige dimensioner: 60x50cm<br \/>\nMontage: skal samles<br \/>\nFabrikant: ForrestDecor<\/p>\n","protected":false},"excerpt":{"rendered":"<p>Hvis du leder efter et praktisk og flot skrivebord og stoles\u00e6t til dit barn, s\u00e5 er Kayli det perfekte valg. Kayli er et b\u00f8rneskrivebord og stoles\u00e6t, der er designet til at give dit barn en behagelig og ergonomisk arbejdsplads. Skrivebordet har en justerbar h\u00f8jde og h\u00e6ldning, s\u00e5 du kan tilpasse det til dit barns behov. [&hellip;]<\/p>\n","protected":false},"featured_media":15607,"comment_status":"open","ping_status":"closed","template":"","meta":[],"product_brand":[],"product_cat":[296],"product_tag":[],"class_list":{"0":"post-15612","1":"product","2":"type-product","3":"status-publish","4":"has-post-thumbnail","6":"product_cat-barns-skrivbord","8":"first","9":"instock","10":"shipping-taxable","11":"purchasable","12":"product-type-simple"},"yoast_head":"<!-- This site is optimized with the Yoast SEO plugin v24.8.1 - https:\/\/yoast.com\/wordpress\/plugins\/seo\/ -->\n<title>B\u00f8rneskrivebord og stoles\u00e6ta Kayli mdf,metal,plast - LASTCHANCE Deals | Danmark<\/title>\n<meta name=\"robots\" content=\"index, follow, max-snippet:-1, max-image-preview:large, max-video-preview:-1\" \/>\n<link rel=\"canonical\" href=\"https:\/\/last-chance.dk\/?product=boerneskrivebord-og-stolesaeta-kayli-mdfmetalplast\" \/>\n<meta property=\"og:locale\" content=\"da_DK\" \/>\n<meta property=\"og:type\" content=\"article\" \/>\n<meta property=\"og:title\" content=\"B\u00f8rneskrivebord og stoles\u00e6ta Kayli mdf,metal,plast - LASTCHANCE Deals | Danmark\" \/>\n<meta property=\"og:description\" content=\"Hvis du leder efter et praktisk og flot skrivebord og stoles\u00e6t til dit barn, s\u00e5 er Kayli det perfekte valg. Kayli er et b\u00f8rneskrivebord og stoles\u00e6t, der er designet til at give dit barn en behagelig og ergonomisk arbejdsplads. Skrivebordet har en justerbar h\u00f8jde og h\u00e6ldning, s\u00e5 du kan tilpasse det til dit barns behov. [&hellip;]\" \/>\n<meta property=\"og:url\" content=\"https:\/\/last-chance.dk\/?product=boerneskrivebord-og-stolesaeta-kayli-mdfmetalplast\" \/>\n<meta property=\"og:site_name\" content=\"LASTCHANCE Deals | Danmark\" \/>\n<meta property=\"og:image\" content=\"https:\/\/last-chance.dk\/wp-content\/uploads\/2024\/08\/kayli_pink.jpg\" \/>\n\t<meta property=\"og:image:width\" content=\"800\" \/>\n\t<meta property=\"og:image:height\" content=\"665\" \/>\n\t<meta property=\"og:image:type\" content=\"image\/jpeg\" \/>\n<meta name=\"twitter:card\" content=\"summary_large_image\" \/>\n<meta name=\"twitter:label1\" content=\"Estimeret l\u00e6setid\" \/>\n\t<meta name=\"twitter:data1\" content=\"1 minut\" \/>\n<script type=\"application\/ld+json\" class=\"yoast-schema-graph\">{\"@context\":\"https:\/\/schema.org\",\"@graph\":[{\"@type\":\"WebPage\",\"@id\":\"https:\/\/last-chance.dk\/?product=boerneskrivebord-og-stolesaeta-kayli-mdfmetalplast\",\"url\":\"https:\/\/last-chance.dk\/?product=boerneskrivebord-og-stolesaeta-kayli-mdfmetalplast\",\"name\":\"B\u00f8rneskrivebord og stoles\u00e6ta Kayli mdf,metal,plast - LASTCHANCE Deals | Danmark\",\"isPartOf\":{\"@id\":\"https:\/\/last-chance.dk\/#website\"},\"primaryImageOfPage\":{\"@id\":\"https:\/\/last-chance.dk\/?product=boerneskrivebord-og-stolesaeta-kayli-mdfmetalplast#primaryimage\"},\"image\":{\"@id\":\"https:\/\/last-chance.dk\/?product=boerneskrivebord-og-stolesaeta-kayli-mdfmetalplast#primaryimage\"},\"thumbnailUrl\":\"https:\/\/last-chance.dk\/wp-content\/uploads\/2024\/08\/kayli_pink.jpg\",\"datePublished\":\"2024-08-02T21:04:20+00:00\",\"breadcrumb\":{\"@id\":\"https:\/\/last-chance.dk\/?product=boerneskrivebord-og-stolesaeta-kayli-mdfmetalplast#breadcrumb\"},\"inLanguage\":\"da-DK\",\"potentialAction\":[{\"@type\":\"ReadAction\",\"target\":[\"https:\/\/last-chance.dk\/?product=boerneskrivebord-og-stolesaeta-kayli-mdfmetalplast\"]}]},{\"@type\":\"ImageObject\",\"inLanguage\":\"da-DK\",\"@id\":\"https:\/\/last-chance.dk\/?product=boerneskrivebord-og-stolesaeta-kayli-mdfmetalplast#primaryimage\",\"url\":\"https:\/\/last-chance.dk\/wp-content\/uploads\/2024\/08\/kayli_pink.jpg\",\"contentUrl\":\"https:\/\/last-chance.dk\/wp-content\/uploads\/2024\/08\/kayli_pink.jpg\",\"width\":800,\"height\":665},{\"@type\":\"BreadcrumbList\",\"@id\":\"https:\/\/last-chance.dk\/?product=boerneskrivebord-og-stolesaeta-kayli-mdfmetalplast#breadcrumb\",\"itemListElement\":[{\"@type\":\"ListItem\",\"position\":1,\"name\":\"Home\",\"item\":\"https:\/\/last-chance.dk\/\"},{\"@type\":\"ListItem\",\"position\":2,\"name\":\"B\u00f8rneskrivebord og stoles\u00e6ta Kayli mdf,metal,plast\"}]},{\"@type\":\"WebSite\",\"@id\":\"https:\/\/last-chance.dk\/#website\",\"url\":\"https:\/\/last-chance.dk\/\",\"name\":\"LASTCHANCE Deals | Danmark\",\"description\":\"LASTCHANCE Deals | Danmark\",\"publisher\":{\"@id\":\"https:\/\/last-chance.dk\/#organization\"},\"potentialAction\":[{\"@type\":\"SearchAction\",\"target\":{\"@type\":\"EntryPoint\",\"urlTemplate\":\"https:\/\/last-chance.dk\/?s={search_term_string}\"},\"query-input\":{\"@type\":\"PropertyValueSpecification\",\"valueRequired\":true,\"valueName\":\"search_term_string\"}}],\"inLanguage\":\"da-DK\"},{\"@type\":\"Organization\",\"@id\":\"https:\/\/last-chance.dk\/#organization\",\"name\":\"LASTCHANCE Deals | Danmark\",\"url\":\"https:\/\/last-chance.dk\/\",\"logo\":{\"@type\":\"ImageObject\",\"inLanguage\":\"da-DK\",\"@id\":\"https:\/\/last-chance.dk\/#\/schema\/logo\/image\/\",\"url\":\"https:\/\/last-chance.dk\/wp-content\/uploads\/2023\/10\/lastchancedeals_logo_dk_white.png\",\"contentUrl\":\"https:\/\/last-chance.dk\/wp-content\/uploads\/2023\/10\/lastchancedeals_logo_dk_white.png\",\"width\":470,\"height\":110,\"caption\":\"LASTCHANCE Deals | Danmark\"},\"image\":{\"@id\":\"https:\/\/last-chance.dk\/#\/schema\/logo\/image\/\"}}]}<\/script>\n<!-- \/ Yoast SEO plugin. -->","yoast_head_json":{"title":"B\u00f8rneskrivebord og stoles\u00e6ta Kayli mdf,metal,plast - LASTCHANCE Deals | Danmark","robots":{"index":"index","follow":"follow","max-snippet":"max-snippet:-1","max-image-preview":"max-image-preview:large","max-video-preview":"max-video-preview:-1"},"canonical":"https:\/\/last-chance.dk\/?product=boerneskrivebord-og-stolesaeta-kayli-mdfmetalplast","og_locale":"da_DK","og_type":"article","og_title":"B\u00f8rneskrivebord og stoles\u00e6ta Kayli mdf,metal,plast - LASTCHANCE Deals | Danmark","og_description":"Hvis du leder efter et praktisk og flot skrivebord og stoles\u00e6t til dit barn, s\u00e5 er Kayli det perfekte valg. Kayli er et b\u00f8rneskrivebord og stoles\u00e6t, der er designet til at give dit barn en behagelig og ergonomisk arbejdsplads. Skrivebordet har en justerbar h\u00f8jde og h\u00e6ldning, s\u00e5 du kan tilpasse det til dit barns behov. [&hellip;]","og_url":"https:\/\/last-chance.dk\/?product=boerneskrivebord-og-stolesaeta-kayli-mdfmetalplast","og_site_name":"LASTCHANCE Deals | Danmark","og_image":[{"width":800,"height":665,"url":"https:\/\/last-chance.dk\/wp-content\/uploads\/2024\/08\/kayli_pink.jpg","type":"image\/jpeg"}],"twitter_card":"summary_large_image","twitter_misc":{"Estimeret l\u00e6setid":"1 minut"},"schema":{"@context":"https:\/\/schema.org","@graph":[{"@type":"WebPage","@id":"https:\/\/last-chance.dk\/?product=boerneskrivebord-og-stolesaeta-kayli-mdfmetalplast","url":"https:\/\/last-chance.dk\/?product=boerneskrivebord-og-stolesaeta-kayli-mdfmetalplast","name":"B\u00f8rneskrivebord og stoles\u00e6ta Kayli mdf,metal,plast - LASTCHANCE Deals | Danmark","isPartOf":{"@id":"https:\/\/last-chance.dk\/#website"},"primaryImageOfPage":{"@id":"https:\/\/last-chance.dk\/?product=boerneskrivebord-og-stolesaeta-kayli-mdfmetalplast#primaryimage"},"image":{"@id":"https:\/\/last-chance.dk\/?product=boerneskrivebord-og-stolesaeta-kayli-mdfmetalplast#primaryimage"},"thumbnailUrl":"https:\/\/last-chance.dk\/wp-content\/uploads\/2024\/08\/kayli_pink.jpg","datePublished":"2024-08-02T21:04:20+00:00","breadcrumb":{"@id":"https:\/\/last-chance.dk\/?product=boerneskrivebord-og-stolesaeta-kayli-mdfmetalplast#breadcrumb"},"inLanguage":"da-DK","potentialAction":[{"@type":"ReadAction","target":["https:\/\/last-chance.dk\/?product=boerneskrivebord-og-stolesaeta-kayli-mdfmetalplast"]}]},{"@type":"ImageObject","inLanguage":"da-DK","@id":"https:\/\/last-chance.dk\/?product=boerneskrivebord-og-stolesaeta-kayli-mdfmetalplast#primaryimage","url":"https:\/\/last-chance.dk\/wp-content\/uploads\/2024\/08\/kayli_pink.jpg","contentUrl":"https:\/\/last-chance.dk\/wp-content\/uploads\/2024\/08\/kayli_pink.jpg","width":800,"height":665},{"@type":"BreadcrumbList","@id":"https:\/\/last-chance.dk\/?product=boerneskrivebord-og-stolesaeta-kayli-mdfmetalplast#breadcrumb","itemListElement":[{"@type":"ListItem","position":1,"name":"Home","item":"https:\/\/last-chance.dk\/"},{"@type":"ListItem","position":2,"name":"B\u00f8rneskrivebord og stoles\u00e6ta Kayli mdf,metal,plast"}]},{"@type":"WebSite","@id":"https:\/\/last-chance.dk\/#website","url":"https:\/\/last-chance.dk\/","name":"LASTCHANCE Deals | Danmark","description":"LASTCHANCE Deals | Danmark","publisher":{"@id":"https:\/\/last-chance.dk\/#organization"},"potentialAction":[{"@type":"SearchAction","target":{"@type":"EntryPoint","urlTemplate":"https:\/\/last-chance.dk\/?s={search_term_string}"},"query-input":{"@type":"PropertyValueSpecification","valueRequired":true,"valueName":"search_term_string"}}],"inLanguage":"da-DK"},{"@type":"Organization","@id":"https:\/\/last-chance.dk\/#organization","name":"LASTCHANCE Deals | Danmark","url":"https:\/\/last-chance.dk\/","logo":{"@type":"ImageObject","inLanguage":"da-DK","@id":"https:\/\/last-chance.dk\/#\/schema\/logo\/image\/","url":"https:\/\/last-chance.dk\/wp-content\/uploads\/2023\/10\/lastchancedeals_logo_dk_white.png","contentUrl":"https:\/\/last-chance.dk\/wp-content\/uploads\/2023\/10\/lastchancedeals_logo_dk_white.png","width":470,"height":110,"caption":"LASTCHANCE Deals | Danmark"},"image":{"@id":"https:\/\/last-chance.dk\/#\/schema\/logo\/image\/"}}]}},"_links":{"self":[{"href":"https:\/\/last-chance.dk\/index.php?rest_route=\/wp\/v2\/product\/15612","targetHints":{"allow":["GET"]}}],"collection":[{"href":"https:\/\/last-chance.dk\/index.php?rest_route=\/wp\/v2\/product"}],"about":[{"href":"https:\/\/last-chance.dk\/index.php?rest_route=\/wp\/v2\/types\/product"}],"replies":[{"embeddable":true,"href":"https:\/\/last-chance.dk\/index.php?rest_route=%2Fwp%2Fv2%2Fcomments&post=15612"}],"wp:featuredmedia":[{"embeddable":true,"href":"https:\/\/last-chance.dk\/index.php?rest_route=\/wp\/v2\/media\/15607"}],"wp:attachment":[{"href":"https:\/\/last-chance.dk\/index.php?rest_route=%2Fwp%2Fv2%2Fmedia&parent=15612"}],"wp:term":[{"taxonomy":"product_brand","embeddable":true,"href":"https:\/\/last-chance.dk\/index.php?rest_route=%2Fwp%2Fv2%2Fproduct_brand&post=15612"},{"taxonomy":"product_cat","embeddable":true,"href":"https:\/\/last-chance.dk\/index.php?rest_route=%2Fwp%2Fv2%2Fproduct_cat&post=15612"},{"taxonomy":"product_tag","embeddable":true,"href":"https:\/\/last-chance.dk\/index.php?rest_route=%2Fwp%2Fv2%2Fproduct_tag&post=15612"}],"curies":[{"name":"wp","href":"https:\/\/api.w.org\/{rel}","templated":true}]}}