{"id":15645,"date":"2024-08-02T21:06:10","date_gmt":"2024-08-02T21:06:10","guid":{"rendered":"https:\/\/www.lastchance.deals\/dk\/produkt\/dekorativ-pude-yennefer\/"},"modified":"2025-09-19T17:38:49","modified_gmt":"2025-09-19T17:38:49","slug":"dekorativ-pude-yennefer","status":"publish","type":"product","link":"https:\/\/last-chance.dk\/?product=dekorativ-pude-yennefer","title":{"rendered":"Dekorativ pude Yennefer"},"content":{"rendered":"<p>\nGiv dit hjem et strejf af hygge og stil med denne dekorative pude Yennefer fra ForrestDecor. Denne pude er lavet af bl\u00f8dt stof og fyldt med bomuld, s\u00e5 den er behagelig at l\u00e6ne sig op ad eller kramme. Puden har et smukt m\u00f8nster i forskellige farver, der passer til enhver indretning. Puden har en rektangul\u00e6r form og m\u00e5ler 80x20x50cm, s\u00e5 den er perfekt til sofaen, sengen eller l\u00e6nestolen. Puden har ogs\u00e5 en lynl\u00e5s, s\u00e5 du nemt kan tage betr\u00e6kket af og vaske det efter behov.\n<\/p>\n<p><\/p>\n<p>\nDen dekorative pude Yennefer er en ideel gave til dig selv eller en, du holder af. Den vil tilf\u00f8je varme og charme til ethvert rum i dit hjem. Bestil din pude i dag og nyd dens sk\u00f8nhed og komfort. ForrestDecor er et m\u00e6rke, der specialiserer sig i at skabe unikke og kvalitetsprodukter til hjemmet. Du kan stole p\u00e5 deres erfaring og ekspertise, n\u00e5r det kommer til at v\u00e6lge den bedste pude til dit hjem.\n<\/p>\n<p><\/p>\n<p>Leveringstid: Leveringstid 1 uge<br \/>\nUdvendige dimensioner: 80x20x50cm<br \/>\nFabrikant: ForrestDecor<br \/>\nMateriale: stof,bomuld<\/p>\n","protected":false},"excerpt":{"rendered":"<p>Giv dit hjem et strejf af hygge og stil med denne dekorative pude Yennefer fra ForrestDecor. Denne pude er lavet af bl\u00f8dt stof og fyldt med bomuld, s\u00e5 den er behagelig at l\u00e6ne sig op ad eller kramme. Puden har et smukt m\u00f8nster i forskellige farver, der passer til enhver indretning. Puden har en rektangul\u00e6r [&hellip;]<\/p>\n","protected":false},"featured_media":15635,"comment_status":"open","ping_status":"closed","template":"","meta":[],"product_brand":[],"product_cat":[164],"product_tag":[],"class_list":{"0":"post-15645","1":"product","2":"type-product","3":"status-publish","4":"has-post-thumbnail","6":"product_cat-dekorativa-kuddar","8":"first","9":"instock","10":"shipping-taxable","11":"purchasable","12":"product-type-simple"},"yoast_head":"<!-- This site is optimized with the Yoast SEO plugin v24.8.1 - https:\/\/yoast.com\/wordpress\/plugins\/seo\/ -->\n<title>Dekorativ pude Yennefer - LASTCHANCE Deals | Danmark<\/title>\n<meta name=\"robots\" content=\"index, follow, max-snippet:-1, max-image-preview:large, max-video-preview:-1\" \/>\n<link rel=\"canonical\" href=\"https:\/\/last-chance.dk\/?product=dekorativ-pude-yennefer\" \/>\n<meta property=\"og:locale\" content=\"da_DK\" \/>\n<meta property=\"og:type\" content=\"article\" \/>\n<meta property=\"og:title\" content=\"Dekorativ pude Yennefer - LASTCHANCE Deals | Danmark\" \/>\n<meta property=\"og:description\" content=\"Giv dit hjem et strejf af hygge og stil med denne dekorative pude Yennefer fra ForrestDecor. Denne pude er lavet af bl\u00f8dt stof og fyldt med bomuld, s\u00e5 den er behagelig at l\u00e6ne sig op ad eller kramme. Puden har et smukt m\u00f8nster i forskellige farver, der passer til enhver indretning. Puden har en rektangul\u00e6r [&hellip;]\" \/>\n<meta property=\"og:url\" content=\"https:\/\/last-chance.dk\/?product=dekorativ-pude-yennefer\" \/>\n<meta property=\"og:site_name\" content=\"LASTCHANCE Deals | Danmark\" \/>\n<meta property=\"article:modified_time\" content=\"2025-09-19T17:38:49+00:00\" \/>\n<meta property=\"og:image\" content=\"https:\/\/last-chance.dk\/wp-content\/uploads\/2024\/08\/yennefer_beige.jpg\" \/>\n\t<meta property=\"og:image:width\" content=\"800\" \/>\n\t<meta property=\"og:image:height\" content=\"800\" \/>\n\t<meta property=\"og:image:type\" content=\"image\/jpeg\" \/>\n<meta name=\"twitter:card\" content=\"summary_large_image\" \/>\n<meta name=\"twitter:label1\" content=\"Estimeret l\u00e6setid\" \/>\n\t<meta name=\"twitter:data1\" content=\"1 minut\" \/>\n<script type=\"application\/ld+json\" class=\"yoast-schema-graph\">{\"@context\":\"https:\/\/schema.org\",\"@graph\":[{\"@type\":\"WebPage\",\"@id\":\"https:\/\/last-chance.dk\/?product=dekorativ-pude-yennefer\",\"url\":\"https:\/\/last-chance.dk\/?product=dekorativ-pude-yennefer\",\"name\":\"Dekorativ pude Yennefer - LASTCHANCE Deals | Danmark\",\"isPartOf\":{\"@id\":\"https:\/\/last-chance.dk\/#website\"},\"primaryImageOfPage\":{\"@id\":\"https:\/\/last-chance.dk\/?product=dekorativ-pude-yennefer#primaryimage\"},\"image\":{\"@id\":\"https:\/\/last-chance.dk\/?product=dekorativ-pude-yennefer#primaryimage\"},\"thumbnailUrl\":\"https:\/\/last-chance.dk\/wp-content\/uploads\/2024\/08\/yennefer_beige.jpg\",\"datePublished\":\"2024-08-02T21:06:10+00:00\",\"dateModified\":\"2025-09-19T17:38:49+00:00\",\"breadcrumb\":{\"@id\":\"https:\/\/last-chance.dk\/?product=dekorativ-pude-yennefer#breadcrumb\"},\"inLanguage\":\"da-DK\",\"potentialAction\":[{\"@type\":\"ReadAction\",\"target\":[\"https:\/\/last-chance.dk\/?product=dekorativ-pude-yennefer\"]}]},{\"@type\":\"ImageObject\",\"inLanguage\":\"da-DK\",\"@id\":\"https:\/\/last-chance.dk\/?product=dekorativ-pude-yennefer#primaryimage\",\"url\":\"https:\/\/last-chance.dk\/wp-content\/uploads\/2024\/08\/yennefer_beige.jpg\",\"contentUrl\":\"https:\/\/last-chance.dk\/wp-content\/uploads\/2024\/08\/yennefer_beige.jpg\",\"width\":800,\"height\":800},{\"@type\":\"BreadcrumbList\",\"@id\":\"https:\/\/last-chance.dk\/?product=dekorativ-pude-yennefer#breadcrumb\",\"itemListElement\":[{\"@type\":\"ListItem\",\"position\":1,\"name\":\"Home\",\"item\":\"https:\/\/last-chance.dk\/\"},{\"@type\":\"ListItem\",\"position\":2,\"name\":\"Dekorativ pude Yennefer\"}]},{\"@type\":\"WebSite\",\"@id\":\"https:\/\/last-chance.dk\/#website\",\"url\":\"https:\/\/last-chance.dk\/\",\"name\":\"LASTCHANCE Deals | Danmark\",\"description\":\"LASTCHANCE Deals | Danmark\",\"publisher\":{\"@id\":\"https:\/\/last-chance.dk\/#organization\"},\"potentialAction\":[{\"@type\":\"SearchAction\",\"target\":{\"@type\":\"EntryPoint\",\"urlTemplate\":\"https:\/\/last-chance.dk\/?s={search_term_string}\"},\"query-input\":{\"@type\":\"PropertyValueSpecification\",\"valueRequired\":true,\"valueName\":\"search_term_string\"}}],\"inLanguage\":\"da-DK\"},{\"@type\":\"Organization\",\"@id\":\"https:\/\/last-chance.dk\/#organization\",\"name\":\"LASTCHANCE Deals | Danmark\",\"url\":\"https:\/\/last-chance.dk\/\",\"logo\":{\"@type\":\"ImageObject\",\"inLanguage\":\"da-DK\",\"@id\":\"https:\/\/last-chance.dk\/#\/schema\/logo\/image\/\",\"url\":\"https:\/\/last-chance.dk\/wp-content\/uploads\/2023\/10\/lastchancedeals_logo_dk_white.png\",\"contentUrl\":\"https:\/\/last-chance.dk\/wp-content\/uploads\/2023\/10\/lastchancedeals_logo_dk_white.png\",\"width\":470,\"height\":110,\"caption\":\"LASTCHANCE Deals | Danmark\"},\"image\":{\"@id\":\"https:\/\/last-chance.dk\/#\/schema\/logo\/image\/\"}}]}<\/script>\n<!-- \/ Yoast SEO plugin. -->","yoast_head_json":{"title":"Dekorativ pude Yennefer - LASTCHANCE Deals | Danmark","robots":{"index":"index","follow":"follow","max-snippet":"max-snippet:-1","max-image-preview":"max-image-preview:large","max-video-preview":"max-video-preview:-1"},"canonical":"https:\/\/last-chance.dk\/?product=dekorativ-pude-yennefer","og_locale":"da_DK","og_type":"article","og_title":"Dekorativ pude Yennefer - LASTCHANCE Deals | Danmark","og_description":"Giv dit hjem et strejf af hygge og stil med denne dekorative pude Yennefer fra ForrestDecor. Denne pude er lavet af bl\u00f8dt stof og fyldt med bomuld, s\u00e5 den er behagelig at l\u00e6ne sig op ad eller kramme. Puden har et smukt m\u00f8nster i forskellige farver, der passer til enhver indretning. Puden har en rektangul\u00e6r [&hellip;]","og_url":"https:\/\/last-chance.dk\/?product=dekorativ-pude-yennefer","og_site_name":"LASTCHANCE Deals | Danmark","article_modified_time":"2025-09-19T17:38:49+00:00","og_image":[{"width":800,"height":800,"url":"https:\/\/last-chance.dk\/wp-content\/uploads\/2024\/08\/yennefer_beige.jpg","type":"image\/jpeg"}],"twitter_card":"summary_large_image","twitter_misc":{"Estimeret l\u00e6setid":"1 minut"},"schema":{"@context":"https:\/\/schema.org","@graph":[{"@type":"WebPage","@id":"https:\/\/last-chance.dk\/?product=dekorativ-pude-yennefer","url":"https:\/\/last-chance.dk\/?product=dekorativ-pude-yennefer","name":"Dekorativ pude Yennefer - LASTCHANCE Deals | Danmark","isPartOf":{"@id":"https:\/\/last-chance.dk\/#website"},"primaryImageOfPage":{"@id":"https:\/\/last-chance.dk\/?product=dekorativ-pude-yennefer#primaryimage"},"image":{"@id":"https:\/\/last-chance.dk\/?product=dekorativ-pude-yennefer#primaryimage"},"thumbnailUrl":"https:\/\/last-chance.dk\/wp-content\/uploads\/2024\/08\/yennefer_beige.jpg","datePublished":"2024-08-02T21:06:10+00:00","dateModified":"2025-09-19T17:38:49+00:00","breadcrumb":{"@id":"https:\/\/last-chance.dk\/?product=dekorativ-pude-yennefer#breadcrumb"},"inLanguage":"da-DK","potentialAction":[{"@type":"ReadAction","target":["https:\/\/last-chance.dk\/?product=dekorativ-pude-yennefer"]}]},{"@type":"ImageObject","inLanguage":"da-DK","@id":"https:\/\/last-chance.dk\/?product=dekorativ-pude-yennefer#primaryimage","url":"https:\/\/last-chance.dk\/wp-content\/uploads\/2024\/08\/yennefer_beige.jpg","contentUrl":"https:\/\/last-chance.dk\/wp-content\/uploads\/2024\/08\/yennefer_beige.jpg","width":800,"height":800},{"@type":"BreadcrumbList","@id":"https:\/\/last-chance.dk\/?product=dekorativ-pude-yennefer#breadcrumb","itemListElement":[{"@type":"ListItem","position":1,"name":"Home","item":"https:\/\/last-chance.dk\/"},{"@type":"ListItem","position":2,"name":"Dekorativ pude Yennefer"}]},{"@type":"WebSite","@id":"https:\/\/last-chance.dk\/#website","url":"https:\/\/last-chance.dk\/","name":"LASTCHANCE Deals | Danmark","description":"LASTCHANCE Deals | Danmark","publisher":{"@id":"https:\/\/last-chance.dk\/#organization"},"potentialAction":[{"@type":"SearchAction","target":{"@type":"EntryPoint","urlTemplate":"https:\/\/last-chance.dk\/?s={search_term_string}"},"query-input":{"@type":"PropertyValueSpecification","valueRequired":true,"valueName":"search_term_string"}}],"inLanguage":"da-DK"},{"@type":"Organization","@id":"https:\/\/last-chance.dk\/#organization","name":"LASTCHANCE Deals | Danmark","url":"https:\/\/last-chance.dk\/","logo":{"@type":"ImageObject","inLanguage":"da-DK","@id":"https:\/\/last-chance.dk\/#\/schema\/logo\/image\/","url":"https:\/\/last-chance.dk\/wp-content\/uploads\/2023\/10\/lastchancedeals_logo_dk_white.png","contentUrl":"https:\/\/last-chance.dk\/wp-content\/uploads\/2023\/10\/lastchancedeals_logo_dk_white.png","width":470,"height":110,"caption":"LASTCHANCE Deals | Danmark"},"image":{"@id":"https:\/\/last-chance.dk\/#\/schema\/logo\/image\/"}}]}},"_links":{"self":[{"href":"https:\/\/last-chance.dk\/index.php?rest_route=\/wp\/v2\/product\/15645","targetHints":{"allow":["GET"]}}],"collection":[{"href":"https:\/\/last-chance.dk\/index.php?rest_route=\/wp\/v2\/product"}],"about":[{"href":"https:\/\/last-chance.dk\/index.php?rest_route=\/wp\/v2\/types\/product"}],"replies":[{"embeddable":true,"href":"https:\/\/last-chance.dk\/index.php?rest_route=%2Fwp%2Fv2%2Fcomments&post=15645"}],"wp:featuredmedia":[{"embeddable":true,"href":"https:\/\/last-chance.dk\/index.php?rest_route=\/wp\/v2\/media\/15635"}],"wp:attachment":[{"href":"https:\/\/last-chance.dk\/index.php?rest_route=%2Fwp%2Fv2%2Fmedia&parent=15645"}],"wp:term":[{"taxonomy":"product_brand","embeddable":true,"href":"https:\/\/last-chance.dk\/index.php?rest_route=%2Fwp%2Fv2%2Fproduct_brand&post=15645"},{"taxonomy":"product_cat","embeddable":true,"href":"https:\/\/last-chance.dk\/index.php?rest_route=%2Fwp%2Fv2%2Fproduct_cat&post=15645"},{"taxonomy":"product_tag","embeddable":true,"href":"https:\/\/last-chance.dk\/index.php?rest_route=%2Fwp%2Fv2%2Fproduct_tag&post=15645"}],"curies":[{"name":"wp","href":"https:\/\/api.w.org\/{rel}","templated":true}]}}