{"id":15695,"date":"2024-08-02T21:10:08","date_gmt":"2024-08-02T21:10:08","guid":{"rendered":"https:\/\/www.lastchance.deals\/dk\/produkt\/jelena-kunstig-blomst-20x20cm\/"},"modified":"2025-10-13T11:55:29","modified_gmt":"2025-10-13T11:55:29","slug":"jelena-kunstig-blomst-20x20cm","status":"publish","type":"product","link":"https:\/\/last-chance.dk\/?product=jelena-kunstig-blomst-20x20cm","title":{"rendered":"Jelena kunstig blomst 20x20cm"},"content":{"rendered":"<p>G\u00f8r hjemmet dit eget med denne Jelena kunstige blomst fra ForrestDecor. Skab et dr\u00f8mmeagtigt milj\u00f8 med denne smukke blomst, som har en udvendig dimension p\u00e5 20&#215;20 cm. Denne kunstige blomst er lavet af plast og kommer uden nogen bestemt farve, s\u00e5 den kan passe ind i ethvert milj\u00f8 og allerede eksisterende dekorationer.<\/p>\n<p>Monter denne kunstige blomst p\u00e5 v\u00e6ggen eller stil den p\u00e5 et bord eller skab for at skabe et personligt og afslappende milj\u00f8, der er perfekt til at nyde et \u00f8jeblik alene eller sammen med andre.  <\/p>\n<p>Indk\u00f8b af denne Jelena kunstige blomst fra ForrestDecor vil v\u00e6re en god investering for at skabe et hyggeligt og personligt milj\u00f8 hjemme. <\/p>\n<p><\/p>\n<p>Leveringstid: Leveringstid 1 uge<br \/>\nUdvendige dimensioner: 20x20cm<br \/>\nFarve: ikke angivet<br \/>\nFabrikant: ForrestDecor<br \/>\nMateriale: plast<\/p>\n","protected":false},"excerpt":{"rendered":"<p>G\u00f8r hjemmet dit eget med denne Jelena kunstige blomst fra ForrestDecor. Skab et dr\u00f8mmeagtigt milj\u00f8 med denne smukke blomst, som har en udvendig dimension p\u00e5 20&#215;20 cm. Denne kunstige blomst er lavet af plast og kommer uden nogen bestemt farve, s\u00e5 den kan passe ind i ethvert milj\u00f8 og allerede eksisterende dekorationer. Monter denne kunstige [&hellip;]<\/p>\n","protected":false},"featured_media":15694,"comment_status":"open","ping_status":"closed","template":"","meta":[],"product_brand":[],"product_cat":[190],"product_tag":[],"class_list":{"0":"post-15695","1":"product","2":"type-product","3":"status-publish","4":"has-post-thumbnail","6":"product_cat-artificial-trees-and-flowers","8":"first","9":"instock","10":"shipping-taxable","11":"purchasable","12":"product-type-simple"},"yoast_head":"<!-- This site is optimized with the Yoast SEO plugin v24.8.1 - https:\/\/yoast.com\/wordpress\/plugins\/seo\/ -->\n<title>Jelena kunstig blomst 20x20cm - LASTCHANCE Deals | Danmark<\/title>\n<meta name=\"robots\" content=\"index, follow, max-snippet:-1, max-image-preview:large, max-video-preview:-1\" \/>\n<link rel=\"canonical\" href=\"https:\/\/last-chance.dk\/?product=jelena-kunstig-blomst-20x20cm\" \/>\n<meta property=\"og:locale\" content=\"da_DK\" \/>\n<meta property=\"og:type\" content=\"article\" \/>\n<meta property=\"og:title\" content=\"Jelena kunstig blomst 20x20cm - LASTCHANCE Deals | Danmark\" \/>\n<meta property=\"og:description\" content=\"G\u00f8r hjemmet dit eget med denne Jelena kunstige blomst fra ForrestDecor. Skab et dr\u00f8mmeagtigt milj\u00f8 med denne smukke blomst, som har en udvendig dimension p\u00e5 20&#215;20 cm. Denne kunstige blomst er lavet af plast og kommer uden nogen bestemt farve, s\u00e5 den kan passe ind i ethvert milj\u00f8 og allerede eksisterende dekorationer. Monter denne kunstige [&hellip;]\" \/>\n<meta property=\"og:url\" content=\"https:\/\/last-chance.dk\/?product=jelena-kunstig-blomst-20x20cm\" \/>\n<meta property=\"og:site_name\" content=\"LASTCHANCE Deals | Danmark\" \/>\n<meta property=\"article:modified_time\" content=\"2025-10-13T11:55:29+00:00\" \/>\n<meta property=\"og:image\" content=\"https:\/\/last-chance.dk\/wp-content\/uploads\/2024\/08\/jelena.jpg\" \/>\n\t<meta property=\"og:image:width\" content=\"400\" \/>\n\t<meta property=\"og:image:height\" content=\"400\" \/>\n\t<meta property=\"og:image:type\" content=\"image\/jpeg\" \/>\n<meta name=\"twitter:card\" content=\"summary_large_image\" \/>\n<meta name=\"twitter:label1\" content=\"Estimeret l\u00e6setid\" \/>\n\t<meta name=\"twitter:data1\" content=\"1 minut\" \/>\n<script type=\"application\/ld+json\" class=\"yoast-schema-graph\">{\"@context\":\"https:\/\/schema.org\",\"@graph\":[{\"@type\":\"WebPage\",\"@id\":\"https:\/\/last-chance.dk\/?product=jelena-kunstig-blomst-20x20cm\",\"url\":\"https:\/\/last-chance.dk\/?product=jelena-kunstig-blomst-20x20cm\",\"name\":\"Jelena kunstig blomst 20x20cm - LASTCHANCE Deals | Danmark\",\"isPartOf\":{\"@id\":\"https:\/\/last-chance.dk\/#website\"},\"primaryImageOfPage\":{\"@id\":\"https:\/\/last-chance.dk\/?product=jelena-kunstig-blomst-20x20cm#primaryimage\"},\"image\":{\"@id\":\"https:\/\/last-chance.dk\/?product=jelena-kunstig-blomst-20x20cm#primaryimage\"},\"thumbnailUrl\":\"https:\/\/last-chance.dk\/wp-content\/uploads\/2024\/08\/jelena.jpg\",\"datePublished\":\"2024-08-02T21:10:08+00:00\",\"dateModified\":\"2025-10-13T11:55:29+00:00\",\"breadcrumb\":{\"@id\":\"https:\/\/last-chance.dk\/?product=jelena-kunstig-blomst-20x20cm#breadcrumb\"},\"inLanguage\":\"da-DK\",\"potentialAction\":[{\"@type\":\"ReadAction\",\"target\":[\"https:\/\/last-chance.dk\/?product=jelena-kunstig-blomst-20x20cm\"]}]},{\"@type\":\"ImageObject\",\"inLanguage\":\"da-DK\",\"@id\":\"https:\/\/last-chance.dk\/?product=jelena-kunstig-blomst-20x20cm#primaryimage\",\"url\":\"https:\/\/last-chance.dk\/wp-content\/uploads\/2024\/08\/jelena.jpg\",\"contentUrl\":\"https:\/\/last-chance.dk\/wp-content\/uploads\/2024\/08\/jelena.jpg\",\"width\":400,\"height\":400},{\"@type\":\"BreadcrumbList\",\"@id\":\"https:\/\/last-chance.dk\/?product=jelena-kunstig-blomst-20x20cm#breadcrumb\",\"itemListElement\":[{\"@type\":\"ListItem\",\"position\":1,\"name\":\"Home\",\"item\":\"https:\/\/last-chance.dk\/\"},{\"@type\":\"ListItem\",\"position\":2,\"name\":\"Jelena kunstig blomst 20x20cm\"}]},{\"@type\":\"WebSite\",\"@id\":\"https:\/\/last-chance.dk\/#website\",\"url\":\"https:\/\/last-chance.dk\/\",\"name\":\"LASTCHANCE Deals | Danmark\",\"description\":\"LASTCHANCE Deals | Danmark\",\"publisher\":{\"@id\":\"https:\/\/last-chance.dk\/#organization\"},\"potentialAction\":[{\"@type\":\"SearchAction\",\"target\":{\"@type\":\"EntryPoint\",\"urlTemplate\":\"https:\/\/last-chance.dk\/?s={search_term_string}\"},\"query-input\":{\"@type\":\"PropertyValueSpecification\",\"valueRequired\":true,\"valueName\":\"search_term_string\"}}],\"inLanguage\":\"da-DK\"},{\"@type\":\"Organization\",\"@id\":\"https:\/\/last-chance.dk\/#organization\",\"name\":\"LASTCHANCE Deals | Danmark\",\"url\":\"https:\/\/last-chance.dk\/\",\"logo\":{\"@type\":\"ImageObject\",\"inLanguage\":\"da-DK\",\"@id\":\"https:\/\/last-chance.dk\/#\/schema\/logo\/image\/\",\"url\":\"https:\/\/last-chance.dk\/wp-content\/uploads\/2023\/10\/lastchancedeals_logo_dk_white.png\",\"contentUrl\":\"https:\/\/last-chance.dk\/wp-content\/uploads\/2023\/10\/lastchancedeals_logo_dk_white.png\",\"width\":470,\"height\":110,\"caption\":\"LASTCHANCE Deals | Danmark\"},\"image\":{\"@id\":\"https:\/\/last-chance.dk\/#\/schema\/logo\/image\/\"}}]}<\/script>\n<!-- \/ Yoast SEO plugin. -->","yoast_head_json":{"title":"Jelena kunstig blomst 20x20cm - LASTCHANCE Deals | Danmark","robots":{"index":"index","follow":"follow","max-snippet":"max-snippet:-1","max-image-preview":"max-image-preview:large","max-video-preview":"max-video-preview:-1"},"canonical":"https:\/\/last-chance.dk\/?product=jelena-kunstig-blomst-20x20cm","og_locale":"da_DK","og_type":"article","og_title":"Jelena kunstig blomst 20x20cm - LASTCHANCE Deals | Danmark","og_description":"G\u00f8r hjemmet dit eget med denne Jelena kunstige blomst fra ForrestDecor. Skab et dr\u00f8mmeagtigt milj\u00f8 med denne smukke blomst, som har en udvendig dimension p\u00e5 20&#215;20 cm. Denne kunstige blomst er lavet af plast og kommer uden nogen bestemt farve, s\u00e5 den kan passe ind i ethvert milj\u00f8 og allerede eksisterende dekorationer. Monter denne kunstige [&hellip;]","og_url":"https:\/\/last-chance.dk\/?product=jelena-kunstig-blomst-20x20cm","og_site_name":"LASTCHANCE Deals | Danmark","article_modified_time":"2025-10-13T11:55:29+00:00","og_image":[{"width":400,"height":400,"url":"https:\/\/last-chance.dk\/wp-content\/uploads\/2024\/08\/jelena.jpg","type":"image\/jpeg"}],"twitter_card":"summary_large_image","twitter_misc":{"Estimeret l\u00e6setid":"1 minut"},"schema":{"@context":"https:\/\/schema.org","@graph":[{"@type":"WebPage","@id":"https:\/\/last-chance.dk\/?product=jelena-kunstig-blomst-20x20cm","url":"https:\/\/last-chance.dk\/?product=jelena-kunstig-blomst-20x20cm","name":"Jelena kunstig blomst 20x20cm - LASTCHANCE Deals | Danmark","isPartOf":{"@id":"https:\/\/last-chance.dk\/#website"},"primaryImageOfPage":{"@id":"https:\/\/last-chance.dk\/?product=jelena-kunstig-blomst-20x20cm#primaryimage"},"image":{"@id":"https:\/\/last-chance.dk\/?product=jelena-kunstig-blomst-20x20cm#primaryimage"},"thumbnailUrl":"https:\/\/last-chance.dk\/wp-content\/uploads\/2024\/08\/jelena.jpg","datePublished":"2024-08-02T21:10:08+00:00","dateModified":"2025-10-13T11:55:29+00:00","breadcrumb":{"@id":"https:\/\/last-chance.dk\/?product=jelena-kunstig-blomst-20x20cm#breadcrumb"},"inLanguage":"da-DK","potentialAction":[{"@type":"ReadAction","target":["https:\/\/last-chance.dk\/?product=jelena-kunstig-blomst-20x20cm"]}]},{"@type":"ImageObject","inLanguage":"da-DK","@id":"https:\/\/last-chance.dk\/?product=jelena-kunstig-blomst-20x20cm#primaryimage","url":"https:\/\/last-chance.dk\/wp-content\/uploads\/2024\/08\/jelena.jpg","contentUrl":"https:\/\/last-chance.dk\/wp-content\/uploads\/2024\/08\/jelena.jpg","width":400,"height":400},{"@type":"BreadcrumbList","@id":"https:\/\/last-chance.dk\/?product=jelena-kunstig-blomst-20x20cm#breadcrumb","itemListElement":[{"@type":"ListItem","position":1,"name":"Home","item":"https:\/\/last-chance.dk\/"},{"@type":"ListItem","position":2,"name":"Jelena kunstig blomst 20x20cm"}]},{"@type":"WebSite","@id":"https:\/\/last-chance.dk\/#website","url":"https:\/\/last-chance.dk\/","name":"LASTCHANCE Deals | Danmark","description":"LASTCHANCE Deals | Danmark","publisher":{"@id":"https:\/\/last-chance.dk\/#organization"},"potentialAction":[{"@type":"SearchAction","target":{"@type":"EntryPoint","urlTemplate":"https:\/\/last-chance.dk\/?s={search_term_string}"},"query-input":{"@type":"PropertyValueSpecification","valueRequired":true,"valueName":"search_term_string"}}],"inLanguage":"da-DK"},{"@type":"Organization","@id":"https:\/\/last-chance.dk\/#organization","name":"LASTCHANCE Deals | Danmark","url":"https:\/\/last-chance.dk\/","logo":{"@type":"ImageObject","inLanguage":"da-DK","@id":"https:\/\/last-chance.dk\/#\/schema\/logo\/image\/","url":"https:\/\/last-chance.dk\/wp-content\/uploads\/2023\/10\/lastchancedeals_logo_dk_white.png","contentUrl":"https:\/\/last-chance.dk\/wp-content\/uploads\/2023\/10\/lastchancedeals_logo_dk_white.png","width":470,"height":110,"caption":"LASTCHANCE Deals | Danmark"},"image":{"@id":"https:\/\/last-chance.dk\/#\/schema\/logo\/image\/"}}]}},"_links":{"self":[{"href":"https:\/\/last-chance.dk\/index.php?rest_route=\/wp\/v2\/product\/15695","targetHints":{"allow":["GET"]}}],"collection":[{"href":"https:\/\/last-chance.dk\/index.php?rest_route=\/wp\/v2\/product"}],"about":[{"href":"https:\/\/last-chance.dk\/index.php?rest_route=\/wp\/v2\/types\/product"}],"replies":[{"embeddable":true,"href":"https:\/\/last-chance.dk\/index.php?rest_route=%2Fwp%2Fv2%2Fcomments&post=15695"}],"wp:featuredmedia":[{"embeddable":true,"href":"https:\/\/last-chance.dk\/index.php?rest_route=\/wp\/v2\/media\/15694"}],"wp:attachment":[{"href":"https:\/\/last-chance.dk\/index.php?rest_route=%2Fwp%2Fv2%2Fmedia&parent=15695"}],"wp:term":[{"taxonomy":"product_brand","embeddable":true,"href":"https:\/\/last-chance.dk\/index.php?rest_route=%2Fwp%2Fv2%2Fproduct_brand&post=15695"},{"taxonomy":"product_cat","embeddable":true,"href":"https:\/\/last-chance.dk\/index.php?rest_route=%2Fwp%2Fv2%2Fproduct_cat&post=15695"},{"taxonomy":"product_tag","embeddable":true,"href":"https:\/\/last-chance.dk\/index.php?rest_route=%2Fwp%2Fv2%2Fproduct_tag&post=15695"}],"curies":[{"name":"wp","href":"https:\/\/api.w.org\/{rel}","templated":true}]}}