{"id":15748,"date":"2024-08-02T21:12:32","date_gmt":"2024-08-02T21:12:32","guid":{"rendered":"https:\/\/www.lastchance.deals\/dk\/produkt\/foldbar-rumdeler-marillier-traeplast\/"},"modified":"2025-10-13T11:51:29","modified_gmt":"2025-10-13T11:51:29","slug":"foldbar-rumdeler-marillier-traeplast","status":"publish","type":"product","link":"https:\/\/last-chance.dk\/?product=foldbar-rumdeler-marillier-traeplast","title":{"rendered":"Foldbar Rumdeler Marillier tr\u00e6,plast"},"content":{"rendered":"<p>Skab et hyggeligt og privat rum i dit hjem med denne foldbare rumdeler fra ForrestDecor. Rumdeleren er lavet af tr\u00e6 og plast, og har et elegant og moderne design, der passer til enhver indretning. Du kan v\u00e6lge mellem to st\u00f8rrelser: 180x200cm eller 180x240cm, alt efter hvor meget plads du har brug for at opdele. Rumdeleren er let at samle og folde sammen, s\u00e5 du kan flytte den rundt efter behov. Den er beregnet til indend\u00f8rs brug, og kan bruges til at skabe et sovev\u00e6relse, et kontor, et legerum eller et hvilket som helst andet rum i dit hjem. Bestil din foldbare rumdeler fra ForrestDecor i dag, og nyd fordelene ved at have flere rum i \u00e9t.<\/p>\n<p><\/p>\n<p>Leveringstid: Leveringstid 1 uge<br \/>\nMateriale: tr\u00e6,plast<br \/>\nFarve: ikke angivet<br \/>\nDimensioner: 180x200cm \/ 180x240cm<br \/>\nBeregnet til: Indend\u00f8rs brug<br \/>\nMontage: halvt samlet<br \/>\nFabrikant: ForrestDecor<\/p>\n","protected":false},"excerpt":{"rendered":"<p>Skab et hyggeligt og privat rum i dit hjem med denne foldbare rumdeler fra ForrestDecor. Rumdeleren er lavet af tr\u00e6 og plast, og har et elegant og moderne design, der passer til enhver indretning. Du kan v\u00e6lge mellem to st\u00f8rrelser: 180x200cm eller 180x240cm, alt efter hvor meget plads du har brug for at opdele. Rumdeleren [&hellip;]<\/p>\n","protected":false},"featured_media":15747,"comment_status":"open","ping_status":"closed","template":"","meta":[],"product_brand":[],"product_cat":[197],"product_tag":[],"class_list":{"0":"post-15748","1":"product","2":"type-product","3":"status-publish","4":"has-post-thumbnail","6":"product_cat-room-dividers","8":"first","9":"instock","10":"shipping-taxable","11":"purchasable","12":"product-type-simple"},"yoast_head":"<!-- This site is optimized with the Yoast SEO plugin v24.8.1 - https:\/\/yoast.com\/wordpress\/plugins\/seo\/ -->\n<title>Foldbar Rumdeler Marillier tr\u00e6,plast - LASTCHANCE Deals | Danmark<\/title>\n<meta name=\"robots\" content=\"index, follow, max-snippet:-1, max-image-preview:large, max-video-preview:-1\" \/>\n<link rel=\"canonical\" href=\"https:\/\/last-chance.dk\/?product=foldbar-rumdeler-marillier-traeplast\" \/>\n<meta property=\"og:locale\" content=\"da_DK\" \/>\n<meta property=\"og:type\" content=\"article\" \/>\n<meta property=\"og:title\" content=\"Foldbar Rumdeler Marillier tr\u00e6,plast - LASTCHANCE Deals | Danmark\" \/>\n<meta property=\"og:description\" content=\"Skab et hyggeligt og privat rum i dit hjem med denne foldbare rumdeler fra ForrestDecor. Rumdeleren er lavet af tr\u00e6 og plast, og har et elegant og moderne design, der passer til enhver indretning. Du kan v\u00e6lge mellem to st\u00f8rrelser: 180x200cm eller 180x240cm, alt efter hvor meget plads du har brug for at opdele. Rumdeleren [&hellip;]\" \/>\n<meta property=\"og:url\" content=\"https:\/\/last-chance.dk\/?product=foldbar-rumdeler-marillier-traeplast\" \/>\n<meta property=\"og:site_name\" content=\"LASTCHANCE Deals | Danmark\" \/>\n<meta property=\"article:modified_time\" content=\"2025-10-13T11:51:29+00:00\" \/>\n<meta property=\"og:image\" content=\"https:\/\/last-chance.dk\/wp-content\/uploads\/2024\/08\/marillier.jpg\" \/>\n\t<meta property=\"og:image:width\" content=\"400\" \/>\n\t<meta property=\"og:image:height\" content=\"400\" \/>\n\t<meta property=\"og:image:type\" content=\"image\/jpeg\" \/>\n<meta name=\"twitter:card\" content=\"summary_large_image\" \/>\n<meta name=\"twitter:label1\" content=\"Estimeret l\u00e6setid\" \/>\n\t<meta name=\"twitter:data1\" content=\"1 minut\" \/>\n<script type=\"application\/ld+json\" class=\"yoast-schema-graph\">{\"@context\":\"https:\/\/schema.org\",\"@graph\":[{\"@type\":\"WebPage\",\"@id\":\"https:\/\/last-chance.dk\/?product=foldbar-rumdeler-marillier-traeplast\",\"url\":\"https:\/\/last-chance.dk\/?product=foldbar-rumdeler-marillier-traeplast\",\"name\":\"Foldbar Rumdeler Marillier tr\u00e6,plast - LASTCHANCE Deals | Danmark\",\"isPartOf\":{\"@id\":\"https:\/\/last-chance.dk\/#website\"},\"primaryImageOfPage\":{\"@id\":\"https:\/\/last-chance.dk\/?product=foldbar-rumdeler-marillier-traeplast#primaryimage\"},\"image\":{\"@id\":\"https:\/\/last-chance.dk\/?product=foldbar-rumdeler-marillier-traeplast#primaryimage\"},\"thumbnailUrl\":\"https:\/\/last-chance.dk\/wp-content\/uploads\/2024\/08\/marillier.jpg\",\"datePublished\":\"2024-08-02T21:12:32+00:00\",\"dateModified\":\"2025-10-13T11:51:29+00:00\",\"breadcrumb\":{\"@id\":\"https:\/\/last-chance.dk\/?product=foldbar-rumdeler-marillier-traeplast#breadcrumb\"},\"inLanguage\":\"da-DK\",\"potentialAction\":[{\"@type\":\"ReadAction\",\"target\":[\"https:\/\/last-chance.dk\/?product=foldbar-rumdeler-marillier-traeplast\"]}]},{\"@type\":\"ImageObject\",\"inLanguage\":\"da-DK\",\"@id\":\"https:\/\/last-chance.dk\/?product=foldbar-rumdeler-marillier-traeplast#primaryimage\",\"url\":\"https:\/\/last-chance.dk\/wp-content\/uploads\/2024\/08\/marillier.jpg\",\"contentUrl\":\"https:\/\/last-chance.dk\/wp-content\/uploads\/2024\/08\/marillier.jpg\",\"width\":400,\"height\":400},{\"@type\":\"BreadcrumbList\",\"@id\":\"https:\/\/last-chance.dk\/?product=foldbar-rumdeler-marillier-traeplast#breadcrumb\",\"itemListElement\":[{\"@type\":\"ListItem\",\"position\":1,\"name\":\"Home\",\"item\":\"https:\/\/last-chance.dk\/\"},{\"@type\":\"ListItem\",\"position\":2,\"name\":\"Foldbar Rumdeler Marillier tr\u00e6,plast\"}]},{\"@type\":\"WebSite\",\"@id\":\"https:\/\/last-chance.dk\/#website\",\"url\":\"https:\/\/last-chance.dk\/\",\"name\":\"LASTCHANCE Deals | Danmark\",\"description\":\"LASTCHANCE Deals | Danmark\",\"publisher\":{\"@id\":\"https:\/\/last-chance.dk\/#organization\"},\"potentialAction\":[{\"@type\":\"SearchAction\",\"target\":{\"@type\":\"EntryPoint\",\"urlTemplate\":\"https:\/\/last-chance.dk\/?s={search_term_string}\"},\"query-input\":{\"@type\":\"PropertyValueSpecification\",\"valueRequired\":true,\"valueName\":\"search_term_string\"}}],\"inLanguage\":\"da-DK\"},{\"@type\":\"Organization\",\"@id\":\"https:\/\/last-chance.dk\/#organization\",\"name\":\"LASTCHANCE Deals | Danmark\",\"url\":\"https:\/\/last-chance.dk\/\",\"logo\":{\"@type\":\"ImageObject\",\"inLanguage\":\"da-DK\",\"@id\":\"https:\/\/last-chance.dk\/#\/schema\/logo\/image\/\",\"url\":\"https:\/\/last-chance.dk\/wp-content\/uploads\/2023\/10\/lastchancedeals_logo_dk_white.png\",\"contentUrl\":\"https:\/\/last-chance.dk\/wp-content\/uploads\/2023\/10\/lastchancedeals_logo_dk_white.png\",\"width\":470,\"height\":110,\"caption\":\"LASTCHANCE Deals | Danmark\"},\"image\":{\"@id\":\"https:\/\/last-chance.dk\/#\/schema\/logo\/image\/\"}}]}<\/script>\n<!-- \/ Yoast SEO plugin. -->","yoast_head_json":{"title":"Foldbar Rumdeler Marillier tr\u00e6,plast - LASTCHANCE Deals | Danmark","robots":{"index":"index","follow":"follow","max-snippet":"max-snippet:-1","max-image-preview":"max-image-preview:large","max-video-preview":"max-video-preview:-1"},"canonical":"https:\/\/last-chance.dk\/?product=foldbar-rumdeler-marillier-traeplast","og_locale":"da_DK","og_type":"article","og_title":"Foldbar Rumdeler Marillier tr\u00e6,plast - LASTCHANCE Deals | Danmark","og_description":"Skab et hyggeligt og privat rum i dit hjem med denne foldbare rumdeler fra ForrestDecor. Rumdeleren er lavet af tr\u00e6 og plast, og har et elegant og moderne design, der passer til enhver indretning. Du kan v\u00e6lge mellem to st\u00f8rrelser: 180x200cm eller 180x240cm, alt efter hvor meget plads du har brug for at opdele. Rumdeleren [&hellip;]","og_url":"https:\/\/last-chance.dk\/?product=foldbar-rumdeler-marillier-traeplast","og_site_name":"LASTCHANCE Deals | Danmark","article_modified_time":"2025-10-13T11:51:29+00:00","og_image":[{"width":400,"height":400,"url":"https:\/\/last-chance.dk\/wp-content\/uploads\/2024\/08\/marillier.jpg","type":"image\/jpeg"}],"twitter_card":"summary_large_image","twitter_misc":{"Estimeret l\u00e6setid":"1 minut"},"schema":{"@context":"https:\/\/schema.org","@graph":[{"@type":"WebPage","@id":"https:\/\/last-chance.dk\/?product=foldbar-rumdeler-marillier-traeplast","url":"https:\/\/last-chance.dk\/?product=foldbar-rumdeler-marillier-traeplast","name":"Foldbar Rumdeler Marillier tr\u00e6,plast - LASTCHANCE Deals | Danmark","isPartOf":{"@id":"https:\/\/last-chance.dk\/#website"},"primaryImageOfPage":{"@id":"https:\/\/last-chance.dk\/?product=foldbar-rumdeler-marillier-traeplast#primaryimage"},"image":{"@id":"https:\/\/last-chance.dk\/?product=foldbar-rumdeler-marillier-traeplast#primaryimage"},"thumbnailUrl":"https:\/\/last-chance.dk\/wp-content\/uploads\/2024\/08\/marillier.jpg","datePublished":"2024-08-02T21:12:32+00:00","dateModified":"2025-10-13T11:51:29+00:00","breadcrumb":{"@id":"https:\/\/last-chance.dk\/?product=foldbar-rumdeler-marillier-traeplast#breadcrumb"},"inLanguage":"da-DK","potentialAction":[{"@type":"ReadAction","target":["https:\/\/last-chance.dk\/?product=foldbar-rumdeler-marillier-traeplast"]}]},{"@type":"ImageObject","inLanguage":"da-DK","@id":"https:\/\/last-chance.dk\/?product=foldbar-rumdeler-marillier-traeplast#primaryimage","url":"https:\/\/last-chance.dk\/wp-content\/uploads\/2024\/08\/marillier.jpg","contentUrl":"https:\/\/last-chance.dk\/wp-content\/uploads\/2024\/08\/marillier.jpg","width":400,"height":400},{"@type":"BreadcrumbList","@id":"https:\/\/last-chance.dk\/?product=foldbar-rumdeler-marillier-traeplast#breadcrumb","itemListElement":[{"@type":"ListItem","position":1,"name":"Home","item":"https:\/\/last-chance.dk\/"},{"@type":"ListItem","position":2,"name":"Foldbar Rumdeler Marillier tr\u00e6,plast"}]},{"@type":"WebSite","@id":"https:\/\/last-chance.dk\/#website","url":"https:\/\/last-chance.dk\/","name":"LASTCHANCE Deals | Danmark","description":"LASTCHANCE Deals | Danmark","publisher":{"@id":"https:\/\/last-chance.dk\/#organization"},"potentialAction":[{"@type":"SearchAction","target":{"@type":"EntryPoint","urlTemplate":"https:\/\/last-chance.dk\/?s={search_term_string}"},"query-input":{"@type":"PropertyValueSpecification","valueRequired":true,"valueName":"search_term_string"}}],"inLanguage":"da-DK"},{"@type":"Organization","@id":"https:\/\/last-chance.dk\/#organization","name":"LASTCHANCE Deals | Danmark","url":"https:\/\/last-chance.dk\/","logo":{"@type":"ImageObject","inLanguage":"da-DK","@id":"https:\/\/last-chance.dk\/#\/schema\/logo\/image\/","url":"https:\/\/last-chance.dk\/wp-content\/uploads\/2023\/10\/lastchancedeals_logo_dk_white.png","contentUrl":"https:\/\/last-chance.dk\/wp-content\/uploads\/2023\/10\/lastchancedeals_logo_dk_white.png","width":470,"height":110,"caption":"LASTCHANCE Deals | Danmark"},"image":{"@id":"https:\/\/last-chance.dk\/#\/schema\/logo\/image\/"}}]}},"_links":{"self":[{"href":"https:\/\/last-chance.dk\/index.php?rest_route=\/wp\/v2\/product\/15748","targetHints":{"allow":["GET"]}}],"collection":[{"href":"https:\/\/last-chance.dk\/index.php?rest_route=\/wp\/v2\/product"}],"about":[{"href":"https:\/\/last-chance.dk\/index.php?rest_route=\/wp\/v2\/types\/product"}],"replies":[{"embeddable":true,"href":"https:\/\/last-chance.dk\/index.php?rest_route=%2Fwp%2Fv2%2Fcomments&post=15748"}],"wp:featuredmedia":[{"embeddable":true,"href":"https:\/\/last-chance.dk\/index.php?rest_route=\/wp\/v2\/media\/15747"}],"wp:attachment":[{"href":"https:\/\/last-chance.dk\/index.php?rest_route=%2Fwp%2Fv2%2Fmedia&parent=15748"}],"wp:term":[{"taxonomy":"product_brand","embeddable":true,"href":"https:\/\/last-chance.dk\/index.php?rest_route=%2Fwp%2Fv2%2Fproduct_brand&post=15748"},{"taxonomy":"product_cat","embeddable":true,"href":"https:\/\/last-chance.dk\/index.php?rest_route=%2Fwp%2Fv2%2Fproduct_cat&post=15748"},{"taxonomy":"product_tag","embeddable":true,"href":"https:\/\/last-chance.dk\/index.php?rest_route=%2Fwp%2Fv2%2Fproduct_tag&post=15748"}],"curies":[{"name":"wp","href":"https:\/\/api.w.org\/{rel}","templated":true}]}}