{"id":15805,"date":"2024-08-24T13:18:36","date_gmt":"2024-08-24T13:18:36","guid":{"rendered":"https:\/\/www.lastchance.deals\/dk\/produkt\/blomsterhylde-blomsterstativ-2-stk-saet-veranda\/"},"modified":"2025-10-13T11:47:37","modified_gmt":"2025-10-13T11:47:37","slug":"blomsterhylde-blomsterstativ-2-stk-saet-veranda","status":"publish","type":"product","link":"https:\/\/last-chance.dk\/?product=blomsterhylde-blomsterstativ-2-stk-saet-veranda","title":{"rendered":"Blomsterhylde blomsterstativ 2 stk s\u00e6t Veranda"},"content":{"rendered":"<p>Denne blomsterhylde blomsterstativ s\u00e6t er en uovertruffen beslutning for dem, der \u00f8nsker at vise deres blomster indend\u00f8rs. Med dens sort-hvide farveblanding er det en rigtig stilfuld tilf\u00f8jelse til dit hjem. S\u00e6ttet best\u00e5r af to identiske hylder, der hver er 60x33x153 cm i st\u00f8rrelse. <\/p>\n<p><\/p>\n<p> Disse blomsterstativer er lavet af tr\u00e6 og metal, hvilket sikrer deres robusthed og holdbarhed. De kan h\u00e5ndtere et bel\u00f8b p\u00e5 op til 1000, hvilket g\u00f8r dem ideelle til at vise en bred vifte af planter. <\/p>\n<p><\/p>\n<p> Ved levering skal blomsterstativet samles. Don&#8217;t worry, det er en meget intuitiv og udfordrende opgave. Og hvis problemer skulle opst\u00e5, er der en 12-m\u00e5neders garanti fra ForrestDecor, der d\u00e6kker eventuelle mangler i materialet eller produktionen. <\/p>\n<p><\/p>\n<p> S\u00e6t prikken over i&#8217;et hjem med dette elegante blomsterstativ s\u00e6t og tilf\u00f8j lidt gr\u00f8nt til dit liv.<\/p>\n<p><\/p>\n<p>Leveringstid: Leveringstid 1 uge<br \/>\nMateriale: tr\u00e6,metal<br \/>\nFarve: sort-hvid<br \/>\nDimensioner: 60x33x153cm x 2<br \/>\nBeregnet til: Indend\u00f8rs brug<br \/>\nBel\u00f8b: 1000<br \/>\nMontage: skal samles<br \/>\nFabrikant: ForrestDecor<br \/>\nGaranti: 12 m\u00e5neder<\/p>\n","protected":false},"excerpt":{"rendered":"<p>Denne blomsterhylde blomsterstativ s\u00e6t er en uovertruffen beslutning for dem, der \u00f8nsker at vise deres blomster indend\u00f8rs. Med dens sort-hvide farveblanding er det en rigtig stilfuld tilf\u00f8jelse til dit hjem. S\u00e6ttet best\u00e5r af to identiske hylder, der hver er 60x33x153 cm i st\u00f8rrelse. Disse blomsterstativer er lavet af tr\u00e6 og metal, hvilket sikrer deres robusthed [&hellip;]<\/p>\n","protected":false},"featured_media":15803,"comment_status":"open","ping_status":"closed","template":"","meta":[],"product_brand":[],"product_cat":[184],"product_tag":[],"class_list":{"0":"post-15805","1":"product","2":"type-product","3":"status-publish","4":"has-post-thumbnail","6":"product_cat-flower-stands","8":"first","9":"instock","10":"shipping-taxable","11":"purchasable","12":"product-type-simple"},"yoast_head":"<!-- This site is optimized with the Yoast SEO plugin v24.8.1 - https:\/\/yoast.com\/wordpress\/plugins\/seo\/ -->\n<title>Blomsterhylde blomsterstativ 2 stk s\u00e6t Veranda - LASTCHANCE Deals | Danmark<\/title>\n<meta name=\"robots\" content=\"index, follow, max-snippet:-1, max-image-preview:large, max-video-preview:-1\" \/>\n<link rel=\"canonical\" href=\"https:\/\/last-chance.dk\/?product=blomsterhylde-blomsterstativ-2-stk-saet-veranda\" \/>\n<meta property=\"og:locale\" content=\"da_DK\" \/>\n<meta property=\"og:type\" content=\"article\" \/>\n<meta property=\"og:title\" content=\"Blomsterhylde blomsterstativ 2 stk s\u00e6t Veranda - LASTCHANCE Deals | Danmark\" \/>\n<meta property=\"og:description\" content=\"Denne blomsterhylde blomsterstativ s\u00e6t er en uovertruffen beslutning for dem, der \u00f8nsker at vise deres blomster indend\u00f8rs. Med dens sort-hvide farveblanding er det en rigtig stilfuld tilf\u00f8jelse til dit hjem. S\u00e6ttet best\u00e5r af to identiske hylder, der hver er 60x33x153 cm i st\u00f8rrelse. Disse blomsterstativer er lavet af tr\u00e6 og metal, hvilket sikrer deres robusthed [&hellip;]\" \/>\n<meta property=\"og:url\" content=\"https:\/\/last-chance.dk\/?product=blomsterhylde-blomsterstativ-2-stk-saet-veranda\" \/>\n<meta property=\"og:site_name\" content=\"LASTCHANCE Deals | Danmark\" \/>\n<meta property=\"article:modified_time\" content=\"2025-10-13T11:47:37+00:00\" \/>\n<meta property=\"og:image\" content=\"https:\/\/last-chance.dk\/wp-content\/uploads\/2024\/08\/200jhqy-11.jpg\" \/>\n\t<meta property=\"og:image:width\" content=\"1099\" \/>\n\t<meta property=\"og:image:height\" content=\"924\" \/>\n\t<meta property=\"og:image:type\" content=\"image\/jpeg\" \/>\n<meta name=\"twitter:card\" content=\"summary_large_image\" \/>\n<meta name=\"twitter:label1\" content=\"Estimeret l\u00e6setid\" \/>\n\t<meta name=\"twitter:data1\" content=\"1 minut\" \/>\n<script type=\"application\/ld+json\" class=\"yoast-schema-graph\">{\"@context\":\"https:\/\/schema.org\",\"@graph\":[{\"@type\":\"WebPage\",\"@id\":\"https:\/\/last-chance.dk\/?product=blomsterhylde-blomsterstativ-2-stk-saet-veranda\",\"url\":\"https:\/\/last-chance.dk\/?product=blomsterhylde-blomsterstativ-2-stk-saet-veranda\",\"name\":\"Blomsterhylde blomsterstativ 2 stk s\u00e6t Veranda - LASTCHANCE Deals | Danmark\",\"isPartOf\":{\"@id\":\"https:\/\/last-chance.dk\/#website\"},\"primaryImageOfPage\":{\"@id\":\"https:\/\/last-chance.dk\/?product=blomsterhylde-blomsterstativ-2-stk-saet-veranda#primaryimage\"},\"image\":{\"@id\":\"https:\/\/last-chance.dk\/?product=blomsterhylde-blomsterstativ-2-stk-saet-veranda#primaryimage\"},\"thumbnailUrl\":\"https:\/\/last-chance.dk\/wp-content\/uploads\/2024\/08\/200jhqy-11.jpg\",\"datePublished\":\"2024-08-24T13:18:36+00:00\",\"dateModified\":\"2025-10-13T11:47:37+00:00\",\"breadcrumb\":{\"@id\":\"https:\/\/last-chance.dk\/?product=blomsterhylde-blomsterstativ-2-stk-saet-veranda#breadcrumb\"},\"inLanguage\":\"da-DK\",\"potentialAction\":[{\"@type\":\"ReadAction\",\"target\":[\"https:\/\/last-chance.dk\/?product=blomsterhylde-blomsterstativ-2-stk-saet-veranda\"]}]},{\"@type\":\"ImageObject\",\"inLanguage\":\"da-DK\",\"@id\":\"https:\/\/last-chance.dk\/?product=blomsterhylde-blomsterstativ-2-stk-saet-veranda#primaryimage\",\"url\":\"https:\/\/last-chance.dk\/wp-content\/uploads\/2024\/08\/200jhqy-11.jpg\",\"contentUrl\":\"https:\/\/last-chance.dk\/wp-content\/uploads\/2024\/08\/200jhqy-11.jpg\",\"width\":1099,\"height\":924},{\"@type\":\"BreadcrumbList\",\"@id\":\"https:\/\/last-chance.dk\/?product=blomsterhylde-blomsterstativ-2-stk-saet-veranda#breadcrumb\",\"itemListElement\":[{\"@type\":\"ListItem\",\"position\":1,\"name\":\"Home\",\"item\":\"https:\/\/last-chance.dk\/\"},{\"@type\":\"ListItem\",\"position\":2,\"name\":\"Blomsterhylde blomsterstativ 2 stk s\u00e6t Veranda\"}]},{\"@type\":\"WebSite\",\"@id\":\"https:\/\/last-chance.dk\/#website\",\"url\":\"https:\/\/last-chance.dk\/\",\"name\":\"LASTCHANCE Deals | Danmark\",\"description\":\"LASTCHANCE Deals | Danmark\",\"publisher\":{\"@id\":\"https:\/\/last-chance.dk\/#organization\"},\"potentialAction\":[{\"@type\":\"SearchAction\",\"target\":{\"@type\":\"EntryPoint\",\"urlTemplate\":\"https:\/\/last-chance.dk\/?s={search_term_string}\"},\"query-input\":{\"@type\":\"PropertyValueSpecification\",\"valueRequired\":true,\"valueName\":\"search_term_string\"}}],\"inLanguage\":\"da-DK\"},{\"@type\":\"Organization\",\"@id\":\"https:\/\/last-chance.dk\/#organization\",\"name\":\"LASTCHANCE Deals | Danmark\",\"url\":\"https:\/\/last-chance.dk\/\",\"logo\":{\"@type\":\"ImageObject\",\"inLanguage\":\"da-DK\",\"@id\":\"https:\/\/last-chance.dk\/#\/schema\/logo\/image\/\",\"url\":\"https:\/\/last-chance.dk\/wp-content\/uploads\/2023\/10\/lastchancedeals_logo_dk_white.png\",\"contentUrl\":\"https:\/\/last-chance.dk\/wp-content\/uploads\/2023\/10\/lastchancedeals_logo_dk_white.png\",\"width\":470,\"height\":110,\"caption\":\"LASTCHANCE Deals | Danmark\"},\"image\":{\"@id\":\"https:\/\/last-chance.dk\/#\/schema\/logo\/image\/\"}}]}<\/script>\n<!-- \/ Yoast SEO plugin. -->","yoast_head_json":{"title":"Blomsterhylde blomsterstativ 2 stk s\u00e6t Veranda - LASTCHANCE Deals | Danmark","robots":{"index":"index","follow":"follow","max-snippet":"max-snippet:-1","max-image-preview":"max-image-preview:large","max-video-preview":"max-video-preview:-1"},"canonical":"https:\/\/last-chance.dk\/?product=blomsterhylde-blomsterstativ-2-stk-saet-veranda","og_locale":"da_DK","og_type":"article","og_title":"Blomsterhylde blomsterstativ 2 stk s\u00e6t Veranda - LASTCHANCE Deals | Danmark","og_description":"Denne blomsterhylde blomsterstativ s\u00e6t er en uovertruffen beslutning for dem, der \u00f8nsker at vise deres blomster indend\u00f8rs. Med dens sort-hvide farveblanding er det en rigtig stilfuld tilf\u00f8jelse til dit hjem. S\u00e6ttet best\u00e5r af to identiske hylder, der hver er 60x33x153 cm i st\u00f8rrelse. Disse blomsterstativer er lavet af tr\u00e6 og metal, hvilket sikrer deres robusthed [&hellip;]","og_url":"https:\/\/last-chance.dk\/?product=blomsterhylde-blomsterstativ-2-stk-saet-veranda","og_site_name":"LASTCHANCE Deals | Danmark","article_modified_time":"2025-10-13T11:47:37+00:00","og_image":[{"width":1099,"height":924,"url":"https:\/\/last-chance.dk\/wp-content\/uploads\/2024\/08\/200jhqy-11.jpg","type":"image\/jpeg"}],"twitter_card":"summary_large_image","twitter_misc":{"Estimeret l\u00e6setid":"1 minut"},"schema":{"@context":"https:\/\/schema.org","@graph":[{"@type":"WebPage","@id":"https:\/\/last-chance.dk\/?product=blomsterhylde-blomsterstativ-2-stk-saet-veranda","url":"https:\/\/last-chance.dk\/?product=blomsterhylde-blomsterstativ-2-stk-saet-veranda","name":"Blomsterhylde blomsterstativ 2 stk s\u00e6t Veranda - LASTCHANCE Deals | Danmark","isPartOf":{"@id":"https:\/\/last-chance.dk\/#website"},"primaryImageOfPage":{"@id":"https:\/\/last-chance.dk\/?product=blomsterhylde-blomsterstativ-2-stk-saet-veranda#primaryimage"},"image":{"@id":"https:\/\/last-chance.dk\/?product=blomsterhylde-blomsterstativ-2-stk-saet-veranda#primaryimage"},"thumbnailUrl":"https:\/\/last-chance.dk\/wp-content\/uploads\/2024\/08\/200jhqy-11.jpg","datePublished":"2024-08-24T13:18:36+00:00","dateModified":"2025-10-13T11:47:37+00:00","breadcrumb":{"@id":"https:\/\/last-chance.dk\/?product=blomsterhylde-blomsterstativ-2-stk-saet-veranda#breadcrumb"},"inLanguage":"da-DK","potentialAction":[{"@type":"ReadAction","target":["https:\/\/last-chance.dk\/?product=blomsterhylde-blomsterstativ-2-stk-saet-veranda"]}]},{"@type":"ImageObject","inLanguage":"da-DK","@id":"https:\/\/last-chance.dk\/?product=blomsterhylde-blomsterstativ-2-stk-saet-veranda#primaryimage","url":"https:\/\/last-chance.dk\/wp-content\/uploads\/2024\/08\/200jhqy-11.jpg","contentUrl":"https:\/\/last-chance.dk\/wp-content\/uploads\/2024\/08\/200jhqy-11.jpg","width":1099,"height":924},{"@type":"BreadcrumbList","@id":"https:\/\/last-chance.dk\/?product=blomsterhylde-blomsterstativ-2-stk-saet-veranda#breadcrumb","itemListElement":[{"@type":"ListItem","position":1,"name":"Home","item":"https:\/\/last-chance.dk\/"},{"@type":"ListItem","position":2,"name":"Blomsterhylde blomsterstativ 2 stk s\u00e6t Veranda"}]},{"@type":"WebSite","@id":"https:\/\/last-chance.dk\/#website","url":"https:\/\/last-chance.dk\/","name":"LASTCHANCE Deals | Danmark","description":"LASTCHANCE Deals | Danmark","publisher":{"@id":"https:\/\/last-chance.dk\/#organization"},"potentialAction":[{"@type":"SearchAction","target":{"@type":"EntryPoint","urlTemplate":"https:\/\/last-chance.dk\/?s={search_term_string}"},"query-input":{"@type":"PropertyValueSpecification","valueRequired":true,"valueName":"search_term_string"}}],"inLanguage":"da-DK"},{"@type":"Organization","@id":"https:\/\/last-chance.dk\/#organization","name":"LASTCHANCE Deals | Danmark","url":"https:\/\/last-chance.dk\/","logo":{"@type":"ImageObject","inLanguage":"da-DK","@id":"https:\/\/last-chance.dk\/#\/schema\/logo\/image\/","url":"https:\/\/last-chance.dk\/wp-content\/uploads\/2023\/10\/lastchancedeals_logo_dk_white.png","contentUrl":"https:\/\/last-chance.dk\/wp-content\/uploads\/2023\/10\/lastchancedeals_logo_dk_white.png","width":470,"height":110,"caption":"LASTCHANCE Deals | Danmark"},"image":{"@id":"https:\/\/last-chance.dk\/#\/schema\/logo\/image\/"}}]}},"_links":{"self":[{"href":"https:\/\/last-chance.dk\/index.php?rest_route=\/wp\/v2\/product\/15805","targetHints":{"allow":["GET"]}}],"collection":[{"href":"https:\/\/last-chance.dk\/index.php?rest_route=\/wp\/v2\/product"}],"about":[{"href":"https:\/\/last-chance.dk\/index.php?rest_route=\/wp\/v2\/types\/product"}],"replies":[{"embeddable":true,"href":"https:\/\/last-chance.dk\/index.php?rest_route=%2Fwp%2Fv2%2Fcomments&post=15805"}],"wp:featuredmedia":[{"embeddable":true,"href":"https:\/\/last-chance.dk\/index.php?rest_route=\/wp\/v2\/media\/15803"}],"wp:attachment":[{"href":"https:\/\/last-chance.dk\/index.php?rest_route=%2Fwp%2Fv2%2Fmedia&parent=15805"}],"wp:term":[{"taxonomy":"product_brand","embeddable":true,"href":"https:\/\/last-chance.dk\/index.php?rest_route=%2Fwp%2Fv2%2Fproduct_brand&post=15805"},{"taxonomy":"product_cat","embeddable":true,"href":"https:\/\/last-chance.dk\/index.php?rest_route=%2Fwp%2Fv2%2Fproduct_cat&post=15805"},{"taxonomy":"product_tag","embeddable":true,"href":"https:\/\/last-chance.dk\/index.php?rest_route=%2Fwp%2Fv2%2Fproduct_tag&post=15805"}],"curies":[{"name":"wp","href":"https:\/\/api.w.org\/{rel}","templated":true}]}}