{"id":15853,"date":"2024-08-24T13:34:51","date_gmt":"2024-08-24T13:34:51","guid":{"rendered":"https:\/\/www.lastchance.deals\/dk\/produkt\/bordlampe-lauren-sort\/"},"modified":"2025-10-13T11:50:58","modified_gmt":"2025-10-13T11:50:58","slug":"bordlampe-lauren-sort","status":"publish","type":"product","link":"https:\/\/last-chance.dk\/?product=bordlampe-lauren-sort","title":{"rendered":"Bordlampe Lauren sort"},"content":{"rendered":"<p>\nOpdag elegance og sofistikering med Bordlampe Lauren. Dette unikke produkt viser en blanding af klassisk stil, som nemt vil tilf\u00f8je en raffineret fornemmelse til ethvert rum. Bordlampe Lauren er designet med dygtigt h\u00e5ndv\u00e6rk fra m\u00e6rket ForrestDecor og lover b\u00e5de kvalitet og varig p\u00e5lidelighed.\n<\/p>\n<p><\/p>\n<p>\nDenne bordlampe er lavet af robuste materialer, nemlig stof og metal, hvilket garanterer dens holdbarhed og styrke. Den sort farve er b\u00e5de smigrende og alsidig, som nemt kan passe til ethvert rumindretning. S\u00e5 uanset om du leder efter noget til at oplyse din stue, sovev\u00e6relse eller kontor, er Bordlampe Lauren et fantastisk valg.\n<\/p>\n<p><\/p>\n<p>\nMasserne p\u00e5 58x30cm g\u00f8r det muligt at placere denne lampe p\u00e5 stort set ethvert bord eller overflade. Lampe indg\u00e5r samlet, s\u00e5 du kan nyde dens varme og hyggelige belysning straks. Vi ved, hvor vigtigt det er at have produkter, som du kan stole p\u00e5, derfor tilbyder vi dig en 12 m\u00e5neders garanti p\u00e5 Bordlampe Lauren.\n<\/p>\n<p><\/p>\n<p>\nBordlampe Lauren er toppen af kvalitet og stil. G\u00f8r dit hjem lidt mere glamour\u00f8st med dette klassiske stykke.\n<\/p>\n<p><\/p>\n<p>Leveringstid: Leveringstid 1 uge<br \/>\nStil: klassisk<br \/>\nMateriale: stof,metal<br \/>\nFarve: sort<br \/>\nLampefatning: E27<br \/>\nLampestik: ikke inkluderet<br \/>\nUdvendige dimensioner: 58x30cm<br \/>\nFabrikant: ForrestDecor<br \/>\nMontage: leveres samlet<br \/>\nGaranti: 12 m\u00e5neder<\/p>\n","protected":false},"excerpt":{"rendered":"<p>Opdag elegance og sofistikering med Bordlampe Lauren. Dette unikke produkt viser en blanding af klassisk stil, som nemt vil tilf\u00f8je en raffineret fornemmelse til ethvert rum. Bordlampe Lauren er designet med dygtigt h\u00e5ndv\u00e6rk fra m\u00e6rket ForrestDecor og lover b\u00e5de kvalitet og varig p\u00e5lidelighed. Denne bordlampe er lavet af robuste materialer, nemlig stof og metal, hvilket [&hellip;]<\/p>\n","protected":false},"featured_media":15848,"comment_status":"open","ping_status":"closed","template":"","meta":[],"product_brand":[],"product_cat":[166],"product_tag":[],"class_list":{"0":"post-15853","1":"product","2":"type-product","3":"status-publish","4":"has-post-thumbnail","6":"product_cat-desk-lamps","8":"first","9":"instock","10":"shipping-taxable","11":"purchasable","12":"product-type-simple"},"yoast_head":"<!-- This site is optimized with the Yoast SEO plugin v24.8.1 - https:\/\/yoast.com\/wordpress\/plugins\/seo\/ -->\n<title>Bordlampe Lauren sort - LASTCHANCE Deals | Danmark<\/title>\n<meta name=\"robots\" content=\"index, follow, max-snippet:-1, max-image-preview:large, max-video-preview:-1\" \/>\n<link rel=\"canonical\" href=\"https:\/\/last-chance.dk\/?product=bordlampe-lauren-sort\" \/>\n<meta property=\"og:locale\" content=\"da_DK\" \/>\n<meta property=\"og:type\" content=\"article\" \/>\n<meta property=\"og:title\" content=\"Bordlampe Lauren sort - LASTCHANCE Deals | Danmark\" \/>\n<meta property=\"og:description\" content=\"Opdag elegance og sofistikering med Bordlampe Lauren. Dette unikke produkt viser en blanding af klassisk stil, som nemt vil tilf\u00f8je en raffineret fornemmelse til ethvert rum. Bordlampe Lauren er designet med dygtigt h\u00e5ndv\u00e6rk fra m\u00e6rket ForrestDecor og lover b\u00e5de kvalitet og varig p\u00e5lidelighed. Denne bordlampe er lavet af robuste materialer, nemlig stof og metal, hvilket [&hellip;]\" \/>\n<meta property=\"og:url\" content=\"https:\/\/last-chance.dk\/?product=bordlampe-lauren-sort\" \/>\n<meta property=\"og:site_name\" content=\"LASTCHANCE Deals | Danmark\" \/>\n<meta property=\"article:modified_time\" content=\"2025-10-13T11:50:58+00:00\" \/>\n<meta property=\"og:image\" content=\"https:\/\/last-chance.dk\/wp-content\/uploads\/2024\/08\/lauren.jpg\" \/>\n\t<meta property=\"og:image:width\" content=\"616\" \/>\n\t<meta property=\"og:image:height\" content=\"495\" \/>\n\t<meta property=\"og:image:type\" content=\"image\/jpeg\" \/>\n<meta name=\"twitter:card\" content=\"summary_large_image\" \/>\n<meta name=\"twitter:label1\" content=\"Estimeret l\u00e6setid\" \/>\n\t<meta name=\"twitter:data1\" content=\"1 minut\" \/>\n<script type=\"application\/ld+json\" class=\"yoast-schema-graph\">{\"@context\":\"https:\/\/schema.org\",\"@graph\":[{\"@type\":\"WebPage\",\"@id\":\"https:\/\/last-chance.dk\/?product=bordlampe-lauren-sort\",\"url\":\"https:\/\/last-chance.dk\/?product=bordlampe-lauren-sort\",\"name\":\"Bordlampe Lauren sort - LASTCHANCE Deals | Danmark\",\"isPartOf\":{\"@id\":\"https:\/\/last-chance.dk\/#website\"},\"primaryImageOfPage\":{\"@id\":\"https:\/\/last-chance.dk\/?product=bordlampe-lauren-sort#primaryimage\"},\"image\":{\"@id\":\"https:\/\/last-chance.dk\/?product=bordlampe-lauren-sort#primaryimage\"},\"thumbnailUrl\":\"https:\/\/last-chance.dk\/wp-content\/uploads\/2024\/08\/lauren.jpg\",\"datePublished\":\"2024-08-24T13:34:51+00:00\",\"dateModified\":\"2025-10-13T11:50:58+00:00\",\"breadcrumb\":{\"@id\":\"https:\/\/last-chance.dk\/?product=bordlampe-lauren-sort#breadcrumb\"},\"inLanguage\":\"da-DK\",\"potentialAction\":[{\"@type\":\"ReadAction\",\"target\":[\"https:\/\/last-chance.dk\/?product=bordlampe-lauren-sort\"]}]},{\"@type\":\"ImageObject\",\"inLanguage\":\"da-DK\",\"@id\":\"https:\/\/last-chance.dk\/?product=bordlampe-lauren-sort#primaryimage\",\"url\":\"https:\/\/last-chance.dk\/wp-content\/uploads\/2024\/08\/lauren.jpg\",\"contentUrl\":\"https:\/\/last-chance.dk\/wp-content\/uploads\/2024\/08\/lauren.jpg\",\"width\":616,\"height\":495},{\"@type\":\"BreadcrumbList\",\"@id\":\"https:\/\/last-chance.dk\/?product=bordlampe-lauren-sort#breadcrumb\",\"itemListElement\":[{\"@type\":\"ListItem\",\"position\":1,\"name\":\"Home\",\"item\":\"https:\/\/last-chance.dk\/\"},{\"@type\":\"ListItem\",\"position\":2,\"name\":\"Bordlampe Lauren sort\"}]},{\"@type\":\"WebSite\",\"@id\":\"https:\/\/last-chance.dk\/#website\",\"url\":\"https:\/\/last-chance.dk\/\",\"name\":\"LASTCHANCE Deals | Danmark\",\"description\":\"LASTCHANCE Deals | Danmark\",\"publisher\":{\"@id\":\"https:\/\/last-chance.dk\/#organization\"},\"potentialAction\":[{\"@type\":\"SearchAction\",\"target\":{\"@type\":\"EntryPoint\",\"urlTemplate\":\"https:\/\/last-chance.dk\/?s={search_term_string}\"},\"query-input\":{\"@type\":\"PropertyValueSpecification\",\"valueRequired\":true,\"valueName\":\"search_term_string\"}}],\"inLanguage\":\"da-DK\"},{\"@type\":\"Organization\",\"@id\":\"https:\/\/last-chance.dk\/#organization\",\"name\":\"LASTCHANCE Deals | Danmark\",\"url\":\"https:\/\/last-chance.dk\/\",\"logo\":{\"@type\":\"ImageObject\",\"inLanguage\":\"da-DK\",\"@id\":\"https:\/\/last-chance.dk\/#\/schema\/logo\/image\/\",\"url\":\"https:\/\/last-chance.dk\/wp-content\/uploads\/2023\/10\/lastchancedeals_logo_dk_white.png\",\"contentUrl\":\"https:\/\/last-chance.dk\/wp-content\/uploads\/2023\/10\/lastchancedeals_logo_dk_white.png\",\"width\":470,\"height\":110,\"caption\":\"LASTCHANCE Deals | Danmark\"},\"image\":{\"@id\":\"https:\/\/last-chance.dk\/#\/schema\/logo\/image\/\"}}]}<\/script>\n<!-- \/ Yoast SEO plugin. -->","yoast_head_json":{"title":"Bordlampe Lauren sort - LASTCHANCE Deals | Danmark","robots":{"index":"index","follow":"follow","max-snippet":"max-snippet:-1","max-image-preview":"max-image-preview:large","max-video-preview":"max-video-preview:-1"},"canonical":"https:\/\/last-chance.dk\/?product=bordlampe-lauren-sort","og_locale":"da_DK","og_type":"article","og_title":"Bordlampe Lauren sort - LASTCHANCE Deals | Danmark","og_description":"Opdag elegance og sofistikering med Bordlampe Lauren. Dette unikke produkt viser en blanding af klassisk stil, som nemt vil tilf\u00f8je en raffineret fornemmelse til ethvert rum. Bordlampe Lauren er designet med dygtigt h\u00e5ndv\u00e6rk fra m\u00e6rket ForrestDecor og lover b\u00e5de kvalitet og varig p\u00e5lidelighed. Denne bordlampe er lavet af robuste materialer, nemlig stof og metal, hvilket [&hellip;]","og_url":"https:\/\/last-chance.dk\/?product=bordlampe-lauren-sort","og_site_name":"LASTCHANCE Deals | Danmark","article_modified_time":"2025-10-13T11:50:58+00:00","og_image":[{"width":616,"height":495,"url":"https:\/\/last-chance.dk\/wp-content\/uploads\/2024\/08\/lauren.jpg","type":"image\/jpeg"}],"twitter_card":"summary_large_image","twitter_misc":{"Estimeret l\u00e6setid":"1 minut"},"schema":{"@context":"https:\/\/schema.org","@graph":[{"@type":"WebPage","@id":"https:\/\/last-chance.dk\/?product=bordlampe-lauren-sort","url":"https:\/\/last-chance.dk\/?product=bordlampe-lauren-sort","name":"Bordlampe Lauren sort - LASTCHANCE Deals | Danmark","isPartOf":{"@id":"https:\/\/last-chance.dk\/#website"},"primaryImageOfPage":{"@id":"https:\/\/last-chance.dk\/?product=bordlampe-lauren-sort#primaryimage"},"image":{"@id":"https:\/\/last-chance.dk\/?product=bordlampe-lauren-sort#primaryimage"},"thumbnailUrl":"https:\/\/last-chance.dk\/wp-content\/uploads\/2024\/08\/lauren.jpg","datePublished":"2024-08-24T13:34:51+00:00","dateModified":"2025-10-13T11:50:58+00:00","breadcrumb":{"@id":"https:\/\/last-chance.dk\/?product=bordlampe-lauren-sort#breadcrumb"},"inLanguage":"da-DK","potentialAction":[{"@type":"ReadAction","target":["https:\/\/last-chance.dk\/?product=bordlampe-lauren-sort"]}]},{"@type":"ImageObject","inLanguage":"da-DK","@id":"https:\/\/last-chance.dk\/?product=bordlampe-lauren-sort#primaryimage","url":"https:\/\/last-chance.dk\/wp-content\/uploads\/2024\/08\/lauren.jpg","contentUrl":"https:\/\/last-chance.dk\/wp-content\/uploads\/2024\/08\/lauren.jpg","width":616,"height":495},{"@type":"BreadcrumbList","@id":"https:\/\/last-chance.dk\/?product=bordlampe-lauren-sort#breadcrumb","itemListElement":[{"@type":"ListItem","position":1,"name":"Home","item":"https:\/\/last-chance.dk\/"},{"@type":"ListItem","position":2,"name":"Bordlampe Lauren sort"}]},{"@type":"WebSite","@id":"https:\/\/last-chance.dk\/#website","url":"https:\/\/last-chance.dk\/","name":"LASTCHANCE Deals | Danmark","description":"LASTCHANCE Deals | Danmark","publisher":{"@id":"https:\/\/last-chance.dk\/#organization"},"potentialAction":[{"@type":"SearchAction","target":{"@type":"EntryPoint","urlTemplate":"https:\/\/last-chance.dk\/?s={search_term_string}"},"query-input":{"@type":"PropertyValueSpecification","valueRequired":true,"valueName":"search_term_string"}}],"inLanguage":"da-DK"},{"@type":"Organization","@id":"https:\/\/last-chance.dk\/#organization","name":"LASTCHANCE Deals | Danmark","url":"https:\/\/last-chance.dk\/","logo":{"@type":"ImageObject","inLanguage":"da-DK","@id":"https:\/\/last-chance.dk\/#\/schema\/logo\/image\/","url":"https:\/\/last-chance.dk\/wp-content\/uploads\/2023\/10\/lastchancedeals_logo_dk_white.png","contentUrl":"https:\/\/last-chance.dk\/wp-content\/uploads\/2023\/10\/lastchancedeals_logo_dk_white.png","width":470,"height":110,"caption":"LASTCHANCE Deals | Danmark"},"image":{"@id":"https:\/\/last-chance.dk\/#\/schema\/logo\/image\/"}}]}},"_links":{"self":[{"href":"https:\/\/last-chance.dk\/index.php?rest_route=\/wp\/v2\/product\/15853","targetHints":{"allow":["GET"]}}],"collection":[{"href":"https:\/\/last-chance.dk\/index.php?rest_route=\/wp\/v2\/product"}],"about":[{"href":"https:\/\/last-chance.dk\/index.php?rest_route=\/wp\/v2\/types\/product"}],"replies":[{"embeddable":true,"href":"https:\/\/last-chance.dk\/index.php?rest_route=%2Fwp%2Fv2%2Fcomments&post=15853"}],"wp:featuredmedia":[{"embeddable":true,"href":"https:\/\/last-chance.dk\/index.php?rest_route=\/wp\/v2\/media\/15848"}],"wp:attachment":[{"href":"https:\/\/last-chance.dk\/index.php?rest_route=%2Fwp%2Fv2%2Fmedia&parent=15853"}],"wp:term":[{"taxonomy":"product_brand","embeddable":true,"href":"https:\/\/last-chance.dk\/index.php?rest_route=%2Fwp%2Fv2%2Fproduct_brand&post=15853"},{"taxonomy":"product_cat","embeddable":true,"href":"https:\/\/last-chance.dk\/index.php?rest_route=%2Fwp%2Fv2%2Fproduct_cat&post=15853"},{"taxonomy":"product_tag","embeddable":true,"href":"https:\/\/last-chance.dk\/index.php?rest_route=%2Fwp%2Fv2%2Fproduct_tag&post=15853"}],"curies":[{"name":"wp","href":"https:\/\/api.w.org\/{rel}","templated":true}]}}