{"id":6739,"date":"2023-11-06T13:04:51","date_gmt":"2023-11-06T13:04:51","guid":{"rendered":"https:\/\/www.lastchance.deals\/dk\/tuote\/boernesenge-med-madras-bear-160x80cm-lyseroed-lyseroed\/"},"modified":"2025-09-19T17:24:34","modified_gmt":"2025-09-19T17:24:34","slug":"boernesenge-med-madras-bear-160x80cm-lyseroed-lyseroed","status":"publish","type":"product","link":"https:\/\/last-chance.dk\/?product=boernesenge-med-madras-bear-160x80cm-lyseroed-lyseroed","title":{"rendered":"B\u00f8rnesenge med madras Bear 160x80cm Lyser\u00f8d lyser\u00f8d"},"content":{"rendered":"<p>Er du p\u00e5 udkig efter en s\u00f8d og komfortabel seng til dit barn? S\u00e5 er b\u00f8rnesengen med madras Bear 160x80cm Lyser\u00f8d det perfekte valg for dig. Denne seng har et moderne design med en lyser\u00f8d farve og en s\u00f8d bj\u00f8rn p\u00e5 sengegavlen. Den er lavet af solidt tr\u00e6 og m\u00f8belplade af h\u00f8j kvalitet, der sikrer holdbarhed og stabilitet. Sengen har ogs\u00e5 en praktisk senget\u00f8jskasse under lamelbunden, hvor du kan opbevare dit barns leget\u00f8j, t\u00f8j eller senget\u00f8j.<\/p>\n<p><\/p>\n<p>Sengen leveres med en komfortabel madras, der passer til sengest\u00f8rrelsen p\u00e5 160x80cm. Madrassen er lavet af allergivenligt materiale og har en aftagelig betr\u00e6k, der kan vaskes i maskine. Madrassen giver optimal st\u00f8tte til dit barns ryg og nakke, s\u00e5 det kan sove godt og dr\u00f8mme s\u00f8dt.<\/p>\n<p><\/p>\n<p>B\u00f8rnesengen med madras Bear 160x80cm Lyser\u00f8d er nem at samle med den medf\u00f8lgende vejledning. Den har en udvendig dimension p\u00e5 164x88x63cm, s\u00e5 den passer til de fleste b\u00f8rnev\u00e6relser. Sengen har en 12 m\u00e5neders rammegaranti fra fabrikanten LuxCasa, der er en anerkendt producent af b\u00f8rnem\u00f8bler i EU.<\/p>\n<p><\/p>\n<p>Bestil din b\u00f8rneseng med madras Bear 160x80cm Lyser\u00f8d i dag og gl\u00e6d dit barn med en flot og hyggelig seng.<\/p>\n<p><\/p>\n<p>Leveringstid: Leveringstid 1 uge<br \/>\nStil: moderne<br \/>\nRammemateriale: solidt tr\u00e6,m\u00f8belplade<br \/>\nLamelbund: inkluderet<br \/>\nSengest\u00f8rrelse: 160x80cm<br \/>\nFarve: lyser\u00f8d<br \/>\nMadras: inkluderet<br \/>\nSenget\u00f8jskasse: ikke inkluderet<br \/>\nSengegavl: inkluderet<br \/>\nUdvendige dimensioner: 164x88x63cm<br \/>\nMontage: skal samles<br \/>\nGaranti: 12 m\u00e5neders rammegaranti<br \/>\nFabrikant: NordNova<br \/>\nFremstillet: i EU<\/p>\n","protected":false},"excerpt":{"rendered":"<p>Er du p\u00e5 udkig efter en s\u00f8d og komfortabel seng til dit barn? S\u00e5 er b\u00f8rnesengen med madras Bear 160x80cm Lyser\u00f8d det perfekte valg for dig. Denne seng har et moderne design med en lyser\u00f8d farve og en s\u00f8d bj\u00f8rn p\u00e5 sengegavlen. Den er lavet af solidt tr\u00e6 og m\u00f8belplade af h\u00f8j kvalitet, der sikrer [&hellip;]<\/p>\n","protected":false},"featured_media":6737,"comment_status":"open","ping_status":"closed","template":"","meta":[],"product_brand":[],"product_cat":[128],"product_tag":[],"class_list":{"0":"post-6739","1":"product","2":"type-product","3":"status-publish","4":"has-post-thumbnail","6":"product_cat-childrens-beds","8":"first","9":"instock","10":"shipping-taxable","11":"purchasable","12":"product-type-simple"},"yoast_head":"<!-- This site is optimized with the Yoast SEO plugin v24.8.1 - https:\/\/yoast.com\/wordpress\/plugins\/seo\/ -->\n<title>B\u00f8rnesenge med madras Bear 160x80cm Lyser\u00f8d lyser\u00f8d - LASTCHANCE Deals | Danmark<\/title>\n<meta name=\"robots\" content=\"index, follow, max-snippet:-1, max-image-preview:large, max-video-preview:-1\" \/>\n<link rel=\"canonical\" href=\"https:\/\/last-chance.dk\/?product=boernesenge-med-madras-bear-160x80cm-lyseroed-lyseroed\" \/>\n<meta property=\"og:locale\" content=\"da_DK\" \/>\n<meta property=\"og:type\" content=\"article\" \/>\n<meta property=\"og:title\" content=\"B\u00f8rnesenge med madras Bear 160x80cm Lyser\u00f8d lyser\u00f8d - LASTCHANCE Deals | Danmark\" \/>\n<meta property=\"og:description\" content=\"Er du p\u00e5 udkig efter en s\u00f8d og komfortabel seng til dit barn? S\u00e5 er b\u00f8rnesengen med madras Bear 160x80cm Lyser\u00f8d det perfekte valg for dig. Denne seng har et moderne design med en lyser\u00f8d farve og en s\u00f8d bj\u00f8rn p\u00e5 sengegavlen. Den er lavet af solidt tr\u00e6 og m\u00f8belplade af h\u00f8j kvalitet, der sikrer [&hellip;]\" \/>\n<meta property=\"og:url\" content=\"https:\/\/last-chance.dk\/?product=boernesenge-med-madras-bear-160x80cm-lyseroed-lyseroed\" \/>\n<meta property=\"og:site_name\" content=\"LASTCHANCE Deals | Danmark\" \/>\n<meta property=\"article:modified_time\" content=\"2025-09-19T17:24:34+00:00\" \/>\n<meta property=\"og:image\" content=\"https:\/\/last-chance.dk\/wp-content\/uploads\/2023\/11\/f1_bear.jpg\" \/>\n\t<meta property=\"og:image:width\" content=\"1000\" \/>\n\t<meta property=\"og:image:height\" content=\"630\" \/>\n\t<meta property=\"og:image:type\" content=\"image\/jpeg\" \/>\n<meta name=\"twitter:card\" content=\"summary_large_image\" \/>\n<meta name=\"twitter:label1\" content=\"Estimeret l\u00e6setid\" \/>\n\t<meta name=\"twitter:data1\" content=\"1 minut\" \/>\n<script type=\"application\/ld+json\" class=\"yoast-schema-graph\">{\"@context\":\"https:\/\/schema.org\",\"@graph\":[{\"@type\":\"WebPage\",\"@id\":\"https:\/\/last-chance.dk\/?product=boernesenge-med-madras-bear-160x80cm-lyseroed-lyseroed\",\"url\":\"https:\/\/last-chance.dk\/?product=boernesenge-med-madras-bear-160x80cm-lyseroed-lyseroed\",\"name\":\"B\u00f8rnesenge med madras Bear 160x80cm Lyser\u00f8d lyser\u00f8d - LASTCHANCE Deals | Danmark\",\"isPartOf\":{\"@id\":\"https:\/\/last-chance.dk\/#website\"},\"primaryImageOfPage\":{\"@id\":\"https:\/\/last-chance.dk\/?product=boernesenge-med-madras-bear-160x80cm-lyseroed-lyseroed#primaryimage\"},\"image\":{\"@id\":\"https:\/\/last-chance.dk\/?product=boernesenge-med-madras-bear-160x80cm-lyseroed-lyseroed#primaryimage\"},\"thumbnailUrl\":\"https:\/\/last-chance.dk\/wp-content\/uploads\/2023\/11\/f1_bear.jpg\",\"datePublished\":\"2023-11-06T13:04:51+00:00\",\"dateModified\":\"2025-09-19T17:24:34+00:00\",\"breadcrumb\":{\"@id\":\"https:\/\/last-chance.dk\/?product=boernesenge-med-madras-bear-160x80cm-lyseroed-lyseroed#breadcrumb\"},\"inLanguage\":\"da-DK\",\"potentialAction\":[{\"@type\":\"ReadAction\",\"target\":[\"https:\/\/last-chance.dk\/?product=boernesenge-med-madras-bear-160x80cm-lyseroed-lyseroed\"]}]},{\"@type\":\"ImageObject\",\"inLanguage\":\"da-DK\",\"@id\":\"https:\/\/last-chance.dk\/?product=boernesenge-med-madras-bear-160x80cm-lyseroed-lyseroed#primaryimage\",\"url\":\"https:\/\/last-chance.dk\/wp-content\/uploads\/2023\/11\/f1_bear.jpg\",\"contentUrl\":\"https:\/\/last-chance.dk\/wp-content\/uploads\/2023\/11\/f1_bear.jpg\",\"width\":1000,\"height\":630},{\"@type\":\"BreadcrumbList\",\"@id\":\"https:\/\/last-chance.dk\/?product=boernesenge-med-madras-bear-160x80cm-lyseroed-lyseroed#breadcrumb\",\"itemListElement\":[{\"@type\":\"ListItem\",\"position\":1,\"name\":\"Home\",\"item\":\"https:\/\/last-chance.dk\/\"},{\"@type\":\"ListItem\",\"position\":2,\"name\":\"B\u00f8rnesenge med madras Bear 160x80cm Lyser\u00f8d lyser\u00f8d\"}]},{\"@type\":\"WebSite\",\"@id\":\"https:\/\/last-chance.dk\/#website\",\"url\":\"https:\/\/last-chance.dk\/\",\"name\":\"LASTCHANCE Deals | Danmark\",\"description\":\"LASTCHANCE Deals | Danmark\",\"publisher\":{\"@id\":\"https:\/\/last-chance.dk\/#organization\"},\"potentialAction\":[{\"@type\":\"SearchAction\",\"target\":{\"@type\":\"EntryPoint\",\"urlTemplate\":\"https:\/\/last-chance.dk\/?s={search_term_string}\"},\"query-input\":{\"@type\":\"PropertyValueSpecification\",\"valueRequired\":true,\"valueName\":\"search_term_string\"}}],\"inLanguage\":\"da-DK\"},{\"@type\":\"Organization\",\"@id\":\"https:\/\/last-chance.dk\/#organization\",\"name\":\"LASTCHANCE Deals | Danmark\",\"url\":\"https:\/\/last-chance.dk\/\",\"logo\":{\"@type\":\"ImageObject\",\"inLanguage\":\"da-DK\",\"@id\":\"https:\/\/last-chance.dk\/#\/schema\/logo\/image\/\",\"url\":\"https:\/\/last-chance.dk\/wp-content\/uploads\/2023\/10\/lastchancedeals_logo_dk_white.png\",\"contentUrl\":\"https:\/\/last-chance.dk\/wp-content\/uploads\/2023\/10\/lastchancedeals_logo_dk_white.png\",\"width\":470,\"height\":110,\"caption\":\"LASTCHANCE Deals | Danmark\"},\"image\":{\"@id\":\"https:\/\/last-chance.dk\/#\/schema\/logo\/image\/\"}}]}<\/script>\n<!-- \/ Yoast SEO plugin. -->","yoast_head_json":{"title":"B\u00f8rnesenge med madras Bear 160x80cm Lyser\u00f8d lyser\u00f8d - LASTCHANCE Deals | Danmark","robots":{"index":"index","follow":"follow","max-snippet":"max-snippet:-1","max-image-preview":"max-image-preview:large","max-video-preview":"max-video-preview:-1"},"canonical":"https:\/\/last-chance.dk\/?product=boernesenge-med-madras-bear-160x80cm-lyseroed-lyseroed","og_locale":"da_DK","og_type":"article","og_title":"B\u00f8rnesenge med madras Bear 160x80cm Lyser\u00f8d lyser\u00f8d - LASTCHANCE Deals | Danmark","og_description":"Er du p\u00e5 udkig efter en s\u00f8d og komfortabel seng til dit barn? S\u00e5 er b\u00f8rnesengen med madras Bear 160x80cm Lyser\u00f8d det perfekte valg for dig. Denne seng har et moderne design med en lyser\u00f8d farve og en s\u00f8d bj\u00f8rn p\u00e5 sengegavlen. Den er lavet af solidt tr\u00e6 og m\u00f8belplade af h\u00f8j kvalitet, der sikrer [&hellip;]","og_url":"https:\/\/last-chance.dk\/?product=boernesenge-med-madras-bear-160x80cm-lyseroed-lyseroed","og_site_name":"LASTCHANCE Deals | Danmark","article_modified_time":"2025-09-19T17:24:34+00:00","og_image":[{"width":1000,"height":630,"url":"https:\/\/last-chance.dk\/wp-content\/uploads\/2023\/11\/f1_bear.jpg","type":"image\/jpeg"}],"twitter_card":"summary_large_image","twitter_misc":{"Estimeret l\u00e6setid":"1 minut"},"schema":{"@context":"https:\/\/schema.org","@graph":[{"@type":"WebPage","@id":"https:\/\/last-chance.dk\/?product=boernesenge-med-madras-bear-160x80cm-lyseroed-lyseroed","url":"https:\/\/last-chance.dk\/?product=boernesenge-med-madras-bear-160x80cm-lyseroed-lyseroed","name":"B\u00f8rnesenge med madras Bear 160x80cm Lyser\u00f8d lyser\u00f8d - LASTCHANCE Deals | Danmark","isPartOf":{"@id":"https:\/\/last-chance.dk\/#website"},"primaryImageOfPage":{"@id":"https:\/\/last-chance.dk\/?product=boernesenge-med-madras-bear-160x80cm-lyseroed-lyseroed#primaryimage"},"image":{"@id":"https:\/\/last-chance.dk\/?product=boernesenge-med-madras-bear-160x80cm-lyseroed-lyseroed#primaryimage"},"thumbnailUrl":"https:\/\/last-chance.dk\/wp-content\/uploads\/2023\/11\/f1_bear.jpg","datePublished":"2023-11-06T13:04:51+00:00","dateModified":"2025-09-19T17:24:34+00:00","breadcrumb":{"@id":"https:\/\/last-chance.dk\/?product=boernesenge-med-madras-bear-160x80cm-lyseroed-lyseroed#breadcrumb"},"inLanguage":"da-DK","potentialAction":[{"@type":"ReadAction","target":["https:\/\/last-chance.dk\/?product=boernesenge-med-madras-bear-160x80cm-lyseroed-lyseroed"]}]},{"@type":"ImageObject","inLanguage":"da-DK","@id":"https:\/\/last-chance.dk\/?product=boernesenge-med-madras-bear-160x80cm-lyseroed-lyseroed#primaryimage","url":"https:\/\/last-chance.dk\/wp-content\/uploads\/2023\/11\/f1_bear.jpg","contentUrl":"https:\/\/last-chance.dk\/wp-content\/uploads\/2023\/11\/f1_bear.jpg","width":1000,"height":630},{"@type":"BreadcrumbList","@id":"https:\/\/last-chance.dk\/?product=boernesenge-med-madras-bear-160x80cm-lyseroed-lyseroed#breadcrumb","itemListElement":[{"@type":"ListItem","position":1,"name":"Home","item":"https:\/\/last-chance.dk\/"},{"@type":"ListItem","position":2,"name":"B\u00f8rnesenge med madras Bear 160x80cm Lyser\u00f8d lyser\u00f8d"}]},{"@type":"WebSite","@id":"https:\/\/last-chance.dk\/#website","url":"https:\/\/last-chance.dk\/","name":"LASTCHANCE Deals | Danmark","description":"LASTCHANCE Deals | Danmark","publisher":{"@id":"https:\/\/last-chance.dk\/#organization"},"potentialAction":[{"@type":"SearchAction","target":{"@type":"EntryPoint","urlTemplate":"https:\/\/last-chance.dk\/?s={search_term_string}"},"query-input":{"@type":"PropertyValueSpecification","valueRequired":true,"valueName":"search_term_string"}}],"inLanguage":"da-DK"},{"@type":"Organization","@id":"https:\/\/last-chance.dk\/#organization","name":"LASTCHANCE Deals | Danmark","url":"https:\/\/last-chance.dk\/","logo":{"@type":"ImageObject","inLanguage":"da-DK","@id":"https:\/\/last-chance.dk\/#\/schema\/logo\/image\/","url":"https:\/\/last-chance.dk\/wp-content\/uploads\/2023\/10\/lastchancedeals_logo_dk_white.png","contentUrl":"https:\/\/last-chance.dk\/wp-content\/uploads\/2023\/10\/lastchancedeals_logo_dk_white.png","width":470,"height":110,"caption":"LASTCHANCE Deals | Danmark"},"image":{"@id":"https:\/\/last-chance.dk\/#\/schema\/logo\/image\/"}}]}},"_links":{"self":[{"href":"https:\/\/last-chance.dk\/index.php?rest_route=\/wp\/v2\/product\/6739","targetHints":{"allow":["GET"]}}],"collection":[{"href":"https:\/\/last-chance.dk\/index.php?rest_route=\/wp\/v2\/product"}],"about":[{"href":"https:\/\/last-chance.dk\/index.php?rest_route=\/wp\/v2\/types\/product"}],"replies":[{"embeddable":true,"href":"https:\/\/last-chance.dk\/index.php?rest_route=%2Fwp%2Fv2%2Fcomments&post=6739"}],"wp:featuredmedia":[{"embeddable":true,"href":"https:\/\/last-chance.dk\/index.php?rest_route=\/wp\/v2\/media\/6737"}],"wp:attachment":[{"href":"https:\/\/last-chance.dk\/index.php?rest_route=%2Fwp%2Fv2%2Fmedia&parent=6739"}],"wp:term":[{"taxonomy":"product_brand","embeddable":true,"href":"https:\/\/last-chance.dk\/index.php?rest_route=%2Fwp%2Fv2%2Fproduct_brand&post=6739"},{"taxonomy":"product_cat","embeddable":true,"href":"https:\/\/last-chance.dk\/index.php?rest_route=%2Fwp%2Fv2%2Fproduct_cat&post=6739"},{"taxonomy":"product_tag","embeddable":true,"href":"https:\/\/last-chance.dk\/index.php?rest_route=%2Fwp%2Fv2%2Fproduct_tag&post=6739"}],"curies":[{"name":"wp","href":"https:\/\/api.w.org\/{rel}","templated":true}]}}