{"id":6867,"date":"2023-11-06T13:14:35","date_gmt":"2023-11-06T13:14:35","guid":{"rendered":"https:\/\/www.lastchance.deals\/dk\/tuote\/autostol-til-hunde-eller-katte-50x17x55cm-sort-stof\/"},"modified":"2025-10-13T11:46:10","modified_gmt":"2025-10-13T11:46:10","slug":"autostol-til-hunde-eller-katte-50x17x55cm-sort-stof","status":"publish","type":"product","link":"https:\/\/last-chance.dk\/?product=autostol-til-hunde-eller-katte-50x17x55cm-sort-stof","title":{"rendered":"Autostol til hunde eller katte 50x17x55cm sort stof"},"content":{"rendered":"<p>Er du p\u00e5 udkig efter en sikker og komfortabel m\u00e5de at transportere din hund eller kat i bilen? S\u00e5 er denne autostol fra ForrestDecor det perfekte valg for dig. Denne autostol er lavet af bl\u00f8dt og slidst\u00e6rkt stof i en elegant sort farve, der passer til enhver bilindretning. Den har en rummelig dimension p\u00e5 50x17x55cm, der giver dit k\u00e6ledyr plads til at sidde, ligge eller kigge ud af vinduet. Den er ogs\u00e5 nem at montere og afmontere med de medf\u00f8lgende stropper, der fastg\u00f8r stolen til s\u00e6det. Denne autostol er produceret i EU med h\u00f8j kvalitet og omtanke for milj\u00f8et. G\u00f8r din hund eller kat glad og tryg med denne autostol fra ForrestDecor.<\/p>\n<p><\/p>\n<p>Leveringstid: Leveringstid 1-2 uger<br \/>\nMateriale: stof<br \/>\nFarve: sort<br \/>\nDimensioner: 50x17x55cm<br \/>\nMontage: leveres samlet<br \/>\nFabrikant: ForrestDecor<br \/>\nFremstillet: i EU<\/p>\n","protected":false},"excerpt":{"rendered":"<p>Er du p\u00e5 udkig efter en sikker og komfortabel m\u00e5de at transportere din hund eller kat i bilen? S\u00e5 er denne autostol fra ForrestDecor det perfekte valg for dig. Denne autostol er lavet af bl\u00f8dt og slidst\u00e6rkt stof i en elegant sort farve, der passer til enhver bilindretning. Den har en rummelig dimension p\u00e5 50x17x55cm, [&hellip;]<\/p>\n","protected":false},"featured_media":6864,"comment_status":"open","ping_status":"closed","template":"","meta":[],"product_brand":[],"product_cat":[134],"product_tag":[],"class_list":{"0":"post-6867","1":"product","2":"type-product","3":"status-publish","4":"has-post-thumbnail","6":"product_cat-pet-carrier-crate-accessories","8":"first","9":"instock","10":"shipping-taxable","11":"purchasable","12":"product-type-simple"},"yoast_head":"<!-- This site is optimized with the Yoast SEO plugin v24.8.1 - https:\/\/yoast.com\/wordpress\/plugins\/seo\/ -->\n<title>Autostol til hunde eller katte 50x17x55cm sort stof - LASTCHANCE Deals | Danmark<\/title>\n<meta name=\"robots\" content=\"index, follow, max-snippet:-1, max-image-preview:large, max-video-preview:-1\" \/>\n<link rel=\"canonical\" href=\"https:\/\/last-chance.dk\/?product=autostol-til-hunde-eller-katte-50x17x55cm-sort-stof\" \/>\n<meta property=\"og:locale\" content=\"da_DK\" \/>\n<meta property=\"og:type\" content=\"article\" \/>\n<meta property=\"og:title\" content=\"Autostol til hunde eller katte 50x17x55cm sort stof - LASTCHANCE Deals | Danmark\" \/>\n<meta property=\"og:description\" content=\"Er du p\u00e5 udkig efter en sikker og komfortabel m\u00e5de at transportere din hund eller kat i bilen? S\u00e5 er denne autostol fra ForrestDecor det perfekte valg for dig. Denne autostol er lavet af bl\u00f8dt og slidst\u00e6rkt stof i en elegant sort farve, der passer til enhver bilindretning. Den har en rummelig dimension p\u00e5 50x17x55cm, [&hellip;]\" \/>\n<meta property=\"og:url\" content=\"https:\/\/last-chance.dk\/?product=autostol-til-hunde-eller-katte-50x17x55cm-sort-stof\" \/>\n<meta property=\"og:site_name\" content=\"LASTCHANCE Deals | Danmark\" \/>\n<meta property=\"article:modified_time\" content=\"2025-10-13T11:46:10+00:00\" \/>\n<meta property=\"og:image\" content=\"https:\/\/last-chance.dk\/wp-content\/uploads\/2023\/11\/3_2_1.jpg\" \/>\n\t<meta property=\"og:image:width\" content=\"675\" \/>\n\t<meta property=\"og:image:height\" content=\"1200\" \/>\n\t<meta property=\"og:image:type\" content=\"image\/jpeg\" \/>\n<meta name=\"twitter:card\" content=\"summary_large_image\" \/>\n<meta name=\"twitter:label1\" content=\"Estimeret l\u00e6setid\" \/>\n\t<meta name=\"twitter:data1\" content=\"1 minut\" \/>\n<script type=\"application\/ld+json\" class=\"yoast-schema-graph\">{\"@context\":\"https:\/\/schema.org\",\"@graph\":[{\"@type\":\"WebPage\",\"@id\":\"https:\/\/last-chance.dk\/?product=autostol-til-hunde-eller-katte-50x17x55cm-sort-stof\",\"url\":\"https:\/\/last-chance.dk\/?product=autostol-til-hunde-eller-katte-50x17x55cm-sort-stof\",\"name\":\"Autostol til hunde eller katte 50x17x55cm sort stof - LASTCHANCE Deals | Danmark\",\"isPartOf\":{\"@id\":\"https:\/\/last-chance.dk\/#website\"},\"primaryImageOfPage\":{\"@id\":\"https:\/\/last-chance.dk\/?product=autostol-til-hunde-eller-katte-50x17x55cm-sort-stof#primaryimage\"},\"image\":{\"@id\":\"https:\/\/last-chance.dk\/?product=autostol-til-hunde-eller-katte-50x17x55cm-sort-stof#primaryimage\"},\"thumbnailUrl\":\"https:\/\/last-chance.dk\/wp-content\/uploads\/2023\/11\/3_2_1.jpg\",\"datePublished\":\"2023-11-06T13:14:35+00:00\",\"dateModified\":\"2025-10-13T11:46:10+00:00\",\"breadcrumb\":{\"@id\":\"https:\/\/last-chance.dk\/?product=autostol-til-hunde-eller-katte-50x17x55cm-sort-stof#breadcrumb\"},\"inLanguage\":\"da-DK\",\"potentialAction\":[{\"@type\":\"ReadAction\",\"target\":[\"https:\/\/last-chance.dk\/?product=autostol-til-hunde-eller-katte-50x17x55cm-sort-stof\"]}]},{\"@type\":\"ImageObject\",\"inLanguage\":\"da-DK\",\"@id\":\"https:\/\/last-chance.dk\/?product=autostol-til-hunde-eller-katte-50x17x55cm-sort-stof#primaryimage\",\"url\":\"https:\/\/last-chance.dk\/wp-content\/uploads\/2023\/11\/3_2_1.jpg\",\"contentUrl\":\"https:\/\/last-chance.dk\/wp-content\/uploads\/2023\/11\/3_2_1.jpg\",\"width\":675,\"height\":1200},{\"@type\":\"BreadcrumbList\",\"@id\":\"https:\/\/last-chance.dk\/?product=autostol-til-hunde-eller-katte-50x17x55cm-sort-stof#breadcrumb\",\"itemListElement\":[{\"@type\":\"ListItem\",\"position\":1,\"name\":\"Home\",\"item\":\"https:\/\/last-chance.dk\/\"},{\"@type\":\"ListItem\",\"position\":2,\"name\":\"Autostol til hunde eller katte 50x17x55cm sort stof\"}]},{\"@type\":\"WebSite\",\"@id\":\"https:\/\/last-chance.dk\/#website\",\"url\":\"https:\/\/last-chance.dk\/\",\"name\":\"LASTCHANCE Deals | Danmark\",\"description\":\"LASTCHANCE Deals | Danmark\",\"publisher\":{\"@id\":\"https:\/\/last-chance.dk\/#organization\"},\"potentialAction\":[{\"@type\":\"SearchAction\",\"target\":{\"@type\":\"EntryPoint\",\"urlTemplate\":\"https:\/\/last-chance.dk\/?s={search_term_string}\"},\"query-input\":{\"@type\":\"PropertyValueSpecification\",\"valueRequired\":true,\"valueName\":\"search_term_string\"}}],\"inLanguage\":\"da-DK\"},{\"@type\":\"Organization\",\"@id\":\"https:\/\/last-chance.dk\/#organization\",\"name\":\"LASTCHANCE Deals | Danmark\",\"url\":\"https:\/\/last-chance.dk\/\",\"logo\":{\"@type\":\"ImageObject\",\"inLanguage\":\"da-DK\",\"@id\":\"https:\/\/last-chance.dk\/#\/schema\/logo\/image\/\",\"url\":\"https:\/\/last-chance.dk\/wp-content\/uploads\/2023\/10\/lastchancedeals_logo_dk_white.png\",\"contentUrl\":\"https:\/\/last-chance.dk\/wp-content\/uploads\/2023\/10\/lastchancedeals_logo_dk_white.png\",\"width\":470,\"height\":110,\"caption\":\"LASTCHANCE Deals | Danmark\"},\"image\":{\"@id\":\"https:\/\/last-chance.dk\/#\/schema\/logo\/image\/\"}}]}<\/script>\n<!-- \/ Yoast SEO plugin. -->","yoast_head_json":{"title":"Autostol til hunde eller katte 50x17x55cm sort stof - LASTCHANCE Deals | Danmark","robots":{"index":"index","follow":"follow","max-snippet":"max-snippet:-1","max-image-preview":"max-image-preview:large","max-video-preview":"max-video-preview:-1"},"canonical":"https:\/\/last-chance.dk\/?product=autostol-til-hunde-eller-katte-50x17x55cm-sort-stof","og_locale":"da_DK","og_type":"article","og_title":"Autostol til hunde eller katte 50x17x55cm sort stof - LASTCHANCE Deals | Danmark","og_description":"Er du p\u00e5 udkig efter en sikker og komfortabel m\u00e5de at transportere din hund eller kat i bilen? S\u00e5 er denne autostol fra ForrestDecor det perfekte valg for dig. Denne autostol er lavet af bl\u00f8dt og slidst\u00e6rkt stof i en elegant sort farve, der passer til enhver bilindretning. Den har en rummelig dimension p\u00e5 50x17x55cm, [&hellip;]","og_url":"https:\/\/last-chance.dk\/?product=autostol-til-hunde-eller-katte-50x17x55cm-sort-stof","og_site_name":"LASTCHANCE Deals | Danmark","article_modified_time":"2025-10-13T11:46:10+00:00","og_image":[{"width":675,"height":1200,"url":"https:\/\/last-chance.dk\/wp-content\/uploads\/2023\/11\/3_2_1.jpg","type":"image\/jpeg"}],"twitter_card":"summary_large_image","twitter_misc":{"Estimeret l\u00e6setid":"1 minut"},"schema":{"@context":"https:\/\/schema.org","@graph":[{"@type":"WebPage","@id":"https:\/\/last-chance.dk\/?product=autostol-til-hunde-eller-katte-50x17x55cm-sort-stof","url":"https:\/\/last-chance.dk\/?product=autostol-til-hunde-eller-katte-50x17x55cm-sort-stof","name":"Autostol til hunde eller katte 50x17x55cm sort stof - LASTCHANCE Deals | Danmark","isPartOf":{"@id":"https:\/\/last-chance.dk\/#website"},"primaryImageOfPage":{"@id":"https:\/\/last-chance.dk\/?product=autostol-til-hunde-eller-katte-50x17x55cm-sort-stof#primaryimage"},"image":{"@id":"https:\/\/last-chance.dk\/?product=autostol-til-hunde-eller-katte-50x17x55cm-sort-stof#primaryimage"},"thumbnailUrl":"https:\/\/last-chance.dk\/wp-content\/uploads\/2023\/11\/3_2_1.jpg","datePublished":"2023-11-06T13:14:35+00:00","dateModified":"2025-10-13T11:46:10+00:00","breadcrumb":{"@id":"https:\/\/last-chance.dk\/?product=autostol-til-hunde-eller-katte-50x17x55cm-sort-stof#breadcrumb"},"inLanguage":"da-DK","potentialAction":[{"@type":"ReadAction","target":["https:\/\/last-chance.dk\/?product=autostol-til-hunde-eller-katte-50x17x55cm-sort-stof"]}]},{"@type":"ImageObject","inLanguage":"da-DK","@id":"https:\/\/last-chance.dk\/?product=autostol-til-hunde-eller-katte-50x17x55cm-sort-stof#primaryimage","url":"https:\/\/last-chance.dk\/wp-content\/uploads\/2023\/11\/3_2_1.jpg","contentUrl":"https:\/\/last-chance.dk\/wp-content\/uploads\/2023\/11\/3_2_1.jpg","width":675,"height":1200},{"@type":"BreadcrumbList","@id":"https:\/\/last-chance.dk\/?product=autostol-til-hunde-eller-katte-50x17x55cm-sort-stof#breadcrumb","itemListElement":[{"@type":"ListItem","position":1,"name":"Home","item":"https:\/\/last-chance.dk\/"},{"@type":"ListItem","position":2,"name":"Autostol til hunde eller katte 50x17x55cm sort stof"}]},{"@type":"WebSite","@id":"https:\/\/last-chance.dk\/#website","url":"https:\/\/last-chance.dk\/","name":"LASTCHANCE Deals | Danmark","description":"LASTCHANCE Deals | Danmark","publisher":{"@id":"https:\/\/last-chance.dk\/#organization"},"potentialAction":[{"@type":"SearchAction","target":{"@type":"EntryPoint","urlTemplate":"https:\/\/last-chance.dk\/?s={search_term_string}"},"query-input":{"@type":"PropertyValueSpecification","valueRequired":true,"valueName":"search_term_string"}}],"inLanguage":"da-DK"},{"@type":"Organization","@id":"https:\/\/last-chance.dk\/#organization","name":"LASTCHANCE Deals | Danmark","url":"https:\/\/last-chance.dk\/","logo":{"@type":"ImageObject","inLanguage":"da-DK","@id":"https:\/\/last-chance.dk\/#\/schema\/logo\/image\/","url":"https:\/\/last-chance.dk\/wp-content\/uploads\/2023\/10\/lastchancedeals_logo_dk_white.png","contentUrl":"https:\/\/last-chance.dk\/wp-content\/uploads\/2023\/10\/lastchancedeals_logo_dk_white.png","width":470,"height":110,"caption":"LASTCHANCE Deals | Danmark"},"image":{"@id":"https:\/\/last-chance.dk\/#\/schema\/logo\/image\/"}}]}},"_links":{"self":[{"href":"https:\/\/last-chance.dk\/index.php?rest_route=\/wp\/v2\/product\/6867","targetHints":{"allow":["GET"]}}],"collection":[{"href":"https:\/\/last-chance.dk\/index.php?rest_route=\/wp\/v2\/product"}],"about":[{"href":"https:\/\/last-chance.dk\/index.php?rest_route=\/wp\/v2\/types\/product"}],"replies":[{"embeddable":true,"href":"https:\/\/last-chance.dk\/index.php?rest_route=%2Fwp%2Fv2%2Fcomments&post=6867"}],"wp:featuredmedia":[{"embeddable":true,"href":"https:\/\/last-chance.dk\/index.php?rest_route=\/wp\/v2\/media\/6864"}],"wp:attachment":[{"href":"https:\/\/last-chance.dk\/index.php?rest_route=%2Fwp%2Fv2%2Fmedia&parent=6867"}],"wp:term":[{"taxonomy":"product_brand","embeddable":true,"href":"https:\/\/last-chance.dk\/index.php?rest_route=%2Fwp%2Fv2%2Fproduct_brand&post=6867"},{"taxonomy":"product_cat","embeddable":true,"href":"https:\/\/last-chance.dk\/index.php?rest_route=%2Fwp%2Fv2%2Fproduct_cat&post=6867"},{"taxonomy":"product_tag","embeddable":true,"href":"https:\/\/last-chance.dk\/index.php?rest_route=%2Fwp%2Fv2%2Fproduct_tag&post=6867"}],"curies":[{"name":"wp","href":"https:\/\/api.w.org\/{rel}","templated":true}]}}