{"id":7247,"date":"2023-11-06T13:34:40","date_gmt":"2023-11-06T13:34:40","guid":{"rendered":"https:\/\/www.lastchance.deals\/dk\/tuote\/hylde-rosina-trae\/"},"modified":"2025-09-19T17:55:08","modified_gmt":"2025-09-19T17:55:08","slug":"hylde-rosina-trae","status":"publish","type":"product","link":"https:\/\/last-chance.dk\/?product=hylde-rosina-trae","title":{"rendered":"Hylde Rosina tr\u00e6"},"content":{"rendered":"<p>Hylde Rosina er et klassisk og elegant m\u00f8bel, der passer perfekt til enhver stue, spisestue eller sovev\u00e6relse. Denne hylde er lavet af h\u00f8j kvalitet m\u00f8belplade i en smuk tr\u00e6farve, der giver en varm og hyggelig atmosf\u00e6re. Hylde Rosina har fire rummelige hylder, hvor du kan opbevare dine b\u00f8ger, planter, dekorationer eller andre ting, du \u00f8nsker at vise frem. Denne hylde har ogs\u00e5 to skuffer i bunden, hvor du kan gemme dine mindre genstande eller personlige ting. Hylde Rosina er nem at samle med den medf\u00f8lgende vejledning og har en 12 m\u00e5neders rammegaranti fra fabrikanten ForrestDecor. Hvis du leder efter et praktisk og stilfuldt m\u00f8bel til dit hjem, s\u00e5 er Hylde Rosina det perfekte valg for dig.<\/p>\n<p><\/p>\n<p>Leveringstid: Leveringstid 1 uge<br \/>\nStil: klassisk<br \/>\nMateriale: m\u00f8belplade<br \/>\nFarve: tr\u00e6<br \/>\nUdvendige dimensioner: 182x100x30cm<br \/>\nMontage: skal samles<br \/>\nGaranti: 12 m\u00e5neders rammegaranti<br \/>\nFabrikant: ForrestDecor<\/p>\n","protected":false},"excerpt":{"rendered":"<p>Hylde Rosina er et klassisk og elegant m\u00f8bel, der passer perfekt til enhver stue, spisestue eller sovev\u00e6relse. Denne hylde er lavet af h\u00f8j kvalitet m\u00f8belplade i en smuk tr\u00e6farve, der giver en varm og hyggelig atmosf\u00e6re. Hylde Rosina har fire rummelige hylder, hvor du kan opbevare dine b\u00f8ger, planter, dekorationer eller andre ting, du \u00f8nsker [&hellip;]<\/p>\n","protected":false},"featured_media":7245,"comment_status":"open","ping_status":"closed","template":"","meta":[],"product_brand":[],"product_cat":[160],"product_tag":[],"class_list":{"0":"post-7247","1":"product","2":"type-product","3":"status-publish","4":"has-post-thumbnail","6":"product_cat-bookcases-standing-shelves","8":"first","9":"instock","10":"shipping-taxable","11":"purchasable","12":"product-type-simple"},"yoast_head":"<!-- This site is optimized with the Yoast SEO plugin v24.8.1 - https:\/\/yoast.com\/wordpress\/plugins\/seo\/ -->\n<title>Hylde Rosina tr\u00e6 - LASTCHANCE Deals | Danmark<\/title>\n<meta name=\"robots\" content=\"index, follow, max-snippet:-1, max-image-preview:large, max-video-preview:-1\" \/>\n<link rel=\"canonical\" href=\"https:\/\/last-chance.dk\/?product=hylde-rosina-trae\" \/>\n<meta property=\"og:locale\" content=\"da_DK\" \/>\n<meta property=\"og:type\" content=\"article\" \/>\n<meta property=\"og:title\" content=\"Hylde Rosina tr\u00e6 - LASTCHANCE Deals | Danmark\" \/>\n<meta property=\"og:description\" content=\"Hylde Rosina er et klassisk og elegant m\u00f8bel, der passer perfekt til enhver stue, spisestue eller sovev\u00e6relse. Denne hylde er lavet af h\u00f8j kvalitet m\u00f8belplade i en smuk tr\u00e6farve, der giver en varm og hyggelig atmosf\u00e6re. Hylde Rosina har fire rummelige hylder, hvor du kan opbevare dine b\u00f8ger, planter, dekorationer eller andre ting, du \u00f8nsker [&hellip;]\" \/>\n<meta property=\"og:url\" content=\"https:\/\/last-chance.dk\/?product=hylde-rosina-trae\" \/>\n<meta property=\"og:site_name\" content=\"LASTCHANCE Deals | Danmark\" \/>\n<meta property=\"article:modified_time\" content=\"2025-09-19T17:55:08+00:00\" \/>\n<meta property=\"og:image\" content=\"https:\/\/last-chance.dk\/wp-content\/uploads\/2023\/11\/20180612141553.jpg\" \/>\n\t<meta property=\"og:image:width\" content=\"556\" \/>\n\t<meta property=\"og:image:height\" content=\"681\" \/>\n\t<meta property=\"og:image:type\" content=\"image\/jpeg\" \/>\n<meta name=\"twitter:card\" content=\"summary_large_image\" \/>\n<meta name=\"twitter:label1\" content=\"Estimeret l\u00e6setid\" \/>\n\t<meta name=\"twitter:data1\" content=\"1 minut\" \/>\n<script type=\"application\/ld+json\" class=\"yoast-schema-graph\">{\"@context\":\"https:\/\/schema.org\",\"@graph\":[{\"@type\":\"WebPage\",\"@id\":\"https:\/\/last-chance.dk\/?product=hylde-rosina-trae\",\"url\":\"https:\/\/last-chance.dk\/?product=hylde-rosina-trae\",\"name\":\"Hylde Rosina tr\u00e6 - LASTCHANCE Deals | Danmark\",\"isPartOf\":{\"@id\":\"https:\/\/last-chance.dk\/#website\"},\"primaryImageOfPage\":{\"@id\":\"https:\/\/last-chance.dk\/?product=hylde-rosina-trae#primaryimage\"},\"image\":{\"@id\":\"https:\/\/last-chance.dk\/?product=hylde-rosina-trae#primaryimage\"},\"thumbnailUrl\":\"https:\/\/last-chance.dk\/wp-content\/uploads\/2023\/11\/20180612141553.jpg\",\"datePublished\":\"2023-11-06T13:34:40+00:00\",\"dateModified\":\"2025-09-19T17:55:08+00:00\",\"breadcrumb\":{\"@id\":\"https:\/\/last-chance.dk\/?product=hylde-rosina-trae#breadcrumb\"},\"inLanguage\":\"da-DK\",\"potentialAction\":[{\"@type\":\"ReadAction\",\"target\":[\"https:\/\/last-chance.dk\/?product=hylde-rosina-trae\"]}]},{\"@type\":\"ImageObject\",\"inLanguage\":\"da-DK\",\"@id\":\"https:\/\/last-chance.dk\/?product=hylde-rosina-trae#primaryimage\",\"url\":\"https:\/\/last-chance.dk\/wp-content\/uploads\/2023\/11\/20180612141553.jpg\",\"contentUrl\":\"https:\/\/last-chance.dk\/wp-content\/uploads\/2023\/11\/20180612141553.jpg\",\"width\":556,\"height\":681},{\"@type\":\"BreadcrumbList\",\"@id\":\"https:\/\/last-chance.dk\/?product=hylde-rosina-trae#breadcrumb\",\"itemListElement\":[{\"@type\":\"ListItem\",\"position\":1,\"name\":\"Home\",\"item\":\"https:\/\/last-chance.dk\/\"},{\"@type\":\"ListItem\",\"position\":2,\"name\":\"Hylde Rosina tr\u00e6\"}]},{\"@type\":\"WebSite\",\"@id\":\"https:\/\/last-chance.dk\/#website\",\"url\":\"https:\/\/last-chance.dk\/\",\"name\":\"LASTCHANCE Deals | Danmark\",\"description\":\"LASTCHANCE Deals | Danmark\",\"publisher\":{\"@id\":\"https:\/\/last-chance.dk\/#organization\"},\"potentialAction\":[{\"@type\":\"SearchAction\",\"target\":{\"@type\":\"EntryPoint\",\"urlTemplate\":\"https:\/\/last-chance.dk\/?s={search_term_string}\"},\"query-input\":{\"@type\":\"PropertyValueSpecification\",\"valueRequired\":true,\"valueName\":\"search_term_string\"}}],\"inLanguage\":\"da-DK\"},{\"@type\":\"Organization\",\"@id\":\"https:\/\/last-chance.dk\/#organization\",\"name\":\"LASTCHANCE Deals | Danmark\",\"url\":\"https:\/\/last-chance.dk\/\",\"logo\":{\"@type\":\"ImageObject\",\"inLanguage\":\"da-DK\",\"@id\":\"https:\/\/last-chance.dk\/#\/schema\/logo\/image\/\",\"url\":\"https:\/\/last-chance.dk\/wp-content\/uploads\/2023\/10\/lastchancedeals_logo_dk_white.png\",\"contentUrl\":\"https:\/\/last-chance.dk\/wp-content\/uploads\/2023\/10\/lastchancedeals_logo_dk_white.png\",\"width\":470,\"height\":110,\"caption\":\"LASTCHANCE Deals | Danmark\"},\"image\":{\"@id\":\"https:\/\/last-chance.dk\/#\/schema\/logo\/image\/\"}}]}<\/script>\n<!-- \/ Yoast SEO plugin. -->","yoast_head_json":{"title":"Hylde Rosina tr\u00e6 - LASTCHANCE Deals | Danmark","robots":{"index":"index","follow":"follow","max-snippet":"max-snippet:-1","max-image-preview":"max-image-preview:large","max-video-preview":"max-video-preview:-1"},"canonical":"https:\/\/last-chance.dk\/?product=hylde-rosina-trae","og_locale":"da_DK","og_type":"article","og_title":"Hylde Rosina tr\u00e6 - LASTCHANCE Deals | Danmark","og_description":"Hylde Rosina er et klassisk og elegant m\u00f8bel, der passer perfekt til enhver stue, spisestue eller sovev\u00e6relse. Denne hylde er lavet af h\u00f8j kvalitet m\u00f8belplade i en smuk tr\u00e6farve, der giver en varm og hyggelig atmosf\u00e6re. Hylde Rosina har fire rummelige hylder, hvor du kan opbevare dine b\u00f8ger, planter, dekorationer eller andre ting, du \u00f8nsker [&hellip;]","og_url":"https:\/\/last-chance.dk\/?product=hylde-rosina-trae","og_site_name":"LASTCHANCE Deals | Danmark","article_modified_time":"2025-09-19T17:55:08+00:00","og_image":[{"width":556,"height":681,"url":"https:\/\/last-chance.dk\/wp-content\/uploads\/2023\/11\/20180612141553.jpg","type":"image\/jpeg"}],"twitter_card":"summary_large_image","twitter_misc":{"Estimeret l\u00e6setid":"1 minut"},"schema":{"@context":"https:\/\/schema.org","@graph":[{"@type":"WebPage","@id":"https:\/\/last-chance.dk\/?product=hylde-rosina-trae","url":"https:\/\/last-chance.dk\/?product=hylde-rosina-trae","name":"Hylde Rosina tr\u00e6 - LASTCHANCE Deals | Danmark","isPartOf":{"@id":"https:\/\/last-chance.dk\/#website"},"primaryImageOfPage":{"@id":"https:\/\/last-chance.dk\/?product=hylde-rosina-trae#primaryimage"},"image":{"@id":"https:\/\/last-chance.dk\/?product=hylde-rosina-trae#primaryimage"},"thumbnailUrl":"https:\/\/last-chance.dk\/wp-content\/uploads\/2023\/11\/20180612141553.jpg","datePublished":"2023-11-06T13:34:40+00:00","dateModified":"2025-09-19T17:55:08+00:00","breadcrumb":{"@id":"https:\/\/last-chance.dk\/?product=hylde-rosina-trae#breadcrumb"},"inLanguage":"da-DK","potentialAction":[{"@type":"ReadAction","target":["https:\/\/last-chance.dk\/?product=hylde-rosina-trae"]}]},{"@type":"ImageObject","inLanguage":"da-DK","@id":"https:\/\/last-chance.dk\/?product=hylde-rosina-trae#primaryimage","url":"https:\/\/last-chance.dk\/wp-content\/uploads\/2023\/11\/20180612141553.jpg","contentUrl":"https:\/\/last-chance.dk\/wp-content\/uploads\/2023\/11\/20180612141553.jpg","width":556,"height":681},{"@type":"BreadcrumbList","@id":"https:\/\/last-chance.dk\/?product=hylde-rosina-trae#breadcrumb","itemListElement":[{"@type":"ListItem","position":1,"name":"Home","item":"https:\/\/last-chance.dk\/"},{"@type":"ListItem","position":2,"name":"Hylde Rosina tr\u00e6"}]},{"@type":"WebSite","@id":"https:\/\/last-chance.dk\/#website","url":"https:\/\/last-chance.dk\/","name":"LASTCHANCE Deals | Danmark","description":"LASTCHANCE Deals | Danmark","publisher":{"@id":"https:\/\/last-chance.dk\/#organization"},"potentialAction":[{"@type":"SearchAction","target":{"@type":"EntryPoint","urlTemplate":"https:\/\/last-chance.dk\/?s={search_term_string}"},"query-input":{"@type":"PropertyValueSpecification","valueRequired":true,"valueName":"search_term_string"}}],"inLanguage":"da-DK"},{"@type":"Organization","@id":"https:\/\/last-chance.dk\/#organization","name":"LASTCHANCE Deals | Danmark","url":"https:\/\/last-chance.dk\/","logo":{"@type":"ImageObject","inLanguage":"da-DK","@id":"https:\/\/last-chance.dk\/#\/schema\/logo\/image\/","url":"https:\/\/last-chance.dk\/wp-content\/uploads\/2023\/10\/lastchancedeals_logo_dk_white.png","contentUrl":"https:\/\/last-chance.dk\/wp-content\/uploads\/2023\/10\/lastchancedeals_logo_dk_white.png","width":470,"height":110,"caption":"LASTCHANCE Deals | Danmark"},"image":{"@id":"https:\/\/last-chance.dk\/#\/schema\/logo\/image\/"}}]}},"_links":{"self":[{"href":"https:\/\/last-chance.dk\/index.php?rest_route=\/wp\/v2\/product\/7247","targetHints":{"allow":["GET"]}}],"collection":[{"href":"https:\/\/last-chance.dk\/index.php?rest_route=\/wp\/v2\/product"}],"about":[{"href":"https:\/\/last-chance.dk\/index.php?rest_route=\/wp\/v2\/types\/product"}],"replies":[{"embeddable":true,"href":"https:\/\/last-chance.dk\/index.php?rest_route=%2Fwp%2Fv2%2Fcomments&post=7247"}],"wp:featuredmedia":[{"embeddable":true,"href":"https:\/\/last-chance.dk\/index.php?rest_route=\/wp\/v2\/media\/7245"}],"wp:attachment":[{"href":"https:\/\/last-chance.dk\/index.php?rest_route=%2Fwp%2Fv2%2Fmedia&parent=7247"}],"wp:term":[{"taxonomy":"product_brand","embeddable":true,"href":"https:\/\/last-chance.dk\/index.php?rest_route=%2Fwp%2Fv2%2Fproduct_brand&post=7247"},{"taxonomy":"product_cat","embeddable":true,"href":"https:\/\/last-chance.dk\/index.php?rest_route=%2Fwp%2Fv2%2Fproduct_cat&post=7247"},{"taxonomy":"product_tag","embeddable":true,"href":"https:\/\/last-chance.dk\/index.php?rest_route=%2Fwp%2Fv2%2Fproduct_tag&post=7247"}],"curies":[{"name":"wp","href":"https:\/\/api.w.org\/{rel}","templated":true}]}}