{"id":7348,"date":"2023-11-06T13:40:25","date_gmt":"2023-11-06T13:40:25","guid":{"rendered":"https:\/\/www.lastchance.deals\/dk\/tuote\/hundes-seng-wrigley-trae-trae\/"},"modified":"2025-09-19T17:53:14","modified_gmt":"2025-09-19T17:53:14","slug":"hundes-seng-wrigley-trae-trae","status":"publish","type":"product","link":"https:\/\/last-chance.dk\/?product=hundes-seng-wrigley-trae-trae","title":{"rendered":"Hundes seng Wrigley tr\u00e6 tr\u00e6"},"content":{"rendered":"<p>Er du p\u00e5 udkig efter en hyggelig og komfortabel seng til din hund? S\u00e5 er hundes seng Wrigley fra ForrestDecor det perfekte valg for dig og din firbenede ven. Denne seng er lavet af tr\u00e6, som giver den et naturligt og rustikt udseende, der passer til enhver indretning. Tr\u00e6et er ogs\u00e5 holdbart og nemt at reng\u00f8re, s\u00e5 du kan holde sengen p\u00e6n og frisk i lang tid.<\/p>\n<p><\/p>\n<p>Hundes seng Wrigley har fire forskellige st\u00f8rrelser at v\u00e6lge imellem: S, M, L og XL. Du kan finde den st\u00f8rrelse, der passer bedst til din hunds st\u00f8rrelse og behov. Sengen har en h\u00f8j kant, som giver din hund en f\u00f8lelse af tryghed og beskyttelse, n\u00e5r den sover eller slapper af. Sengen har ogs\u00e5 et bl\u00f8dt og hyggeligt pudebetr\u00e6k, som du kan tage af og vaske efter behov.<\/p>\n<p><\/p>\n<p>Giv din hund en dejlig soveplads med hundes seng Wrigley fra ForrestDecor. Din hund vil elske at kr\u00f8lle sig sammen i denne seng og dr\u00f8mme s\u00f8dt. Bestil din hundes seng Wrigley i dag og fork\u00e6l din hund med en ny og l\u00e6kker seng.<\/p>\n<p><\/p>\n<p>Leveringstid: Leveringstid 1 uge<br \/>\nMateriale: tr\u00e6<br \/>\nFarve: tr\u00e6<br \/>\nDimensioner: S-54x39x36cm \/ M-74x49x36cm \/ L-94x54x36cm \/ XL-112x64x36cm<br \/>\nFabrikant: ForrestDecor<\/p>\n","protected":false},"excerpt":{"rendered":"<p>Er du p\u00e5 udkig efter en hyggelig og komfortabel seng til din hund? S\u00e5 er hundes seng Wrigley fra ForrestDecor det perfekte valg for dig og din firbenede ven. Denne seng er lavet af tr\u00e6, som giver den et naturligt og rustikt udseende, der passer til enhver indretning. Tr\u00e6et er ogs\u00e5 holdbart og nemt at [&hellip;]<\/p>\n","protected":false},"featured_media":7346,"comment_status":"open","ping_status":"closed","template":"","meta":[],"product_brand":[],"product_cat":[159],"product_tag":[],"class_list":{"0":"post-7348","1":"product","2":"type-product","3":"status-publish","4":"has-post-thumbnail","6":"product_cat-dog-beds","8":"first","9":"instock","10":"shipping-taxable","11":"purchasable","12":"product-type-simple"},"yoast_head":"<!-- This site is optimized with the Yoast SEO plugin v24.8.1 - https:\/\/yoast.com\/wordpress\/plugins\/seo\/ -->\n<title>Hundes seng Wrigley tr\u00e6 tr\u00e6 - LASTCHANCE Deals | Danmark<\/title>\n<meta name=\"robots\" content=\"index, follow, max-snippet:-1, max-image-preview:large, max-video-preview:-1\" \/>\n<link rel=\"canonical\" href=\"https:\/\/last-chance.dk\/?product=hundes-seng-wrigley-trae-trae\" \/>\n<meta property=\"og:locale\" content=\"da_DK\" \/>\n<meta property=\"og:type\" content=\"article\" \/>\n<meta property=\"og:title\" content=\"Hundes seng Wrigley tr\u00e6 tr\u00e6 - LASTCHANCE Deals | Danmark\" \/>\n<meta property=\"og:description\" content=\"Er du p\u00e5 udkig efter en hyggelig og komfortabel seng til din hund? S\u00e5 er hundes seng Wrigley fra ForrestDecor det perfekte valg for dig og din firbenede ven. Denne seng er lavet af tr\u00e6, som giver den et naturligt og rustikt udseende, der passer til enhver indretning. Tr\u00e6et er ogs\u00e5 holdbart og nemt at [&hellip;]\" \/>\n<meta property=\"og:url\" content=\"https:\/\/last-chance.dk\/?product=hundes-seng-wrigley-trae-trae\" \/>\n<meta property=\"og:site_name\" content=\"LASTCHANCE Deals | Danmark\" \/>\n<meta property=\"article:modified_time\" content=\"2025-09-19T17:53:14+00:00\" \/>\n<meta property=\"og:image\" content=\"https:\/\/last-chance.dk\/wp-content\/uploads\/2023\/11\/wrigley1.jpg\" \/>\n\t<meta property=\"og:image:width\" content=\"400\" \/>\n\t<meta property=\"og:image:height\" content=\"329\" \/>\n\t<meta property=\"og:image:type\" content=\"image\/jpeg\" \/>\n<meta name=\"twitter:card\" content=\"summary_large_image\" \/>\n<meta name=\"twitter:label1\" content=\"Estimeret l\u00e6setid\" \/>\n\t<meta name=\"twitter:data1\" content=\"1 minut\" \/>\n<script type=\"application\/ld+json\" class=\"yoast-schema-graph\">{\"@context\":\"https:\/\/schema.org\",\"@graph\":[{\"@type\":\"WebPage\",\"@id\":\"https:\/\/last-chance.dk\/?product=hundes-seng-wrigley-trae-trae\",\"url\":\"https:\/\/last-chance.dk\/?product=hundes-seng-wrigley-trae-trae\",\"name\":\"Hundes seng Wrigley tr\u00e6 tr\u00e6 - LASTCHANCE Deals | Danmark\",\"isPartOf\":{\"@id\":\"https:\/\/last-chance.dk\/#website\"},\"primaryImageOfPage\":{\"@id\":\"https:\/\/last-chance.dk\/?product=hundes-seng-wrigley-trae-trae#primaryimage\"},\"image\":{\"@id\":\"https:\/\/last-chance.dk\/?product=hundes-seng-wrigley-trae-trae#primaryimage\"},\"thumbnailUrl\":\"https:\/\/last-chance.dk\/wp-content\/uploads\/2023\/11\/wrigley1.jpg\",\"datePublished\":\"2023-11-06T13:40:25+00:00\",\"dateModified\":\"2025-09-19T17:53:14+00:00\",\"breadcrumb\":{\"@id\":\"https:\/\/last-chance.dk\/?product=hundes-seng-wrigley-trae-trae#breadcrumb\"},\"inLanguage\":\"da-DK\",\"potentialAction\":[{\"@type\":\"ReadAction\",\"target\":[\"https:\/\/last-chance.dk\/?product=hundes-seng-wrigley-trae-trae\"]}]},{\"@type\":\"ImageObject\",\"inLanguage\":\"da-DK\",\"@id\":\"https:\/\/last-chance.dk\/?product=hundes-seng-wrigley-trae-trae#primaryimage\",\"url\":\"https:\/\/last-chance.dk\/wp-content\/uploads\/2023\/11\/wrigley1.jpg\",\"contentUrl\":\"https:\/\/last-chance.dk\/wp-content\/uploads\/2023\/11\/wrigley1.jpg\",\"width\":400,\"height\":329},{\"@type\":\"BreadcrumbList\",\"@id\":\"https:\/\/last-chance.dk\/?product=hundes-seng-wrigley-trae-trae#breadcrumb\",\"itemListElement\":[{\"@type\":\"ListItem\",\"position\":1,\"name\":\"Home\",\"item\":\"https:\/\/last-chance.dk\/\"},{\"@type\":\"ListItem\",\"position\":2,\"name\":\"Hundes seng Wrigley tr\u00e6 tr\u00e6\"}]},{\"@type\":\"WebSite\",\"@id\":\"https:\/\/last-chance.dk\/#website\",\"url\":\"https:\/\/last-chance.dk\/\",\"name\":\"LASTCHANCE Deals | Danmark\",\"description\":\"LASTCHANCE Deals | Danmark\",\"publisher\":{\"@id\":\"https:\/\/last-chance.dk\/#organization\"},\"potentialAction\":[{\"@type\":\"SearchAction\",\"target\":{\"@type\":\"EntryPoint\",\"urlTemplate\":\"https:\/\/last-chance.dk\/?s={search_term_string}\"},\"query-input\":{\"@type\":\"PropertyValueSpecification\",\"valueRequired\":true,\"valueName\":\"search_term_string\"}}],\"inLanguage\":\"da-DK\"},{\"@type\":\"Organization\",\"@id\":\"https:\/\/last-chance.dk\/#organization\",\"name\":\"LASTCHANCE Deals | Danmark\",\"url\":\"https:\/\/last-chance.dk\/\",\"logo\":{\"@type\":\"ImageObject\",\"inLanguage\":\"da-DK\",\"@id\":\"https:\/\/last-chance.dk\/#\/schema\/logo\/image\/\",\"url\":\"https:\/\/last-chance.dk\/wp-content\/uploads\/2023\/10\/lastchancedeals_logo_dk_white.png\",\"contentUrl\":\"https:\/\/last-chance.dk\/wp-content\/uploads\/2023\/10\/lastchancedeals_logo_dk_white.png\",\"width\":470,\"height\":110,\"caption\":\"LASTCHANCE Deals | Danmark\"},\"image\":{\"@id\":\"https:\/\/last-chance.dk\/#\/schema\/logo\/image\/\"}}]}<\/script>\n<!-- \/ Yoast SEO plugin. -->","yoast_head_json":{"title":"Hundes seng Wrigley tr\u00e6 tr\u00e6 - LASTCHANCE Deals | Danmark","robots":{"index":"index","follow":"follow","max-snippet":"max-snippet:-1","max-image-preview":"max-image-preview:large","max-video-preview":"max-video-preview:-1"},"canonical":"https:\/\/last-chance.dk\/?product=hundes-seng-wrigley-trae-trae","og_locale":"da_DK","og_type":"article","og_title":"Hundes seng Wrigley tr\u00e6 tr\u00e6 - LASTCHANCE Deals | Danmark","og_description":"Er du p\u00e5 udkig efter en hyggelig og komfortabel seng til din hund? S\u00e5 er hundes seng Wrigley fra ForrestDecor det perfekte valg for dig og din firbenede ven. Denne seng er lavet af tr\u00e6, som giver den et naturligt og rustikt udseende, der passer til enhver indretning. Tr\u00e6et er ogs\u00e5 holdbart og nemt at [&hellip;]","og_url":"https:\/\/last-chance.dk\/?product=hundes-seng-wrigley-trae-trae","og_site_name":"LASTCHANCE Deals | Danmark","article_modified_time":"2025-09-19T17:53:14+00:00","og_image":[{"width":400,"height":329,"url":"https:\/\/last-chance.dk\/wp-content\/uploads\/2023\/11\/wrigley1.jpg","type":"image\/jpeg"}],"twitter_card":"summary_large_image","twitter_misc":{"Estimeret l\u00e6setid":"1 minut"},"schema":{"@context":"https:\/\/schema.org","@graph":[{"@type":"WebPage","@id":"https:\/\/last-chance.dk\/?product=hundes-seng-wrigley-trae-trae","url":"https:\/\/last-chance.dk\/?product=hundes-seng-wrigley-trae-trae","name":"Hundes seng Wrigley tr\u00e6 tr\u00e6 - LASTCHANCE Deals | Danmark","isPartOf":{"@id":"https:\/\/last-chance.dk\/#website"},"primaryImageOfPage":{"@id":"https:\/\/last-chance.dk\/?product=hundes-seng-wrigley-trae-trae#primaryimage"},"image":{"@id":"https:\/\/last-chance.dk\/?product=hundes-seng-wrigley-trae-trae#primaryimage"},"thumbnailUrl":"https:\/\/last-chance.dk\/wp-content\/uploads\/2023\/11\/wrigley1.jpg","datePublished":"2023-11-06T13:40:25+00:00","dateModified":"2025-09-19T17:53:14+00:00","breadcrumb":{"@id":"https:\/\/last-chance.dk\/?product=hundes-seng-wrigley-trae-trae#breadcrumb"},"inLanguage":"da-DK","potentialAction":[{"@type":"ReadAction","target":["https:\/\/last-chance.dk\/?product=hundes-seng-wrigley-trae-trae"]}]},{"@type":"ImageObject","inLanguage":"da-DK","@id":"https:\/\/last-chance.dk\/?product=hundes-seng-wrigley-trae-trae#primaryimage","url":"https:\/\/last-chance.dk\/wp-content\/uploads\/2023\/11\/wrigley1.jpg","contentUrl":"https:\/\/last-chance.dk\/wp-content\/uploads\/2023\/11\/wrigley1.jpg","width":400,"height":329},{"@type":"BreadcrumbList","@id":"https:\/\/last-chance.dk\/?product=hundes-seng-wrigley-trae-trae#breadcrumb","itemListElement":[{"@type":"ListItem","position":1,"name":"Home","item":"https:\/\/last-chance.dk\/"},{"@type":"ListItem","position":2,"name":"Hundes seng Wrigley tr\u00e6 tr\u00e6"}]},{"@type":"WebSite","@id":"https:\/\/last-chance.dk\/#website","url":"https:\/\/last-chance.dk\/","name":"LASTCHANCE Deals | Danmark","description":"LASTCHANCE Deals | Danmark","publisher":{"@id":"https:\/\/last-chance.dk\/#organization"},"potentialAction":[{"@type":"SearchAction","target":{"@type":"EntryPoint","urlTemplate":"https:\/\/last-chance.dk\/?s={search_term_string}"},"query-input":{"@type":"PropertyValueSpecification","valueRequired":true,"valueName":"search_term_string"}}],"inLanguage":"da-DK"},{"@type":"Organization","@id":"https:\/\/last-chance.dk\/#organization","name":"LASTCHANCE Deals | Danmark","url":"https:\/\/last-chance.dk\/","logo":{"@type":"ImageObject","inLanguage":"da-DK","@id":"https:\/\/last-chance.dk\/#\/schema\/logo\/image\/","url":"https:\/\/last-chance.dk\/wp-content\/uploads\/2023\/10\/lastchancedeals_logo_dk_white.png","contentUrl":"https:\/\/last-chance.dk\/wp-content\/uploads\/2023\/10\/lastchancedeals_logo_dk_white.png","width":470,"height":110,"caption":"LASTCHANCE Deals | Danmark"},"image":{"@id":"https:\/\/last-chance.dk\/#\/schema\/logo\/image\/"}}]}},"_links":{"self":[{"href":"https:\/\/last-chance.dk\/index.php?rest_route=\/wp\/v2\/product\/7348","targetHints":{"allow":["GET"]}}],"collection":[{"href":"https:\/\/last-chance.dk\/index.php?rest_route=\/wp\/v2\/product"}],"about":[{"href":"https:\/\/last-chance.dk\/index.php?rest_route=\/wp\/v2\/types\/product"}],"replies":[{"embeddable":true,"href":"https:\/\/last-chance.dk\/index.php?rest_route=%2Fwp%2Fv2%2Fcomments&post=7348"}],"wp:featuredmedia":[{"embeddable":true,"href":"https:\/\/last-chance.dk\/index.php?rest_route=\/wp\/v2\/media\/7346"}],"wp:attachment":[{"href":"https:\/\/last-chance.dk\/index.php?rest_route=%2Fwp%2Fv2%2Fmedia&parent=7348"}],"wp:term":[{"taxonomy":"product_brand","embeddable":true,"href":"https:\/\/last-chance.dk\/index.php?rest_route=%2Fwp%2Fv2%2Fproduct_brand&post=7348"},{"taxonomy":"product_cat","embeddable":true,"href":"https:\/\/last-chance.dk\/index.php?rest_route=%2Fwp%2Fv2%2Fproduct_cat&post=7348"},{"taxonomy":"product_tag","embeddable":true,"href":"https:\/\/last-chance.dk\/index.php?rest_route=%2Fwp%2Fv2%2Fproduct_tag&post=7348"}],"curies":[{"name":"wp","href":"https:\/\/api.w.org\/{rel}","templated":true}]}}