{"id":7782,"date":"2023-11-06T13:58:29","date_gmt":"2023-11-06T13:58:29","guid":{"rendered":"https:\/\/www.lastchance.deals\/dk\/tuote\/hjoernesovesofa-hector-stof\/"},"modified":"2025-09-19T17:51:19","modified_gmt":"2025-09-19T17:51:19","slug":"hjoernesovesofa-hector-stof","status":"publish","type":"product","link":"https:\/\/last-chance.dk\/?product=hjoernesovesofa-hector-stof","title":{"rendered":"Hj\u00f8rnesovesofa Hector stof"},"content":{"rendered":"<p>Hvis du leder efter en moderne og komfortabel sovesofa, s\u00e5 er Hector det perfekte valg for dig. Hector er en hj\u00f8rnesovesofa, som kan tilpasses dit rum og dine behov. Du kan nemlig skifte hj\u00f8rnet fra venstre til h\u00f8jre side efter \u00f8nske. Hector er lavet af bl\u00f8dt og slidst\u00e6rkt stof i en flot gr\u00e5 farve, som passer til enhver indretning. Sofaen har en solid tr\u00e6- og mdf-ramme, som sikrer stabilitet og holdbarhed. Affjedringen best\u00e5r af zigzag-fjedre og metal, som giver optimal st\u00f8tte og komfort. Hector har en udvendig dimension p\u00e5 146x206x73cm, og den leveres samlet, s\u00e5 du slipper for besv\u00e6ret med at samle den selv. Hector er h\u00e5ndlavet i EU af fabrikanten LuxCasa, som tilbyder 12 m\u00e5neders rammegaranti. Bestil din Hector hj\u00f8rnesovesofa i dag, og gl\u00e6d dig til at nyde den i mange \u00e5r fremover.<\/p>\n<p><\/p>\n<p>Leveringstid: Leveringstid 1 uge<br \/>\nStil: moderne<br \/>\nMateriale: stof<br \/>\nRammemateriale: solidt tr\u00e6,mdf<br \/>\nAffjedring: zigzag, metal<br \/>\nUdvendige dimensioner: 146x206x73cm<br \/>\nMontage: leveres samlet<br \/>\nGaranti: 12 m\u00e5neders rammegaranti<br \/>\nFremstillet: i EU h\u00e5ndlavet<br \/>\nFabrikant: LuxCasa<br \/>\nHj\u00f8rne: udskiftelige<\/p>\n","protected":false},"excerpt":{"rendered":"<p>Hvis du leder efter en moderne og komfortabel sovesofa, s\u00e5 er Hector det perfekte valg for dig. Hector er en hj\u00f8rnesovesofa, som kan tilpasses dit rum og dine behov. Du kan nemlig skifte hj\u00f8rnet fra venstre til h\u00f8jre side efter \u00f8nske. Hector er lavet af bl\u00f8dt og slidst\u00e6rkt stof i en flot gr\u00e5 farve, som [&hellip;]<\/p>\n","protected":false},"featured_media":7773,"comment_status":"open","ping_status":"closed","template":"","meta":[],"product_brand":[],"product_cat":[176],"product_tag":[],"class_list":{"0":"post-7782","1":"product","2":"type-product","3":"status-publish","4":"has-post-thumbnail","6":"product_cat-hornsoffor","8":"first","9":"instock","10":"shipping-taxable","11":"purchasable","12":"product-type-simple"},"yoast_head":"<!-- This site is optimized with the Yoast SEO plugin v24.8.1 - https:\/\/yoast.com\/wordpress\/plugins\/seo\/ -->\n<title>Hj\u00f8rnesovesofa Hector stof - LASTCHANCE Deals | Danmark<\/title>\n<meta name=\"robots\" content=\"index, follow, max-snippet:-1, max-image-preview:large, max-video-preview:-1\" \/>\n<link rel=\"canonical\" href=\"https:\/\/last-chance.dk\/?product=hjoernesovesofa-hector-stof\" \/>\n<meta property=\"og:locale\" content=\"da_DK\" \/>\n<meta property=\"og:type\" content=\"article\" \/>\n<meta property=\"og:title\" content=\"Hj\u00f8rnesovesofa Hector stof - LASTCHANCE Deals | Danmark\" \/>\n<meta property=\"og:description\" content=\"Hvis du leder efter en moderne og komfortabel sovesofa, s\u00e5 er Hector det perfekte valg for dig. Hector er en hj\u00f8rnesovesofa, som kan tilpasses dit rum og dine behov. Du kan nemlig skifte hj\u00f8rnet fra venstre til h\u00f8jre side efter \u00f8nske. Hector er lavet af bl\u00f8dt og slidst\u00e6rkt stof i en flot gr\u00e5 farve, som [&hellip;]\" \/>\n<meta property=\"og:url\" content=\"https:\/\/last-chance.dk\/?product=hjoernesovesofa-hector-stof\" \/>\n<meta property=\"og:site_name\" content=\"LASTCHANCE Deals | Danmark\" \/>\n<meta property=\"article:modified_time\" content=\"2025-09-19T17:51:19+00:00\" \/>\n<meta property=\"og:image\" content=\"https:\/\/last-chance.dk\/wp-content\/uploads\/2023\/11\/gin_02.jpg\" \/>\n\t<meta property=\"og:image:width\" content=\"1920\" \/>\n\t<meta property=\"og:image:height\" content=\"1152\" \/>\n\t<meta property=\"og:image:type\" content=\"image\/jpeg\" \/>\n<meta name=\"twitter:card\" content=\"summary_large_image\" \/>\n<meta name=\"twitter:label1\" content=\"Estimeret l\u00e6setid\" \/>\n\t<meta name=\"twitter:data1\" content=\"1 minut\" \/>\n<script type=\"application\/ld+json\" class=\"yoast-schema-graph\">{\"@context\":\"https:\/\/schema.org\",\"@graph\":[{\"@type\":\"WebPage\",\"@id\":\"https:\/\/last-chance.dk\/?product=hjoernesovesofa-hector-stof\",\"url\":\"https:\/\/last-chance.dk\/?product=hjoernesovesofa-hector-stof\",\"name\":\"Hj\u00f8rnesovesofa Hector stof - LASTCHANCE Deals | Danmark\",\"isPartOf\":{\"@id\":\"https:\/\/last-chance.dk\/#website\"},\"primaryImageOfPage\":{\"@id\":\"https:\/\/last-chance.dk\/?product=hjoernesovesofa-hector-stof#primaryimage\"},\"image\":{\"@id\":\"https:\/\/last-chance.dk\/?product=hjoernesovesofa-hector-stof#primaryimage\"},\"thumbnailUrl\":\"https:\/\/last-chance.dk\/wp-content\/uploads\/2023\/11\/gin_02.jpg\",\"datePublished\":\"2023-11-06T13:58:29+00:00\",\"dateModified\":\"2025-09-19T17:51:19+00:00\",\"breadcrumb\":{\"@id\":\"https:\/\/last-chance.dk\/?product=hjoernesovesofa-hector-stof#breadcrumb\"},\"inLanguage\":\"da-DK\",\"potentialAction\":[{\"@type\":\"ReadAction\",\"target\":[\"https:\/\/last-chance.dk\/?product=hjoernesovesofa-hector-stof\"]}]},{\"@type\":\"ImageObject\",\"inLanguage\":\"da-DK\",\"@id\":\"https:\/\/last-chance.dk\/?product=hjoernesovesofa-hector-stof#primaryimage\",\"url\":\"https:\/\/last-chance.dk\/wp-content\/uploads\/2023\/11\/gin_02.jpg\",\"contentUrl\":\"https:\/\/last-chance.dk\/wp-content\/uploads\/2023\/11\/gin_02.jpg\",\"width\":1920,\"height\":1152},{\"@type\":\"BreadcrumbList\",\"@id\":\"https:\/\/last-chance.dk\/?product=hjoernesovesofa-hector-stof#breadcrumb\",\"itemListElement\":[{\"@type\":\"ListItem\",\"position\":1,\"name\":\"Home\",\"item\":\"https:\/\/last-chance.dk\/\"},{\"@type\":\"ListItem\",\"position\":2,\"name\":\"Hj\u00f8rnesovesofa Hector stof\"}]},{\"@type\":\"WebSite\",\"@id\":\"https:\/\/last-chance.dk\/#website\",\"url\":\"https:\/\/last-chance.dk\/\",\"name\":\"LASTCHANCE Deals | Danmark\",\"description\":\"LASTCHANCE Deals | Danmark\",\"publisher\":{\"@id\":\"https:\/\/last-chance.dk\/#organization\"},\"potentialAction\":[{\"@type\":\"SearchAction\",\"target\":{\"@type\":\"EntryPoint\",\"urlTemplate\":\"https:\/\/last-chance.dk\/?s={search_term_string}\"},\"query-input\":{\"@type\":\"PropertyValueSpecification\",\"valueRequired\":true,\"valueName\":\"search_term_string\"}}],\"inLanguage\":\"da-DK\"},{\"@type\":\"Organization\",\"@id\":\"https:\/\/last-chance.dk\/#organization\",\"name\":\"LASTCHANCE Deals | Danmark\",\"url\":\"https:\/\/last-chance.dk\/\",\"logo\":{\"@type\":\"ImageObject\",\"inLanguage\":\"da-DK\",\"@id\":\"https:\/\/last-chance.dk\/#\/schema\/logo\/image\/\",\"url\":\"https:\/\/last-chance.dk\/wp-content\/uploads\/2023\/10\/lastchancedeals_logo_dk_white.png\",\"contentUrl\":\"https:\/\/last-chance.dk\/wp-content\/uploads\/2023\/10\/lastchancedeals_logo_dk_white.png\",\"width\":470,\"height\":110,\"caption\":\"LASTCHANCE Deals | Danmark\"},\"image\":{\"@id\":\"https:\/\/last-chance.dk\/#\/schema\/logo\/image\/\"}}]}<\/script>\n<!-- \/ Yoast SEO plugin. -->","yoast_head_json":{"title":"Hj\u00f8rnesovesofa Hector stof - LASTCHANCE Deals | Danmark","robots":{"index":"index","follow":"follow","max-snippet":"max-snippet:-1","max-image-preview":"max-image-preview:large","max-video-preview":"max-video-preview:-1"},"canonical":"https:\/\/last-chance.dk\/?product=hjoernesovesofa-hector-stof","og_locale":"da_DK","og_type":"article","og_title":"Hj\u00f8rnesovesofa Hector stof - LASTCHANCE Deals | Danmark","og_description":"Hvis du leder efter en moderne og komfortabel sovesofa, s\u00e5 er Hector det perfekte valg for dig. Hector er en hj\u00f8rnesovesofa, som kan tilpasses dit rum og dine behov. Du kan nemlig skifte hj\u00f8rnet fra venstre til h\u00f8jre side efter \u00f8nske. Hector er lavet af bl\u00f8dt og slidst\u00e6rkt stof i en flot gr\u00e5 farve, som [&hellip;]","og_url":"https:\/\/last-chance.dk\/?product=hjoernesovesofa-hector-stof","og_site_name":"LASTCHANCE Deals | Danmark","article_modified_time":"2025-09-19T17:51:19+00:00","og_image":[{"width":1920,"height":1152,"url":"https:\/\/last-chance.dk\/wp-content\/uploads\/2023\/11\/gin_02.jpg","type":"image\/jpeg"}],"twitter_card":"summary_large_image","twitter_misc":{"Estimeret l\u00e6setid":"1 minut"},"schema":{"@context":"https:\/\/schema.org","@graph":[{"@type":"WebPage","@id":"https:\/\/last-chance.dk\/?product=hjoernesovesofa-hector-stof","url":"https:\/\/last-chance.dk\/?product=hjoernesovesofa-hector-stof","name":"Hj\u00f8rnesovesofa Hector stof - LASTCHANCE Deals | Danmark","isPartOf":{"@id":"https:\/\/last-chance.dk\/#website"},"primaryImageOfPage":{"@id":"https:\/\/last-chance.dk\/?product=hjoernesovesofa-hector-stof#primaryimage"},"image":{"@id":"https:\/\/last-chance.dk\/?product=hjoernesovesofa-hector-stof#primaryimage"},"thumbnailUrl":"https:\/\/last-chance.dk\/wp-content\/uploads\/2023\/11\/gin_02.jpg","datePublished":"2023-11-06T13:58:29+00:00","dateModified":"2025-09-19T17:51:19+00:00","breadcrumb":{"@id":"https:\/\/last-chance.dk\/?product=hjoernesovesofa-hector-stof#breadcrumb"},"inLanguage":"da-DK","potentialAction":[{"@type":"ReadAction","target":["https:\/\/last-chance.dk\/?product=hjoernesovesofa-hector-stof"]}]},{"@type":"ImageObject","inLanguage":"da-DK","@id":"https:\/\/last-chance.dk\/?product=hjoernesovesofa-hector-stof#primaryimage","url":"https:\/\/last-chance.dk\/wp-content\/uploads\/2023\/11\/gin_02.jpg","contentUrl":"https:\/\/last-chance.dk\/wp-content\/uploads\/2023\/11\/gin_02.jpg","width":1920,"height":1152},{"@type":"BreadcrumbList","@id":"https:\/\/last-chance.dk\/?product=hjoernesovesofa-hector-stof#breadcrumb","itemListElement":[{"@type":"ListItem","position":1,"name":"Home","item":"https:\/\/last-chance.dk\/"},{"@type":"ListItem","position":2,"name":"Hj\u00f8rnesovesofa Hector stof"}]},{"@type":"WebSite","@id":"https:\/\/last-chance.dk\/#website","url":"https:\/\/last-chance.dk\/","name":"LASTCHANCE Deals | Danmark","description":"LASTCHANCE Deals | Danmark","publisher":{"@id":"https:\/\/last-chance.dk\/#organization"},"potentialAction":[{"@type":"SearchAction","target":{"@type":"EntryPoint","urlTemplate":"https:\/\/last-chance.dk\/?s={search_term_string}"},"query-input":{"@type":"PropertyValueSpecification","valueRequired":true,"valueName":"search_term_string"}}],"inLanguage":"da-DK"},{"@type":"Organization","@id":"https:\/\/last-chance.dk\/#organization","name":"LASTCHANCE Deals | Danmark","url":"https:\/\/last-chance.dk\/","logo":{"@type":"ImageObject","inLanguage":"da-DK","@id":"https:\/\/last-chance.dk\/#\/schema\/logo\/image\/","url":"https:\/\/last-chance.dk\/wp-content\/uploads\/2023\/10\/lastchancedeals_logo_dk_white.png","contentUrl":"https:\/\/last-chance.dk\/wp-content\/uploads\/2023\/10\/lastchancedeals_logo_dk_white.png","width":470,"height":110,"caption":"LASTCHANCE Deals | Danmark"},"image":{"@id":"https:\/\/last-chance.dk\/#\/schema\/logo\/image\/"}}]}},"_links":{"self":[{"href":"https:\/\/last-chance.dk\/index.php?rest_route=\/wp\/v2\/product\/7782","targetHints":{"allow":["GET"]}}],"collection":[{"href":"https:\/\/last-chance.dk\/index.php?rest_route=\/wp\/v2\/product"}],"about":[{"href":"https:\/\/last-chance.dk\/index.php?rest_route=\/wp\/v2\/types\/product"}],"replies":[{"embeddable":true,"href":"https:\/\/last-chance.dk\/index.php?rest_route=%2Fwp%2Fv2%2Fcomments&post=7782"}],"wp:featuredmedia":[{"embeddable":true,"href":"https:\/\/last-chance.dk\/index.php?rest_route=\/wp\/v2\/media\/7773"}],"wp:attachment":[{"href":"https:\/\/last-chance.dk\/index.php?rest_route=%2Fwp%2Fv2%2Fmedia&parent=7782"}],"wp:term":[{"taxonomy":"product_brand","embeddable":true,"href":"https:\/\/last-chance.dk\/index.php?rest_route=%2Fwp%2Fv2%2Fproduct_brand&post=7782"},{"taxonomy":"product_cat","embeddable":true,"href":"https:\/\/last-chance.dk\/index.php?rest_route=%2Fwp%2Fv2%2Fproduct_cat&post=7782"},{"taxonomy":"product_tag","embeddable":true,"href":"https:\/\/last-chance.dk\/index.php?rest_route=%2Fwp%2Fv2%2Fproduct_tag&post=7782"}],"curies":[{"name":"wp","href":"https:\/\/api.w.org\/{rel}","templated":true}]}}