{"id":8138,"date":"2023-11-06T14:13:58","date_gmt":"2023-11-06T14:13:58","guid":{"rendered":"https:\/\/www.lastchance.deals\/dk\/tuote\/plantepotte-wanda-harpiks\/"},"modified":"2025-09-19T18:12:04","modified_gmt":"2025-09-19T18:12:04","slug":"plantepotte-wanda-harpiks","status":"publish","type":"product","link":"https:\/\/last-chance.dk\/?product=plantepotte-wanda-harpiks","title":{"rendered":"Plantepotte Wanda harpiks"},"content":{"rendered":"<p>Plantepotte Wanda er en smuk og stilfuld m\u00e5de at fremvise dine planter p\u00e5. Denne plantepotte er lavet af harpiks, et holdbart og let materiale, der kan modst\u00e5 vejr og vind. Harpiksen har en naturlig og rustik udseende, der passer til enhver indretning.<\/p>\n<p><\/p>\n<p>Plantepotte Wanda har udvendige dimensioner p\u00e5 35&#215;28.5cm, hvilket giver dig masser af plads til at plante dine yndlingsblomster, urter eller gr\u00f8ntsager. Den har ogs\u00e5 et afl\u00f8bshul i bunden, s\u00e5 du kan undg\u00e5 overvanding og r\u00e5d. Plantepotten er produceret af ForrestDecor, en virksomhed, der er kendt for deres kvalitet og b\u00e6redygtighed.<\/p>\n<p><\/p>\n<p>Hvis du leder efter en plantepotte, der kan give dit hjem eller have et frisk og moderne pust, s\u00e5 er Plantepotte Wanda det perfekte valg for dig. Bestil den i dag og gl\u00e6d dig til at nyde dine planter i denne flotte plantepotte.<\/p>\n<p><\/p>\n<p>Leveringstid: Leveringstid 1 uge<br \/>\nUdvendige dimensioner: 35&#215;28.5cm<br \/>\nFabrikant: ForrestDecor<br \/>\nMateriale: harpiks<\/p>\n","protected":false},"excerpt":{"rendered":"<p>Plantepotte Wanda er en smuk og stilfuld m\u00e5de at fremvise dine planter p\u00e5. Denne plantepotte er lavet af harpiks, et holdbart og let materiale, der kan modst\u00e5 vejr og vind. Harpiksen har en naturlig og rustik udseende, der passer til enhver indretning. Plantepotte Wanda har udvendige dimensioner p\u00e5 35&#215;28.5cm, hvilket giver dig masser af plads [&hellip;]<\/p>\n","protected":false},"featured_media":8135,"comment_status":"open","ping_status":"closed","template":"","meta":[],"product_brand":[],"product_cat":[183],"product_tag":[],"class_list":{"0":"post-8138","1":"product","2":"type-product","3":"status-publish","4":"has-post-thumbnail","6":"product_cat-blomkrukor","8":"first","9":"instock","10":"shipping-taxable","11":"purchasable","12":"product-type-simple"},"yoast_head":"<!-- This site is optimized with the Yoast SEO plugin v24.8.1 - https:\/\/yoast.com\/wordpress\/plugins\/seo\/ -->\n<title>Plantepotte Wanda harpiks - LASTCHANCE Deals | Danmark<\/title>\n<meta name=\"robots\" content=\"index, follow, max-snippet:-1, max-image-preview:large, max-video-preview:-1\" \/>\n<link rel=\"canonical\" href=\"https:\/\/last-chance.dk\/?product=plantepotte-wanda-harpiks\" \/>\n<meta property=\"og:locale\" content=\"da_DK\" \/>\n<meta property=\"og:type\" content=\"article\" \/>\n<meta property=\"og:title\" content=\"Plantepotte Wanda harpiks - LASTCHANCE Deals | Danmark\" \/>\n<meta property=\"og:description\" content=\"Plantepotte Wanda er en smuk og stilfuld m\u00e5de at fremvise dine planter p\u00e5. Denne plantepotte er lavet af harpiks, et holdbart og let materiale, der kan modst\u00e5 vejr og vind. Harpiksen har en naturlig og rustik udseende, der passer til enhver indretning. Plantepotte Wanda har udvendige dimensioner p\u00e5 35&#215;28.5cm, hvilket giver dig masser af plads [&hellip;]\" \/>\n<meta property=\"og:url\" content=\"https:\/\/last-chance.dk\/?product=plantepotte-wanda-harpiks\" \/>\n<meta property=\"og:site_name\" content=\"LASTCHANCE Deals | Danmark\" \/>\n<meta property=\"article:modified_time\" content=\"2025-09-19T18:12:04+00:00\" \/>\n<meta property=\"og:image\" content=\"https:\/\/last-chance.dk\/wp-content\/uploads\/2023\/11\/wanda1.jpg\" \/>\n\t<meta property=\"og:image:width\" content=\"800\" \/>\n\t<meta property=\"og:image:height\" content=\"800\" \/>\n\t<meta property=\"og:image:type\" content=\"image\/jpeg\" \/>\n<meta name=\"twitter:card\" content=\"summary_large_image\" \/>\n<meta name=\"twitter:label1\" content=\"Estimeret l\u00e6setid\" \/>\n\t<meta name=\"twitter:data1\" content=\"1 minut\" \/>\n<script type=\"application\/ld+json\" class=\"yoast-schema-graph\">{\"@context\":\"https:\/\/schema.org\",\"@graph\":[{\"@type\":\"WebPage\",\"@id\":\"https:\/\/last-chance.dk\/?product=plantepotte-wanda-harpiks\",\"url\":\"https:\/\/last-chance.dk\/?product=plantepotte-wanda-harpiks\",\"name\":\"Plantepotte Wanda harpiks - LASTCHANCE Deals | Danmark\",\"isPartOf\":{\"@id\":\"https:\/\/last-chance.dk\/#website\"},\"primaryImageOfPage\":{\"@id\":\"https:\/\/last-chance.dk\/?product=plantepotte-wanda-harpiks#primaryimage\"},\"image\":{\"@id\":\"https:\/\/last-chance.dk\/?product=plantepotte-wanda-harpiks#primaryimage\"},\"thumbnailUrl\":\"https:\/\/last-chance.dk\/wp-content\/uploads\/2023\/11\/wanda1.jpg\",\"datePublished\":\"2023-11-06T14:13:58+00:00\",\"dateModified\":\"2025-09-19T18:12:04+00:00\",\"breadcrumb\":{\"@id\":\"https:\/\/last-chance.dk\/?product=plantepotte-wanda-harpiks#breadcrumb\"},\"inLanguage\":\"da-DK\",\"potentialAction\":[{\"@type\":\"ReadAction\",\"target\":[\"https:\/\/last-chance.dk\/?product=plantepotte-wanda-harpiks\"]}]},{\"@type\":\"ImageObject\",\"inLanguage\":\"da-DK\",\"@id\":\"https:\/\/last-chance.dk\/?product=plantepotte-wanda-harpiks#primaryimage\",\"url\":\"https:\/\/last-chance.dk\/wp-content\/uploads\/2023\/11\/wanda1.jpg\",\"contentUrl\":\"https:\/\/last-chance.dk\/wp-content\/uploads\/2023\/11\/wanda1.jpg\",\"width\":800,\"height\":800},{\"@type\":\"BreadcrumbList\",\"@id\":\"https:\/\/last-chance.dk\/?product=plantepotte-wanda-harpiks#breadcrumb\",\"itemListElement\":[{\"@type\":\"ListItem\",\"position\":1,\"name\":\"Home\",\"item\":\"https:\/\/last-chance.dk\/\"},{\"@type\":\"ListItem\",\"position\":2,\"name\":\"Plantepotte Wanda harpiks\"}]},{\"@type\":\"WebSite\",\"@id\":\"https:\/\/last-chance.dk\/#website\",\"url\":\"https:\/\/last-chance.dk\/\",\"name\":\"LASTCHANCE Deals | Danmark\",\"description\":\"LASTCHANCE Deals | Danmark\",\"publisher\":{\"@id\":\"https:\/\/last-chance.dk\/#organization\"},\"potentialAction\":[{\"@type\":\"SearchAction\",\"target\":{\"@type\":\"EntryPoint\",\"urlTemplate\":\"https:\/\/last-chance.dk\/?s={search_term_string}\"},\"query-input\":{\"@type\":\"PropertyValueSpecification\",\"valueRequired\":true,\"valueName\":\"search_term_string\"}}],\"inLanguage\":\"da-DK\"},{\"@type\":\"Organization\",\"@id\":\"https:\/\/last-chance.dk\/#organization\",\"name\":\"LASTCHANCE Deals | Danmark\",\"url\":\"https:\/\/last-chance.dk\/\",\"logo\":{\"@type\":\"ImageObject\",\"inLanguage\":\"da-DK\",\"@id\":\"https:\/\/last-chance.dk\/#\/schema\/logo\/image\/\",\"url\":\"https:\/\/last-chance.dk\/wp-content\/uploads\/2023\/10\/lastchancedeals_logo_dk_white.png\",\"contentUrl\":\"https:\/\/last-chance.dk\/wp-content\/uploads\/2023\/10\/lastchancedeals_logo_dk_white.png\",\"width\":470,\"height\":110,\"caption\":\"LASTCHANCE Deals | Danmark\"},\"image\":{\"@id\":\"https:\/\/last-chance.dk\/#\/schema\/logo\/image\/\"}}]}<\/script>\n<!-- \/ Yoast SEO plugin. -->","yoast_head_json":{"title":"Plantepotte Wanda harpiks - LASTCHANCE Deals | Danmark","robots":{"index":"index","follow":"follow","max-snippet":"max-snippet:-1","max-image-preview":"max-image-preview:large","max-video-preview":"max-video-preview:-1"},"canonical":"https:\/\/last-chance.dk\/?product=plantepotte-wanda-harpiks","og_locale":"da_DK","og_type":"article","og_title":"Plantepotte Wanda harpiks - LASTCHANCE Deals | Danmark","og_description":"Plantepotte Wanda er en smuk og stilfuld m\u00e5de at fremvise dine planter p\u00e5. Denne plantepotte er lavet af harpiks, et holdbart og let materiale, der kan modst\u00e5 vejr og vind. Harpiksen har en naturlig og rustik udseende, der passer til enhver indretning. Plantepotte Wanda har udvendige dimensioner p\u00e5 35&#215;28.5cm, hvilket giver dig masser af plads [&hellip;]","og_url":"https:\/\/last-chance.dk\/?product=plantepotte-wanda-harpiks","og_site_name":"LASTCHANCE Deals | Danmark","article_modified_time":"2025-09-19T18:12:04+00:00","og_image":[{"width":800,"height":800,"url":"https:\/\/last-chance.dk\/wp-content\/uploads\/2023\/11\/wanda1.jpg","type":"image\/jpeg"}],"twitter_card":"summary_large_image","twitter_misc":{"Estimeret l\u00e6setid":"1 minut"},"schema":{"@context":"https:\/\/schema.org","@graph":[{"@type":"WebPage","@id":"https:\/\/last-chance.dk\/?product=plantepotte-wanda-harpiks","url":"https:\/\/last-chance.dk\/?product=plantepotte-wanda-harpiks","name":"Plantepotte Wanda harpiks - LASTCHANCE Deals | Danmark","isPartOf":{"@id":"https:\/\/last-chance.dk\/#website"},"primaryImageOfPage":{"@id":"https:\/\/last-chance.dk\/?product=plantepotte-wanda-harpiks#primaryimage"},"image":{"@id":"https:\/\/last-chance.dk\/?product=plantepotte-wanda-harpiks#primaryimage"},"thumbnailUrl":"https:\/\/last-chance.dk\/wp-content\/uploads\/2023\/11\/wanda1.jpg","datePublished":"2023-11-06T14:13:58+00:00","dateModified":"2025-09-19T18:12:04+00:00","breadcrumb":{"@id":"https:\/\/last-chance.dk\/?product=plantepotte-wanda-harpiks#breadcrumb"},"inLanguage":"da-DK","potentialAction":[{"@type":"ReadAction","target":["https:\/\/last-chance.dk\/?product=plantepotte-wanda-harpiks"]}]},{"@type":"ImageObject","inLanguage":"da-DK","@id":"https:\/\/last-chance.dk\/?product=plantepotte-wanda-harpiks#primaryimage","url":"https:\/\/last-chance.dk\/wp-content\/uploads\/2023\/11\/wanda1.jpg","contentUrl":"https:\/\/last-chance.dk\/wp-content\/uploads\/2023\/11\/wanda1.jpg","width":800,"height":800},{"@type":"BreadcrumbList","@id":"https:\/\/last-chance.dk\/?product=plantepotte-wanda-harpiks#breadcrumb","itemListElement":[{"@type":"ListItem","position":1,"name":"Home","item":"https:\/\/last-chance.dk\/"},{"@type":"ListItem","position":2,"name":"Plantepotte Wanda harpiks"}]},{"@type":"WebSite","@id":"https:\/\/last-chance.dk\/#website","url":"https:\/\/last-chance.dk\/","name":"LASTCHANCE Deals | Danmark","description":"LASTCHANCE Deals | Danmark","publisher":{"@id":"https:\/\/last-chance.dk\/#organization"},"potentialAction":[{"@type":"SearchAction","target":{"@type":"EntryPoint","urlTemplate":"https:\/\/last-chance.dk\/?s={search_term_string}"},"query-input":{"@type":"PropertyValueSpecification","valueRequired":true,"valueName":"search_term_string"}}],"inLanguage":"da-DK"},{"@type":"Organization","@id":"https:\/\/last-chance.dk\/#organization","name":"LASTCHANCE Deals | Danmark","url":"https:\/\/last-chance.dk\/","logo":{"@type":"ImageObject","inLanguage":"da-DK","@id":"https:\/\/last-chance.dk\/#\/schema\/logo\/image\/","url":"https:\/\/last-chance.dk\/wp-content\/uploads\/2023\/10\/lastchancedeals_logo_dk_white.png","contentUrl":"https:\/\/last-chance.dk\/wp-content\/uploads\/2023\/10\/lastchancedeals_logo_dk_white.png","width":470,"height":110,"caption":"LASTCHANCE Deals | Danmark"},"image":{"@id":"https:\/\/last-chance.dk\/#\/schema\/logo\/image\/"}}]}},"_links":{"self":[{"href":"https:\/\/last-chance.dk\/index.php?rest_route=\/wp\/v2\/product\/8138","targetHints":{"allow":["GET"]}}],"collection":[{"href":"https:\/\/last-chance.dk\/index.php?rest_route=\/wp\/v2\/product"}],"about":[{"href":"https:\/\/last-chance.dk\/index.php?rest_route=\/wp\/v2\/types\/product"}],"replies":[{"embeddable":true,"href":"https:\/\/last-chance.dk\/index.php?rest_route=%2Fwp%2Fv2%2Fcomments&post=8138"}],"wp:featuredmedia":[{"embeddable":true,"href":"https:\/\/last-chance.dk\/index.php?rest_route=\/wp\/v2\/media\/8135"}],"wp:attachment":[{"href":"https:\/\/last-chance.dk\/index.php?rest_route=%2Fwp%2Fv2%2Fmedia&parent=8138"}],"wp:term":[{"taxonomy":"product_brand","embeddable":true,"href":"https:\/\/last-chance.dk\/index.php?rest_route=%2Fwp%2Fv2%2Fproduct_brand&post=8138"},{"taxonomy":"product_cat","embeddable":true,"href":"https:\/\/last-chance.dk\/index.php?rest_route=%2Fwp%2Fv2%2Fproduct_cat&post=8138"},{"taxonomy":"product_tag","embeddable":true,"href":"https:\/\/last-chance.dk\/index.php?rest_route=%2Fwp%2Fv2%2Fproduct_tag&post=8138"}],"curies":[{"name":"wp","href":"https:\/\/api.w.org\/{rel}","templated":true}]}}