{"id":8259,"date":"2023-11-06T14:21:03","date_gmt":"2023-11-06T14:21:03","guid":{"rendered":"https:\/\/www.lastchance.deals\/dk\/tuote\/viola-kunstig-blomst-groen-180cm\/"},"modified":"2025-10-13T12:13:00","modified_gmt":"2025-10-13T12:13:00","slug":"viola-kunstig-blomst-groen-180cm","status":"publish","type":"product","link":"https:\/\/last-chance.dk\/?product=viola-kunstig-blomst-groen-180cm","title":{"rendered":"Viola kunstig blomst gr\u00f8n 180cm"},"content":{"rendered":"<p>Lad Viola kunstig blomst pryde dit hjem. Det er lavet af ForrestDecor og har en s\u00e6rpr\u00e6get gr\u00f8n farve. Det er 180 cm h\u00f8jt og lavet af plast, hvilket g\u00f8r det robust og langvarigt. <\/p>\n<p>Viola kunstig blomst er det perfekte valg til ethvert hjem, da det let kan passe ind i de fleste omgivelser. Det har en detaljeret struktur og forbedrer omgivelserne med en naturlig touch. <\/p>\n<p>Det er ogs\u00e5 nemt at vedligeholde, og du kan komme i gang med at nyde det \u00f8jeblikkeligt. Det kr\u00e6ver ikke vanding, klipning eller anden vedligeholdelse. <\/p>\n<p>K\u00f8b Viola kunstig blomst og forvandl dit hjem til et smukt og afslappende sted. Det er det perfekte indslag til enhver stue, k\u00f8kken, entre eller hvilken som helst anden del af dit hjem. <\/p>\n<p><\/p>\n<p>Leveringstid: Leveringstid 1 uge<br \/>\nUdvendige dimensioner: 180cm<br \/>\nFarve: gr\u00f8n<br \/>\nFabrikant: ForrestDecor<br \/>\nMateriale: plast<\/p>\n","protected":false},"excerpt":{"rendered":"<p>Lad Viola kunstig blomst pryde dit hjem. Det er lavet af ForrestDecor og har en s\u00e6rpr\u00e6get gr\u00f8n farve. Det er 180 cm h\u00f8jt og lavet af plast, hvilket g\u00f8r det robust og langvarigt. Viola kunstig blomst er det perfekte valg til ethvert hjem, da det let kan passe ind i de fleste omgivelser. Det har [&hellip;]<\/p>\n","protected":false},"featured_media":8258,"comment_status":"open","ping_status":"closed","template":"","meta":[],"product_brand":[],"product_cat":[190],"product_tag":[],"class_list":{"0":"post-8259","1":"product","2":"type-product","3":"status-publish","4":"has-post-thumbnail","6":"product_cat-artificial-trees-and-flowers","8":"first","9":"instock","10":"shipping-taxable","11":"purchasable","12":"product-type-simple"},"yoast_head":"<!-- This site is optimized with the Yoast SEO plugin v24.8.1 - https:\/\/yoast.com\/wordpress\/plugins\/seo\/ -->\n<title>Viola kunstig blomst gr\u00f8n 180cm - LASTCHANCE Deals | Danmark<\/title>\n<meta name=\"robots\" content=\"index, follow, max-snippet:-1, max-image-preview:large, max-video-preview:-1\" \/>\n<link rel=\"canonical\" href=\"https:\/\/last-chance.dk\/?product=viola-kunstig-blomst-groen-180cm\" \/>\n<meta property=\"og:locale\" content=\"da_DK\" \/>\n<meta property=\"og:type\" content=\"article\" \/>\n<meta property=\"og:title\" content=\"Viola kunstig blomst gr\u00f8n 180cm - LASTCHANCE Deals | Danmark\" \/>\n<meta property=\"og:description\" content=\"Lad Viola kunstig blomst pryde dit hjem. Det er lavet af ForrestDecor og har en s\u00e6rpr\u00e6get gr\u00f8n farve. Det er 180 cm h\u00f8jt og lavet af plast, hvilket g\u00f8r det robust og langvarigt. Viola kunstig blomst er det perfekte valg til ethvert hjem, da det let kan passe ind i de fleste omgivelser. Det har [&hellip;]\" \/>\n<meta property=\"og:url\" content=\"https:\/\/last-chance.dk\/?product=viola-kunstig-blomst-groen-180cm\" \/>\n<meta property=\"og:site_name\" content=\"LASTCHANCE Deals | Danmark\" \/>\n<meta property=\"article:modified_time\" content=\"2025-10-13T12:13:00+00:00\" \/>\n<meta property=\"og:image\" content=\"https:\/\/last-chance.dk\/wp-content\/uploads\/2023\/11\/viola.jpg\" \/>\n\t<meta property=\"og:image:width\" content=\"800\" \/>\n\t<meta property=\"og:image:height\" content=\"800\" \/>\n\t<meta property=\"og:image:type\" content=\"image\/jpeg\" \/>\n<meta name=\"twitter:card\" content=\"summary_large_image\" \/>\n<meta name=\"twitter:label1\" content=\"Estimeret l\u00e6setid\" \/>\n\t<meta name=\"twitter:data1\" content=\"1 minut\" \/>\n<script type=\"application\/ld+json\" class=\"yoast-schema-graph\">{\"@context\":\"https:\/\/schema.org\",\"@graph\":[{\"@type\":\"WebPage\",\"@id\":\"https:\/\/last-chance.dk\/?product=viola-kunstig-blomst-groen-180cm\",\"url\":\"https:\/\/last-chance.dk\/?product=viola-kunstig-blomst-groen-180cm\",\"name\":\"Viola kunstig blomst gr\u00f8n 180cm - LASTCHANCE Deals | Danmark\",\"isPartOf\":{\"@id\":\"https:\/\/last-chance.dk\/#website\"},\"primaryImageOfPage\":{\"@id\":\"https:\/\/last-chance.dk\/?product=viola-kunstig-blomst-groen-180cm#primaryimage\"},\"image\":{\"@id\":\"https:\/\/last-chance.dk\/?product=viola-kunstig-blomst-groen-180cm#primaryimage\"},\"thumbnailUrl\":\"https:\/\/last-chance.dk\/wp-content\/uploads\/2023\/11\/viola.jpg\",\"datePublished\":\"2023-11-06T14:21:03+00:00\",\"dateModified\":\"2025-10-13T12:13:00+00:00\",\"breadcrumb\":{\"@id\":\"https:\/\/last-chance.dk\/?product=viola-kunstig-blomst-groen-180cm#breadcrumb\"},\"inLanguage\":\"da-DK\",\"potentialAction\":[{\"@type\":\"ReadAction\",\"target\":[\"https:\/\/last-chance.dk\/?product=viola-kunstig-blomst-groen-180cm\"]}]},{\"@type\":\"ImageObject\",\"inLanguage\":\"da-DK\",\"@id\":\"https:\/\/last-chance.dk\/?product=viola-kunstig-blomst-groen-180cm#primaryimage\",\"url\":\"https:\/\/last-chance.dk\/wp-content\/uploads\/2023\/11\/viola.jpg\",\"contentUrl\":\"https:\/\/last-chance.dk\/wp-content\/uploads\/2023\/11\/viola.jpg\",\"width\":800,\"height\":800},{\"@type\":\"BreadcrumbList\",\"@id\":\"https:\/\/last-chance.dk\/?product=viola-kunstig-blomst-groen-180cm#breadcrumb\",\"itemListElement\":[{\"@type\":\"ListItem\",\"position\":1,\"name\":\"Home\",\"item\":\"https:\/\/last-chance.dk\/\"},{\"@type\":\"ListItem\",\"position\":2,\"name\":\"Viola kunstig blomst gr\u00f8n 180cm\"}]},{\"@type\":\"WebSite\",\"@id\":\"https:\/\/last-chance.dk\/#website\",\"url\":\"https:\/\/last-chance.dk\/\",\"name\":\"LASTCHANCE Deals | Danmark\",\"description\":\"LASTCHANCE Deals | Danmark\",\"publisher\":{\"@id\":\"https:\/\/last-chance.dk\/#organization\"},\"potentialAction\":[{\"@type\":\"SearchAction\",\"target\":{\"@type\":\"EntryPoint\",\"urlTemplate\":\"https:\/\/last-chance.dk\/?s={search_term_string}\"},\"query-input\":{\"@type\":\"PropertyValueSpecification\",\"valueRequired\":true,\"valueName\":\"search_term_string\"}}],\"inLanguage\":\"da-DK\"},{\"@type\":\"Organization\",\"@id\":\"https:\/\/last-chance.dk\/#organization\",\"name\":\"LASTCHANCE Deals | Danmark\",\"url\":\"https:\/\/last-chance.dk\/\",\"logo\":{\"@type\":\"ImageObject\",\"inLanguage\":\"da-DK\",\"@id\":\"https:\/\/last-chance.dk\/#\/schema\/logo\/image\/\",\"url\":\"https:\/\/last-chance.dk\/wp-content\/uploads\/2023\/10\/lastchancedeals_logo_dk_white.png\",\"contentUrl\":\"https:\/\/last-chance.dk\/wp-content\/uploads\/2023\/10\/lastchancedeals_logo_dk_white.png\",\"width\":470,\"height\":110,\"caption\":\"LASTCHANCE Deals | Danmark\"},\"image\":{\"@id\":\"https:\/\/last-chance.dk\/#\/schema\/logo\/image\/\"}}]}<\/script>\n<!-- \/ Yoast SEO plugin. -->","yoast_head_json":{"title":"Viola kunstig blomst gr\u00f8n 180cm - LASTCHANCE Deals | Danmark","robots":{"index":"index","follow":"follow","max-snippet":"max-snippet:-1","max-image-preview":"max-image-preview:large","max-video-preview":"max-video-preview:-1"},"canonical":"https:\/\/last-chance.dk\/?product=viola-kunstig-blomst-groen-180cm","og_locale":"da_DK","og_type":"article","og_title":"Viola kunstig blomst gr\u00f8n 180cm - LASTCHANCE Deals | Danmark","og_description":"Lad Viola kunstig blomst pryde dit hjem. Det er lavet af ForrestDecor og har en s\u00e6rpr\u00e6get gr\u00f8n farve. Det er 180 cm h\u00f8jt og lavet af plast, hvilket g\u00f8r det robust og langvarigt. Viola kunstig blomst er det perfekte valg til ethvert hjem, da det let kan passe ind i de fleste omgivelser. Det har [&hellip;]","og_url":"https:\/\/last-chance.dk\/?product=viola-kunstig-blomst-groen-180cm","og_site_name":"LASTCHANCE Deals | Danmark","article_modified_time":"2025-10-13T12:13:00+00:00","og_image":[{"width":800,"height":800,"url":"https:\/\/last-chance.dk\/wp-content\/uploads\/2023\/11\/viola.jpg","type":"image\/jpeg"}],"twitter_card":"summary_large_image","twitter_misc":{"Estimeret l\u00e6setid":"1 minut"},"schema":{"@context":"https:\/\/schema.org","@graph":[{"@type":"WebPage","@id":"https:\/\/last-chance.dk\/?product=viola-kunstig-blomst-groen-180cm","url":"https:\/\/last-chance.dk\/?product=viola-kunstig-blomst-groen-180cm","name":"Viola kunstig blomst gr\u00f8n 180cm - LASTCHANCE Deals | Danmark","isPartOf":{"@id":"https:\/\/last-chance.dk\/#website"},"primaryImageOfPage":{"@id":"https:\/\/last-chance.dk\/?product=viola-kunstig-blomst-groen-180cm#primaryimage"},"image":{"@id":"https:\/\/last-chance.dk\/?product=viola-kunstig-blomst-groen-180cm#primaryimage"},"thumbnailUrl":"https:\/\/last-chance.dk\/wp-content\/uploads\/2023\/11\/viola.jpg","datePublished":"2023-11-06T14:21:03+00:00","dateModified":"2025-10-13T12:13:00+00:00","breadcrumb":{"@id":"https:\/\/last-chance.dk\/?product=viola-kunstig-blomst-groen-180cm#breadcrumb"},"inLanguage":"da-DK","potentialAction":[{"@type":"ReadAction","target":["https:\/\/last-chance.dk\/?product=viola-kunstig-blomst-groen-180cm"]}]},{"@type":"ImageObject","inLanguage":"da-DK","@id":"https:\/\/last-chance.dk\/?product=viola-kunstig-blomst-groen-180cm#primaryimage","url":"https:\/\/last-chance.dk\/wp-content\/uploads\/2023\/11\/viola.jpg","contentUrl":"https:\/\/last-chance.dk\/wp-content\/uploads\/2023\/11\/viola.jpg","width":800,"height":800},{"@type":"BreadcrumbList","@id":"https:\/\/last-chance.dk\/?product=viola-kunstig-blomst-groen-180cm#breadcrumb","itemListElement":[{"@type":"ListItem","position":1,"name":"Home","item":"https:\/\/last-chance.dk\/"},{"@type":"ListItem","position":2,"name":"Viola kunstig blomst gr\u00f8n 180cm"}]},{"@type":"WebSite","@id":"https:\/\/last-chance.dk\/#website","url":"https:\/\/last-chance.dk\/","name":"LASTCHANCE Deals | Danmark","description":"LASTCHANCE Deals | Danmark","publisher":{"@id":"https:\/\/last-chance.dk\/#organization"},"potentialAction":[{"@type":"SearchAction","target":{"@type":"EntryPoint","urlTemplate":"https:\/\/last-chance.dk\/?s={search_term_string}"},"query-input":{"@type":"PropertyValueSpecification","valueRequired":true,"valueName":"search_term_string"}}],"inLanguage":"da-DK"},{"@type":"Organization","@id":"https:\/\/last-chance.dk\/#organization","name":"LASTCHANCE Deals | Danmark","url":"https:\/\/last-chance.dk\/","logo":{"@type":"ImageObject","inLanguage":"da-DK","@id":"https:\/\/last-chance.dk\/#\/schema\/logo\/image\/","url":"https:\/\/last-chance.dk\/wp-content\/uploads\/2023\/10\/lastchancedeals_logo_dk_white.png","contentUrl":"https:\/\/last-chance.dk\/wp-content\/uploads\/2023\/10\/lastchancedeals_logo_dk_white.png","width":470,"height":110,"caption":"LASTCHANCE Deals | Danmark"},"image":{"@id":"https:\/\/last-chance.dk\/#\/schema\/logo\/image\/"}}]}},"_links":{"self":[{"href":"https:\/\/last-chance.dk\/index.php?rest_route=\/wp\/v2\/product\/8259","targetHints":{"allow":["GET"]}}],"collection":[{"href":"https:\/\/last-chance.dk\/index.php?rest_route=\/wp\/v2\/product"}],"about":[{"href":"https:\/\/last-chance.dk\/index.php?rest_route=\/wp\/v2\/types\/product"}],"replies":[{"embeddable":true,"href":"https:\/\/last-chance.dk\/index.php?rest_route=%2Fwp%2Fv2%2Fcomments&post=8259"}],"wp:featuredmedia":[{"embeddable":true,"href":"https:\/\/last-chance.dk\/index.php?rest_route=\/wp\/v2\/media\/8258"}],"wp:attachment":[{"href":"https:\/\/last-chance.dk\/index.php?rest_route=%2Fwp%2Fv2%2Fmedia&parent=8259"}],"wp:term":[{"taxonomy":"product_brand","embeddable":true,"href":"https:\/\/last-chance.dk\/index.php?rest_route=%2Fwp%2Fv2%2Fproduct_brand&post=8259"},{"taxonomy":"product_cat","embeddable":true,"href":"https:\/\/last-chance.dk\/index.php?rest_route=%2Fwp%2Fv2%2Fproduct_cat&post=8259"},{"taxonomy":"product_tag","embeddable":true,"href":"https:\/\/last-chance.dk\/index.php?rest_route=%2Fwp%2Fv2%2Fproduct_tag&post=8259"}],"curies":[{"name":"wp","href":"https:\/\/api.w.org\/{rel}","templated":true}]}}