{"id":8263,"date":"2023-11-06T14:21:31","date_gmt":"2023-11-06T14:21:31","guid":{"rendered":"https:\/\/www.lastchance.deals\/dk\/tuote\/rowan-kunstig-blomst-groen-28x170cm\/"},"modified":"2025-09-19T18:16:30","modified_gmt":"2025-09-19T18:16:30","slug":"rowan-kunstig-blomst-groen-28x170cm","status":"publish","type":"product","link":"https:\/\/last-chance.dk\/?product=rowan-kunstig-blomst-groen-28x170cm","title":{"rendered":"Rowan kunstig blomst gr\u00f8n 28x170cm"},"content":{"rendered":"<p>Er du p\u00e5 udkig efter en smuk og naturtro dekoration til dit hjem eller kontor? S\u00e5 er denne Rowan kunstig blomst det perfekte valg for dig. Denne blomst er lavet af h\u00f8j kvalitet plast, der er holdbart og nemt at reng\u00f8re. Den har en flot gr\u00f8n farve, der vil tilf\u00f8je et friskt og livligt touch til enhver indretning. Den har ogs\u00e5 en realistisk form og tekstur, der vil narre selv de mest kr\u00e6sne \u00f8jne.<\/p>\n<p><\/p>\n<p>Denne Rowan kunstig blomst m\u00e5ler 28x170cm, s\u00e5 den passer perfekt til et hj\u00f8rne, en vindueskarm eller en hylde. Den leveres med en stabil og elegant base, der vil holde den p\u00e5 plads. Du beh\u00f8ver ikke at bekymre dig om at vande den eller skifte den ud, da den vil bevare sit udseende i lang tid. Du kan ogs\u00e5 nemt flytte den rundt efter din smag og hum\u00f8r.<\/p>\n<p><\/p>\n<p>Denne Rowan kunstig blomst er fremstillet af ForrestDecor, en f\u00f8rende producent af kunstige planter og blomster. De bruger kun de bedste materialer og teknikker for at skabe naturtro og smukke produkter. Du kan v\u00e6re sikker p\u00e5, at du f\u00e5r et kvalitetsprodukt, n\u00e5r du k\u00f8ber fra dem.<\/p>\n<p><\/p>\n<p>Hvis du elsker naturen, men ikke har tid eller lyst til at passe p\u00e5 levende planter, s\u00e5 er denne Rowan kunstig blomst det ideelle alternativ for dig. Bestil den i dag og nyd dens sk\u00f8nhed i dit hjem eller kontor.<\/p>\n<p><\/p>\n<p>Leveringstid: Leveringstid 1 uge<br \/>\nUdvendige dimensioner: 28x170cm<br \/>\nFarve: gr\u00f8n<br \/>\nFabrikant: ForrestDecor<br \/>\nMateriale: plast<\/p>\n","protected":false},"excerpt":{"rendered":"<p>Er du p\u00e5 udkig efter en smuk og naturtro dekoration til dit hjem eller kontor? S\u00e5 er denne Rowan kunstig blomst det perfekte valg for dig. Denne blomst er lavet af h\u00f8j kvalitet plast, der er holdbart og nemt at reng\u00f8re. Den har en flot gr\u00f8n farve, der vil tilf\u00f8je et friskt og livligt touch [&hellip;]<\/p>\n","protected":false},"featured_media":8262,"comment_status":"open","ping_status":"closed","template":"","meta":[],"product_brand":[],"product_cat":[190],"product_tag":[],"class_list":{"0":"post-8263","1":"product","2":"type-product","3":"status-publish","4":"has-post-thumbnail","6":"product_cat-artificial-trees-and-flowers","8":"first","9":"instock","10":"shipping-taxable","11":"purchasable","12":"product-type-simple"},"yoast_head":"<!-- This site is optimized with the Yoast SEO plugin v24.8.1 - https:\/\/yoast.com\/wordpress\/plugins\/seo\/ -->\n<title>Rowan kunstig blomst gr\u00f8n 28x170cm - LASTCHANCE Deals | Danmark<\/title>\n<meta name=\"robots\" content=\"index, follow, max-snippet:-1, max-image-preview:large, max-video-preview:-1\" \/>\n<link rel=\"canonical\" href=\"https:\/\/last-chance.dk\/?product=rowan-kunstig-blomst-groen-28x170cm\" \/>\n<meta property=\"og:locale\" content=\"da_DK\" \/>\n<meta property=\"og:type\" content=\"article\" \/>\n<meta property=\"og:title\" content=\"Rowan kunstig blomst gr\u00f8n 28x170cm - LASTCHANCE Deals | Danmark\" \/>\n<meta property=\"og:description\" content=\"Er du p\u00e5 udkig efter en smuk og naturtro dekoration til dit hjem eller kontor? S\u00e5 er denne Rowan kunstig blomst det perfekte valg for dig. Denne blomst er lavet af h\u00f8j kvalitet plast, der er holdbart og nemt at reng\u00f8re. Den har en flot gr\u00f8n farve, der vil tilf\u00f8je et friskt og livligt touch [&hellip;]\" \/>\n<meta property=\"og:url\" content=\"https:\/\/last-chance.dk\/?product=rowan-kunstig-blomst-groen-28x170cm\" \/>\n<meta property=\"og:site_name\" content=\"LASTCHANCE Deals | Danmark\" \/>\n<meta property=\"article:modified_time\" content=\"2025-09-19T18:16:30+00:00\" \/>\n<meta property=\"og:image\" content=\"https:\/\/last-chance.dk\/wp-content\/uploads\/2023\/11\/rowan.jpg\" \/>\n\t<meta property=\"og:image:width\" content=\"640\" \/>\n\t<meta property=\"og:image:height\" content=\"800\" \/>\n\t<meta property=\"og:image:type\" content=\"image\/jpeg\" \/>\n<meta name=\"twitter:card\" content=\"summary_large_image\" \/>\n<meta name=\"twitter:label1\" content=\"Estimeret l\u00e6setid\" \/>\n\t<meta name=\"twitter:data1\" content=\"1 minut\" \/>\n<script type=\"application\/ld+json\" class=\"yoast-schema-graph\">{\"@context\":\"https:\/\/schema.org\",\"@graph\":[{\"@type\":\"WebPage\",\"@id\":\"https:\/\/last-chance.dk\/?product=rowan-kunstig-blomst-groen-28x170cm\",\"url\":\"https:\/\/last-chance.dk\/?product=rowan-kunstig-blomst-groen-28x170cm\",\"name\":\"Rowan kunstig blomst gr\u00f8n 28x170cm - LASTCHANCE Deals | Danmark\",\"isPartOf\":{\"@id\":\"https:\/\/last-chance.dk\/#website\"},\"primaryImageOfPage\":{\"@id\":\"https:\/\/last-chance.dk\/?product=rowan-kunstig-blomst-groen-28x170cm#primaryimage\"},\"image\":{\"@id\":\"https:\/\/last-chance.dk\/?product=rowan-kunstig-blomst-groen-28x170cm#primaryimage\"},\"thumbnailUrl\":\"https:\/\/last-chance.dk\/wp-content\/uploads\/2023\/11\/rowan.jpg\",\"datePublished\":\"2023-11-06T14:21:31+00:00\",\"dateModified\":\"2025-09-19T18:16:30+00:00\",\"breadcrumb\":{\"@id\":\"https:\/\/last-chance.dk\/?product=rowan-kunstig-blomst-groen-28x170cm#breadcrumb\"},\"inLanguage\":\"da-DK\",\"potentialAction\":[{\"@type\":\"ReadAction\",\"target\":[\"https:\/\/last-chance.dk\/?product=rowan-kunstig-blomst-groen-28x170cm\"]}]},{\"@type\":\"ImageObject\",\"inLanguage\":\"da-DK\",\"@id\":\"https:\/\/last-chance.dk\/?product=rowan-kunstig-blomst-groen-28x170cm#primaryimage\",\"url\":\"https:\/\/last-chance.dk\/wp-content\/uploads\/2023\/11\/rowan.jpg\",\"contentUrl\":\"https:\/\/last-chance.dk\/wp-content\/uploads\/2023\/11\/rowan.jpg\",\"width\":640,\"height\":800},{\"@type\":\"BreadcrumbList\",\"@id\":\"https:\/\/last-chance.dk\/?product=rowan-kunstig-blomst-groen-28x170cm#breadcrumb\",\"itemListElement\":[{\"@type\":\"ListItem\",\"position\":1,\"name\":\"Home\",\"item\":\"https:\/\/last-chance.dk\/\"},{\"@type\":\"ListItem\",\"position\":2,\"name\":\"Rowan kunstig blomst gr\u00f8n 28x170cm\"}]},{\"@type\":\"WebSite\",\"@id\":\"https:\/\/last-chance.dk\/#website\",\"url\":\"https:\/\/last-chance.dk\/\",\"name\":\"LASTCHANCE Deals | Danmark\",\"description\":\"LASTCHANCE Deals | Danmark\",\"publisher\":{\"@id\":\"https:\/\/last-chance.dk\/#organization\"},\"potentialAction\":[{\"@type\":\"SearchAction\",\"target\":{\"@type\":\"EntryPoint\",\"urlTemplate\":\"https:\/\/last-chance.dk\/?s={search_term_string}\"},\"query-input\":{\"@type\":\"PropertyValueSpecification\",\"valueRequired\":true,\"valueName\":\"search_term_string\"}}],\"inLanguage\":\"da-DK\"},{\"@type\":\"Organization\",\"@id\":\"https:\/\/last-chance.dk\/#organization\",\"name\":\"LASTCHANCE Deals | Danmark\",\"url\":\"https:\/\/last-chance.dk\/\",\"logo\":{\"@type\":\"ImageObject\",\"inLanguage\":\"da-DK\",\"@id\":\"https:\/\/last-chance.dk\/#\/schema\/logo\/image\/\",\"url\":\"https:\/\/last-chance.dk\/wp-content\/uploads\/2023\/10\/lastchancedeals_logo_dk_white.png\",\"contentUrl\":\"https:\/\/last-chance.dk\/wp-content\/uploads\/2023\/10\/lastchancedeals_logo_dk_white.png\",\"width\":470,\"height\":110,\"caption\":\"LASTCHANCE Deals | Danmark\"},\"image\":{\"@id\":\"https:\/\/last-chance.dk\/#\/schema\/logo\/image\/\"}}]}<\/script>\n<!-- \/ Yoast SEO plugin. -->","yoast_head_json":{"title":"Rowan kunstig blomst gr\u00f8n 28x170cm - LASTCHANCE Deals | Danmark","robots":{"index":"index","follow":"follow","max-snippet":"max-snippet:-1","max-image-preview":"max-image-preview:large","max-video-preview":"max-video-preview:-1"},"canonical":"https:\/\/last-chance.dk\/?product=rowan-kunstig-blomst-groen-28x170cm","og_locale":"da_DK","og_type":"article","og_title":"Rowan kunstig blomst gr\u00f8n 28x170cm - LASTCHANCE Deals | Danmark","og_description":"Er du p\u00e5 udkig efter en smuk og naturtro dekoration til dit hjem eller kontor? S\u00e5 er denne Rowan kunstig blomst det perfekte valg for dig. Denne blomst er lavet af h\u00f8j kvalitet plast, der er holdbart og nemt at reng\u00f8re. Den har en flot gr\u00f8n farve, der vil tilf\u00f8je et friskt og livligt touch [&hellip;]","og_url":"https:\/\/last-chance.dk\/?product=rowan-kunstig-blomst-groen-28x170cm","og_site_name":"LASTCHANCE Deals | Danmark","article_modified_time":"2025-09-19T18:16:30+00:00","og_image":[{"width":640,"height":800,"url":"https:\/\/last-chance.dk\/wp-content\/uploads\/2023\/11\/rowan.jpg","type":"image\/jpeg"}],"twitter_card":"summary_large_image","twitter_misc":{"Estimeret l\u00e6setid":"1 minut"},"schema":{"@context":"https:\/\/schema.org","@graph":[{"@type":"WebPage","@id":"https:\/\/last-chance.dk\/?product=rowan-kunstig-blomst-groen-28x170cm","url":"https:\/\/last-chance.dk\/?product=rowan-kunstig-blomst-groen-28x170cm","name":"Rowan kunstig blomst gr\u00f8n 28x170cm - LASTCHANCE Deals | Danmark","isPartOf":{"@id":"https:\/\/last-chance.dk\/#website"},"primaryImageOfPage":{"@id":"https:\/\/last-chance.dk\/?product=rowan-kunstig-blomst-groen-28x170cm#primaryimage"},"image":{"@id":"https:\/\/last-chance.dk\/?product=rowan-kunstig-blomst-groen-28x170cm#primaryimage"},"thumbnailUrl":"https:\/\/last-chance.dk\/wp-content\/uploads\/2023\/11\/rowan.jpg","datePublished":"2023-11-06T14:21:31+00:00","dateModified":"2025-09-19T18:16:30+00:00","breadcrumb":{"@id":"https:\/\/last-chance.dk\/?product=rowan-kunstig-blomst-groen-28x170cm#breadcrumb"},"inLanguage":"da-DK","potentialAction":[{"@type":"ReadAction","target":["https:\/\/last-chance.dk\/?product=rowan-kunstig-blomst-groen-28x170cm"]}]},{"@type":"ImageObject","inLanguage":"da-DK","@id":"https:\/\/last-chance.dk\/?product=rowan-kunstig-blomst-groen-28x170cm#primaryimage","url":"https:\/\/last-chance.dk\/wp-content\/uploads\/2023\/11\/rowan.jpg","contentUrl":"https:\/\/last-chance.dk\/wp-content\/uploads\/2023\/11\/rowan.jpg","width":640,"height":800},{"@type":"BreadcrumbList","@id":"https:\/\/last-chance.dk\/?product=rowan-kunstig-blomst-groen-28x170cm#breadcrumb","itemListElement":[{"@type":"ListItem","position":1,"name":"Home","item":"https:\/\/last-chance.dk\/"},{"@type":"ListItem","position":2,"name":"Rowan kunstig blomst gr\u00f8n 28x170cm"}]},{"@type":"WebSite","@id":"https:\/\/last-chance.dk\/#website","url":"https:\/\/last-chance.dk\/","name":"LASTCHANCE Deals | Danmark","description":"LASTCHANCE Deals | Danmark","publisher":{"@id":"https:\/\/last-chance.dk\/#organization"},"potentialAction":[{"@type":"SearchAction","target":{"@type":"EntryPoint","urlTemplate":"https:\/\/last-chance.dk\/?s={search_term_string}"},"query-input":{"@type":"PropertyValueSpecification","valueRequired":true,"valueName":"search_term_string"}}],"inLanguage":"da-DK"},{"@type":"Organization","@id":"https:\/\/last-chance.dk\/#organization","name":"LASTCHANCE Deals | Danmark","url":"https:\/\/last-chance.dk\/","logo":{"@type":"ImageObject","inLanguage":"da-DK","@id":"https:\/\/last-chance.dk\/#\/schema\/logo\/image\/","url":"https:\/\/last-chance.dk\/wp-content\/uploads\/2023\/10\/lastchancedeals_logo_dk_white.png","contentUrl":"https:\/\/last-chance.dk\/wp-content\/uploads\/2023\/10\/lastchancedeals_logo_dk_white.png","width":470,"height":110,"caption":"LASTCHANCE Deals | Danmark"},"image":{"@id":"https:\/\/last-chance.dk\/#\/schema\/logo\/image\/"}}]}},"_links":{"self":[{"href":"https:\/\/last-chance.dk\/index.php?rest_route=\/wp\/v2\/product\/8263","targetHints":{"allow":["GET"]}}],"collection":[{"href":"https:\/\/last-chance.dk\/index.php?rest_route=\/wp\/v2\/product"}],"about":[{"href":"https:\/\/last-chance.dk\/index.php?rest_route=\/wp\/v2\/types\/product"}],"replies":[{"embeddable":true,"href":"https:\/\/last-chance.dk\/index.php?rest_route=%2Fwp%2Fv2%2Fcomments&post=8263"}],"wp:featuredmedia":[{"embeddable":true,"href":"https:\/\/last-chance.dk\/index.php?rest_route=\/wp\/v2\/media\/8262"}],"wp:attachment":[{"href":"https:\/\/last-chance.dk\/index.php?rest_route=%2Fwp%2Fv2%2Fmedia&parent=8263"}],"wp:term":[{"taxonomy":"product_brand","embeddable":true,"href":"https:\/\/last-chance.dk\/index.php?rest_route=%2Fwp%2Fv2%2Fproduct_brand&post=8263"},{"taxonomy":"product_cat","embeddable":true,"href":"https:\/\/last-chance.dk\/index.php?rest_route=%2Fwp%2Fv2%2Fproduct_cat&post=8263"},{"taxonomy":"product_tag","embeddable":true,"href":"https:\/\/last-chance.dk\/index.php?rest_route=%2Fwp%2Fv2%2Fproduct_tag&post=8263"}],"curies":[{"name":"wp","href":"https:\/\/api.w.org\/{rel}","templated":true}]}}