{"id":8805,"date":"2023-11-06T14:47:48","date_gmt":"2023-11-06T14:47:48","guid":{"rendered":"https:\/\/www.lastchance.deals\/dk\/tuote\/vaeglampe-maddox-17x38cm-gylden\/"},"modified":"2025-09-19T19:06:59","modified_gmt":"2025-09-19T19:06:59","slug":"vaeglampe-maddox-17x38cm-gylden","status":"publish","type":"product","link":"https:\/\/last-chance.dk\/?product=vaeglampe-maddox-17x38cm-gylden","title":{"rendered":"V\u00e6glampe Maddox 17x38cm gylden"},"content":{"rendered":"<p>Er du p\u00e5 udkig efter en v\u00e6glampe, der kan tilf\u00f8je et klassisk og elegant touch til dit hjem? S\u00e5 er v\u00e6glampen Maddox fra ForrestDecor m\u00e5ske noget for dig. Denne smukke lampe er lavet af glas og metal i en gylden farve, der skaber en varm og hyggelig stemning. Lampen har et tidl\u00f8st design med fine detaljer og en buet form, der passer perfekt til enhver v\u00e6g. Lampen har en udvendig dimension p\u00e5 17x38cm, s\u00e5 den ikke fylder for meget, men stadig giver et godt lys. Lampen skal samles, men det er nemt og hurtigt at g\u00f8re. Du f\u00e5r ogs\u00e5 12 m\u00e5neders garanti p\u00e5 lampen, s\u00e5 du kan v\u00e6re sikker p\u00e5 dens kvalitet og holdbarhed. Bestil din v\u00e6glampe Maddox i dag og giv dit hjem et klassisk l\u00f8ft.<\/p>\n<p><\/p>\n<p>Leveringstid: Leveringstid 1 uge<br \/>\nStil: klassisk<br \/>\nMateriale: glas,metal<br \/>\nFarve: gylden<br \/>\nLampefatning: E14<br \/>\nLampestik: ikke inkluderet<br \/>\nUdvendige dimensioner: 17x38cm<br \/>\nFabrikant: ForrestDecor<br \/>\nMontage: skal samles<br \/>\nGaranti: 12 m\u00e5neder<\/p>\n","protected":false},"excerpt":{"rendered":"<p>Er du p\u00e5 udkig efter en v\u00e6glampe, der kan tilf\u00f8je et klassisk og elegant touch til dit hjem? S\u00e5 er v\u00e6glampen Maddox fra ForrestDecor m\u00e5ske noget for dig. Denne smukke lampe er lavet af glas og metal i en gylden farve, der skaber en varm og hyggelig stemning. Lampen har et tidl\u00f8st design med fine [&hellip;]<\/p>\n","protected":false},"featured_media":8800,"comment_status":"open","ping_status":"closed","template":"","meta":[],"product_brand":[],"product_cat":[138],"product_tag":[],"class_list":{"0":"post-8805","1":"product","2":"type-product","3":"status-publish","4":"has-post-thumbnail","6":"product_cat-wall-lights","8":"first","9":"instock","10":"shipping-taxable","11":"purchasable","12":"product-type-simple"},"yoast_head":"<!-- This site is optimized with the Yoast SEO plugin v24.8.1 - https:\/\/yoast.com\/wordpress\/plugins\/seo\/ -->\n<title>V\u00e6glampe Maddox 17x38cm gylden - LASTCHANCE Deals | Danmark<\/title>\n<meta name=\"robots\" content=\"index, follow, max-snippet:-1, max-image-preview:large, max-video-preview:-1\" \/>\n<link rel=\"canonical\" href=\"https:\/\/last-chance.dk\/?product=vaeglampe-maddox-17x38cm-gylden\" \/>\n<meta property=\"og:locale\" content=\"da_DK\" \/>\n<meta property=\"og:type\" content=\"article\" \/>\n<meta property=\"og:title\" content=\"V\u00e6glampe Maddox 17x38cm gylden - LASTCHANCE Deals | Danmark\" \/>\n<meta property=\"og:description\" content=\"Er du p\u00e5 udkig efter en v\u00e6glampe, der kan tilf\u00f8je et klassisk og elegant touch til dit hjem? S\u00e5 er v\u00e6glampen Maddox fra ForrestDecor m\u00e5ske noget for dig. Denne smukke lampe er lavet af glas og metal i en gylden farve, der skaber en varm og hyggelig stemning. Lampen har et tidl\u00f8st design med fine [&hellip;]\" \/>\n<meta property=\"og:url\" content=\"https:\/\/last-chance.dk\/?product=vaeglampe-maddox-17x38cm-gylden\" \/>\n<meta property=\"og:site_name\" content=\"LASTCHANCE Deals | Danmark\" \/>\n<meta property=\"article:modified_time\" content=\"2025-09-19T19:06:59+00:00\" \/>\n<meta property=\"og:image\" content=\"https:\/\/last-chance.dk\/wp-content\/uploads\/2023\/11\/maddox1.jpg\" \/>\n\t<meta property=\"og:image:width\" content=\"750\" \/>\n\t<meta property=\"og:image:height\" content=\"871\" \/>\n\t<meta property=\"og:image:type\" content=\"image\/jpeg\" \/>\n<meta name=\"twitter:card\" content=\"summary_large_image\" \/>\n<meta name=\"twitter:label1\" content=\"Estimeret l\u00e6setid\" \/>\n\t<meta name=\"twitter:data1\" content=\"1 minut\" \/>\n<script type=\"application\/ld+json\" class=\"yoast-schema-graph\">{\"@context\":\"https:\/\/schema.org\",\"@graph\":[{\"@type\":\"WebPage\",\"@id\":\"https:\/\/last-chance.dk\/?product=vaeglampe-maddox-17x38cm-gylden\",\"url\":\"https:\/\/last-chance.dk\/?product=vaeglampe-maddox-17x38cm-gylden\",\"name\":\"V\u00e6glampe Maddox 17x38cm gylden - LASTCHANCE Deals | Danmark\",\"isPartOf\":{\"@id\":\"https:\/\/last-chance.dk\/#website\"},\"primaryImageOfPage\":{\"@id\":\"https:\/\/last-chance.dk\/?product=vaeglampe-maddox-17x38cm-gylden#primaryimage\"},\"image\":{\"@id\":\"https:\/\/last-chance.dk\/?product=vaeglampe-maddox-17x38cm-gylden#primaryimage\"},\"thumbnailUrl\":\"https:\/\/last-chance.dk\/wp-content\/uploads\/2023\/11\/maddox1.jpg\",\"datePublished\":\"2023-11-06T14:47:48+00:00\",\"dateModified\":\"2025-09-19T19:06:59+00:00\",\"breadcrumb\":{\"@id\":\"https:\/\/last-chance.dk\/?product=vaeglampe-maddox-17x38cm-gylden#breadcrumb\"},\"inLanguage\":\"da-DK\",\"potentialAction\":[{\"@type\":\"ReadAction\",\"target\":[\"https:\/\/last-chance.dk\/?product=vaeglampe-maddox-17x38cm-gylden\"]}]},{\"@type\":\"ImageObject\",\"inLanguage\":\"da-DK\",\"@id\":\"https:\/\/last-chance.dk\/?product=vaeglampe-maddox-17x38cm-gylden#primaryimage\",\"url\":\"https:\/\/last-chance.dk\/wp-content\/uploads\/2023\/11\/maddox1.jpg\",\"contentUrl\":\"https:\/\/last-chance.dk\/wp-content\/uploads\/2023\/11\/maddox1.jpg\",\"width\":750,\"height\":871},{\"@type\":\"BreadcrumbList\",\"@id\":\"https:\/\/last-chance.dk\/?product=vaeglampe-maddox-17x38cm-gylden#breadcrumb\",\"itemListElement\":[{\"@type\":\"ListItem\",\"position\":1,\"name\":\"Home\",\"item\":\"https:\/\/last-chance.dk\/\"},{\"@type\":\"ListItem\",\"position\":2,\"name\":\"V\u00e6glampe Maddox 17x38cm gylden\"}]},{\"@type\":\"WebSite\",\"@id\":\"https:\/\/last-chance.dk\/#website\",\"url\":\"https:\/\/last-chance.dk\/\",\"name\":\"LASTCHANCE Deals | Danmark\",\"description\":\"LASTCHANCE Deals | Danmark\",\"publisher\":{\"@id\":\"https:\/\/last-chance.dk\/#organization\"},\"potentialAction\":[{\"@type\":\"SearchAction\",\"target\":{\"@type\":\"EntryPoint\",\"urlTemplate\":\"https:\/\/last-chance.dk\/?s={search_term_string}\"},\"query-input\":{\"@type\":\"PropertyValueSpecification\",\"valueRequired\":true,\"valueName\":\"search_term_string\"}}],\"inLanguage\":\"da-DK\"},{\"@type\":\"Organization\",\"@id\":\"https:\/\/last-chance.dk\/#organization\",\"name\":\"LASTCHANCE Deals | Danmark\",\"url\":\"https:\/\/last-chance.dk\/\",\"logo\":{\"@type\":\"ImageObject\",\"inLanguage\":\"da-DK\",\"@id\":\"https:\/\/last-chance.dk\/#\/schema\/logo\/image\/\",\"url\":\"https:\/\/last-chance.dk\/wp-content\/uploads\/2023\/10\/lastchancedeals_logo_dk_white.png\",\"contentUrl\":\"https:\/\/last-chance.dk\/wp-content\/uploads\/2023\/10\/lastchancedeals_logo_dk_white.png\",\"width\":470,\"height\":110,\"caption\":\"LASTCHANCE Deals | Danmark\"},\"image\":{\"@id\":\"https:\/\/last-chance.dk\/#\/schema\/logo\/image\/\"}}]}<\/script>\n<!-- \/ Yoast SEO plugin. -->","yoast_head_json":{"title":"V\u00e6glampe Maddox 17x38cm gylden - LASTCHANCE Deals | Danmark","robots":{"index":"index","follow":"follow","max-snippet":"max-snippet:-1","max-image-preview":"max-image-preview:large","max-video-preview":"max-video-preview:-1"},"canonical":"https:\/\/last-chance.dk\/?product=vaeglampe-maddox-17x38cm-gylden","og_locale":"da_DK","og_type":"article","og_title":"V\u00e6glampe Maddox 17x38cm gylden - LASTCHANCE Deals | Danmark","og_description":"Er du p\u00e5 udkig efter en v\u00e6glampe, der kan tilf\u00f8je et klassisk og elegant touch til dit hjem? S\u00e5 er v\u00e6glampen Maddox fra ForrestDecor m\u00e5ske noget for dig. Denne smukke lampe er lavet af glas og metal i en gylden farve, der skaber en varm og hyggelig stemning. Lampen har et tidl\u00f8st design med fine [&hellip;]","og_url":"https:\/\/last-chance.dk\/?product=vaeglampe-maddox-17x38cm-gylden","og_site_name":"LASTCHANCE Deals | Danmark","article_modified_time":"2025-09-19T19:06:59+00:00","og_image":[{"width":750,"height":871,"url":"https:\/\/last-chance.dk\/wp-content\/uploads\/2023\/11\/maddox1.jpg","type":"image\/jpeg"}],"twitter_card":"summary_large_image","twitter_misc":{"Estimeret l\u00e6setid":"1 minut"},"schema":{"@context":"https:\/\/schema.org","@graph":[{"@type":"WebPage","@id":"https:\/\/last-chance.dk\/?product=vaeglampe-maddox-17x38cm-gylden","url":"https:\/\/last-chance.dk\/?product=vaeglampe-maddox-17x38cm-gylden","name":"V\u00e6glampe Maddox 17x38cm gylden - LASTCHANCE Deals | Danmark","isPartOf":{"@id":"https:\/\/last-chance.dk\/#website"},"primaryImageOfPage":{"@id":"https:\/\/last-chance.dk\/?product=vaeglampe-maddox-17x38cm-gylden#primaryimage"},"image":{"@id":"https:\/\/last-chance.dk\/?product=vaeglampe-maddox-17x38cm-gylden#primaryimage"},"thumbnailUrl":"https:\/\/last-chance.dk\/wp-content\/uploads\/2023\/11\/maddox1.jpg","datePublished":"2023-11-06T14:47:48+00:00","dateModified":"2025-09-19T19:06:59+00:00","breadcrumb":{"@id":"https:\/\/last-chance.dk\/?product=vaeglampe-maddox-17x38cm-gylden#breadcrumb"},"inLanguage":"da-DK","potentialAction":[{"@type":"ReadAction","target":["https:\/\/last-chance.dk\/?product=vaeglampe-maddox-17x38cm-gylden"]}]},{"@type":"ImageObject","inLanguage":"da-DK","@id":"https:\/\/last-chance.dk\/?product=vaeglampe-maddox-17x38cm-gylden#primaryimage","url":"https:\/\/last-chance.dk\/wp-content\/uploads\/2023\/11\/maddox1.jpg","contentUrl":"https:\/\/last-chance.dk\/wp-content\/uploads\/2023\/11\/maddox1.jpg","width":750,"height":871},{"@type":"BreadcrumbList","@id":"https:\/\/last-chance.dk\/?product=vaeglampe-maddox-17x38cm-gylden#breadcrumb","itemListElement":[{"@type":"ListItem","position":1,"name":"Home","item":"https:\/\/last-chance.dk\/"},{"@type":"ListItem","position":2,"name":"V\u00e6glampe Maddox 17x38cm gylden"}]},{"@type":"WebSite","@id":"https:\/\/last-chance.dk\/#website","url":"https:\/\/last-chance.dk\/","name":"LASTCHANCE Deals | Danmark","description":"LASTCHANCE Deals | Danmark","publisher":{"@id":"https:\/\/last-chance.dk\/#organization"},"potentialAction":[{"@type":"SearchAction","target":{"@type":"EntryPoint","urlTemplate":"https:\/\/last-chance.dk\/?s={search_term_string}"},"query-input":{"@type":"PropertyValueSpecification","valueRequired":true,"valueName":"search_term_string"}}],"inLanguage":"da-DK"},{"@type":"Organization","@id":"https:\/\/last-chance.dk\/#organization","name":"LASTCHANCE Deals | Danmark","url":"https:\/\/last-chance.dk\/","logo":{"@type":"ImageObject","inLanguage":"da-DK","@id":"https:\/\/last-chance.dk\/#\/schema\/logo\/image\/","url":"https:\/\/last-chance.dk\/wp-content\/uploads\/2023\/10\/lastchancedeals_logo_dk_white.png","contentUrl":"https:\/\/last-chance.dk\/wp-content\/uploads\/2023\/10\/lastchancedeals_logo_dk_white.png","width":470,"height":110,"caption":"LASTCHANCE Deals | Danmark"},"image":{"@id":"https:\/\/last-chance.dk\/#\/schema\/logo\/image\/"}}]}},"_links":{"self":[{"href":"https:\/\/last-chance.dk\/index.php?rest_route=\/wp\/v2\/product\/8805","targetHints":{"allow":["GET"]}}],"collection":[{"href":"https:\/\/last-chance.dk\/index.php?rest_route=\/wp\/v2\/product"}],"about":[{"href":"https:\/\/last-chance.dk\/index.php?rest_route=\/wp\/v2\/types\/product"}],"replies":[{"embeddable":true,"href":"https:\/\/last-chance.dk\/index.php?rest_route=%2Fwp%2Fv2%2Fcomments&post=8805"}],"wp:featuredmedia":[{"embeddable":true,"href":"https:\/\/last-chance.dk\/index.php?rest_route=\/wp\/v2\/media\/8800"}],"wp:attachment":[{"href":"https:\/\/last-chance.dk\/index.php?rest_route=%2Fwp%2Fv2%2Fmedia&parent=8805"}],"wp:term":[{"taxonomy":"product_brand","embeddable":true,"href":"https:\/\/last-chance.dk\/index.php?rest_route=%2Fwp%2Fv2%2Fproduct_brand&post=8805"},{"taxonomy":"product_cat","embeddable":true,"href":"https:\/\/last-chance.dk\/index.php?rest_route=%2Fwp%2Fv2%2Fproduct_cat&post=8805"},{"taxonomy":"product_tag","embeddable":true,"href":"https:\/\/last-chance.dk\/index.php?rest_route=%2Fwp%2Fv2%2Fproduct_tag&post=8805"}],"curies":[{"name":"wp","href":"https:\/\/api.w.org\/{rel}","templated":true}]}}