{"id":8881,"date":"2023-11-06T14:50:54","date_gmt":"2023-11-06T14:50:54","guid":{"rendered":"https:\/\/www.lastchance.deals\/dk\/tuote\/vaegur-golddie-gylden-77x40cm\/"},"modified":"2025-09-19T19:10:38","modified_gmt":"2025-09-19T19:10:38","slug":"vaegur-golddie-gylden-77x40cm","status":"publish","type":"product","link":"https:\/\/last-chance.dk\/?product=vaegur-golddie-gylden-77x40cm","title":{"rendered":"V\u00e6gur Golddie gylden 77x40cm"},"content":{"rendered":"<p>Er du p\u00e5 udkig efter et smukt og elegant v\u00e6gur til dit hjem? S\u00e5 er Golddie v\u00e6guret fra ForrestDecor det perfekte valg for dig. Dette v\u00e6gur er lavet af metal i en gylden farve, der giver det et luksuri\u00f8st og moderne udtryk. V\u00e6guret har et unikt design med en cirkul\u00e6r ramme og en asymmetrisk urskive, der skaber en sp\u00e6ndende kontrast. V\u00e6guret har ogs\u00e5 tydelige sorte tal og visere, der g\u00f8r det nemt at afl\u00e6se tiden.<\/p>\n<p><\/p>\n<p>Golddie v\u00e6guret har en diameter p\u00e5 77 cm og en bredde p\u00e5 40 cm, s\u00e5 det passer perfekt til enhver v\u00e6g i din stue, sovev\u00e6relse, k\u00f8kken eller kontor. V\u00e6guret er beregnet til indend\u00f8rs brug og kr\u00e6ver et AA-batteri (medf\u00f8lger ikke). V\u00e6guret er fremstillet af ForrestDecor, en anerkendt producent af dekorative ure og andre boligtilbeh\u00f8r. V\u00e6guret har en garanti p\u00e5 12 m\u00e5neder, s\u00e5 du kan v\u00e6re sikker p\u00e5 dets kvalitet og holdbarhed.<\/p>\n<p><\/p>\n<p>Golddie v\u00e6guret er et must-have for enhver, der elsker stil og elegance. Bestil dit Golddie v\u00e6gur i dag og giv dit hjem et nyt og flot look.<\/p>\n<p><\/p>\n<p>Leveringstid: Leveringstid 1 uge<br \/>\nMateriale: metal<br \/>\nFarve: gylden<br \/>\nDimensioner: 77x40cm<br \/>\nBeregnet til: Indend\u00f8rs brug<br \/>\nFabrikant: ForrestDecor<br \/>\nGaranti: 12 m\u00e5neder<\/p>\n","protected":false},"excerpt":{"rendered":"<p>Er du p\u00e5 udkig efter et smukt og elegant v\u00e6gur til dit hjem? S\u00e5 er Golddie v\u00e6guret fra ForrestDecor det perfekte valg for dig. Dette v\u00e6gur er lavet af metal i en gylden farve, der giver det et luksuri\u00f8st og moderne udtryk. V\u00e6guret har et unikt design med en cirkul\u00e6r ramme og en asymmetrisk urskive, [&hellip;]<\/p>\n","protected":false},"featured_media":8875,"comment_status":"open","ping_status":"closed","template":"","meta":[],"product_brand":[],"product_cat":[188],"product_tag":[],"class_list":{"0":"post-8881","1":"product","2":"type-product","3":"status-publish","4":"has-post-thumbnail","6":"product_cat-wall-clocks","8":"first","9":"instock","10":"shipping-taxable","11":"purchasable","12":"product-type-simple"},"yoast_head":"<!-- This site is optimized with the Yoast SEO plugin v24.8.1 - https:\/\/yoast.com\/wordpress\/plugins\/seo\/ -->\n<title>V\u00e6gur Golddie gylden 77x40cm - LASTCHANCE Deals | Danmark<\/title>\n<meta name=\"robots\" content=\"index, follow, max-snippet:-1, max-image-preview:large, max-video-preview:-1\" \/>\n<link rel=\"canonical\" href=\"https:\/\/last-chance.dk\/?product=vaegur-golddie-gylden-77x40cm\" \/>\n<meta property=\"og:locale\" content=\"da_DK\" \/>\n<meta property=\"og:type\" content=\"article\" \/>\n<meta property=\"og:title\" content=\"V\u00e6gur Golddie gylden 77x40cm - LASTCHANCE Deals | Danmark\" \/>\n<meta property=\"og:description\" content=\"Er du p\u00e5 udkig efter et smukt og elegant v\u00e6gur til dit hjem? S\u00e5 er Golddie v\u00e6guret fra ForrestDecor det perfekte valg for dig. Dette v\u00e6gur er lavet af metal i en gylden farve, der giver det et luksuri\u00f8st og moderne udtryk. V\u00e6guret har et unikt design med en cirkul\u00e6r ramme og en asymmetrisk urskive, [&hellip;]\" \/>\n<meta property=\"og:url\" content=\"https:\/\/last-chance.dk\/?product=vaegur-golddie-gylden-77x40cm\" \/>\n<meta property=\"og:site_name\" content=\"LASTCHANCE Deals | Danmark\" \/>\n<meta property=\"article:modified_time\" content=\"2025-09-19T19:10:38+00:00\" \/>\n<meta property=\"og:image\" content=\"https:\/\/last-chance.dk\/wp-content\/uploads\/2023\/11\/bf448-5_2.jpg\" \/>\n\t<meta property=\"og:image:width\" content=\"800\" \/>\n\t<meta property=\"og:image:height\" content=\"800\" \/>\n\t<meta property=\"og:image:type\" content=\"image\/jpeg\" \/>\n<meta name=\"twitter:card\" content=\"summary_large_image\" \/>\n<meta name=\"twitter:label1\" content=\"Estimeret l\u00e6setid\" \/>\n\t<meta name=\"twitter:data1\" content=\"1 minut\" \/>\n<script type=\"application\/ld+json\" class=\"yoast-schema-graph\">{\"@context\":\"https:\/\/schema.org\",\"@graph\":[{\"@type\":\"WebPage\",\"@id\":\"https:\/\/last-chance.dk\/?product=vaegur-golddie-gylden-77x40cm\",\"url\":\"https:\/\/last-chance.dk\/?product=vaegur-golddie-gylden-77x40cm\",\"name\":\"V\u00e6gur Golddie gylden 77x40cm - LASTCHANCE Deals | Danmark\",\"isPartOf\":{\"@id\":\"https:\/\/last-chance.dk\/#website\"},\"primaryImageOfPage\":{\"@id\":\"https:\/\/last-chance.dk\/?product=vaegur-golddie-gylden-77x40cm#primaryimage\"},\"image\":{\"@id\":\"https:\/\/last-chance.dk\/?product=vaegur-golddie-gylden-77x40cm#primaryimage\"},\"thumbnailUrl\":\"https:\/\/last-chance.dk\/wp-content\/uploads\/2023\/11\/bf448-5_2.jpg\",\"datePublished\":\"2023-11-06T14:50:54+00:00\",\"dateModified\":\"2025-09-19T19:10:38+00:00\",\"breadcrumb\":{\"@id\":\"https:\/\/last-chance.dk\/?product=vaegur-golddie-gylden-77x40cm#breadcrumb\"},\"inLanguage\":\"da-DK\",\"potentialAction\":[{\"@type\":\"ReadAction\",\"target\":[\"https:\/\/last-chance.dk\/?product=vaegur-golddie-gylden-77x40cm\"]}]},{\"@type\":\"ImageObject\",\"inLanguage\":\"da-DK\",\"@id\":\"https:\/\/last-chance.dk\/?product=vaegur-golddie-gylden-77x40cm#primaryimage\",\"url\":\"https:\/\/last-chance.dk\/wp-content\/uploads\/2023\/11\/bf448-5_2.jpg\",\"contentUrl\":\"https:\/\/last-chance.dk\/wp-content\/uploads\/2023\/11\/bf448-5_2.jpg\",\"width\":800,\"height\":800},{\"@type\":\"BreadcrumbList\",\"@id\":\"https:\/\/last-chance.dk\/?product=vaegur-golddie-gylden-77x40cm#breadcrumb\",\"itemListElement\":[{\"@type\":\"ListItem\",\"position\":1,\"name\":\"Home\",\"item\":\"https:\/\/last-chance.dk\/\"},{\"@type\":\"ListItem\",\"position\":2,\"name\":\"V\u00e6gur Golddie gylden 77x40cm\"}]},{\"@type\":\"WebSite\",\"@id\":\"https:\/\/last-chance.dk\/#website\",\"url\":\"https:\/\/last-chance.dk\/\",\"name\":\"LASTCHANCE Deals | Danmark\",\"description\":\"LASTCHANCE Deals | Danmark\",\"publisher\":{\"@id\":\"https:\/\/last-chance.dk\/#organization\"},\"potentialAction\":[{\"@type\":\"SearchAction\",\"target\":{\"@type\":\"EntryPoint\",\"urlTemplate\":\"https:\/\/last-chance.dk\/?s={search_term_string}\"},\"query-input\":{\"@type\":\"PropertyValueSpecification\",\"valueRequired\":true,\"valueName\":\"search_term_string\"}}],\"inLanguage\":\"da-DK\"},{\"@type\":\"Organization\",\"@id\":\"https:\/\/last-chance.dk\/#organization\",\"name\":\"LASTCHANCE Deals | Danmark\",\"url\":\"https:\/\/last-chance.dk\/\",\"logo\":{\"@type\":\"ImageObject\",\"inLanguage\":\"da-DK\",\"@id\":\"https:\/\/last-chance.dk\/#\/schema\/logo\/image\/\",\"url\":\"https:\/\/last-chance.dk\/wp-content\/uploads\/2023\/10\/lastchancedeals_logo_dk_white.png\",\"contentUrl\":\"https:\/\/last-chance.dk\/wp-content\/uploads\/2023\/10\/lastchancedeals_logo_dk_white.png\",\"width\":470,\"height\":110,\"caption\":\"LASTCHANCE Deals | Danmark\"},\"image\":{\"@id\":\"https:\/\/last-chance.dk\/#\/schema\/logo\/image\/\"}}]}<\/script>\n<!-- \/ Yoast SEO plugin. -->","yoast_head_json":{"title":"V\u00e6gur Golddie gylden 77x40cm - LASTCHANCE Deals | Danmark","robots":{"index":"index","follow":"follow","max-snippet":"max-snippet:-1","max-image-preview":"max-image-preview:large","max-video-preview":"max-video-preview:-1"},"canonical":"https:\/\/last-chance.dk\/?product=vaegur-golddie-gylden-77x40cm","og_locale":"da_DK","og_type":"article","og_title":"V\u00e6gur Golddie gylden 77x40cm - LASTCHANCE Deals | Danmark","og_description":"Er du p\u00e5 udkig efter et smukt og elegant v\u00e6gur til dit hjem? S\u00e5 er Golddie v\u00e6guret fra ForrestDecor det perfekte valg for dig. Dette v\u00e6gur er lavet af metal i en gylden farve, der giver det et luksuri\u00f8st og moderne udtryk. V\u00e6guret har et unikt design med en cirkul\u00e6r ramme og en asymmetrisk urskive, [&hellip;]","og_url":"https:\/\/last-chance.dk\/?product=vaegur-golddie-gylden-77x40cm","og_site_name":"LASTCHANCE Deals | Danmark","article_modified_time":"2025-09-19T19:10:38+00:00","og_image":[{"width":800,"height":800,"url":"https:\/\/last-chance.dk\/wp-content\/uploads\/2023\/11\/bf448-5_2.jpg","type":"image\/jpeg"}],"twitter_card":"summary_large_image","twitter_misc":{"Estimeret l\u00e6setid":"1 minut"},"schema":{"@context":"https:\/\/schema.org","@graph":[{"@type":"WebPage","@id":"https:\/\/last-chance.dk\/?product=vaegur-golddie-gylden-77x40cm","url":"https:\/\/last-chance.dk\/?product=vaegur-golddie-gylden-77x40cm","name":"V\u00e6gur Golddie gylden 77x40cm - LASTCHANCE Deals | Danmark","isPartOf":{"@id":"https:\/\/last-chance.dk\/#website"},"primaryImageOfPage":{"@id":"https:\/\/last-chance.dk\/?product=vaegur-golddie-gylden-77x40cm#primaryimage"},"image":{"@id":"https:\/\/last-chance.dk\/?product=vaegur-golddie-gylden-77x40cm#primaryimage"},"thumbnailUrl":"https:\/\/last-chance.dk\/wp-content\/uploads\/2023\/11\/bf448-5_2.jpg","datePublished":"2023-11-06T14:50:54+00:00","dateModified":"2025-09-19T19:10:38+00:00","breadcrumb":{"@id":"https:\/\/last-chance.dk\/?product=vaegur-golddie-gylden-77x40cm#breadcrumb"},"inLanguage":"da-DK","potentialAction":[{"@type":"ReadAction","target":["https:\/\/last-chance.dk\/?product=vaegur-golddie-gylden-77x40cm"]}]},{"@type":"ImageObject","inLanguage":"da-DK","@id":"https:\/\/last-chance.dk\/?product=vaegur-golddie-gylden-77x40cm#primaryimage","url":"https:\/\/last-chance.dk\/wp-content\/uploads\/2023\/11\/bf448-5_2.jpg","contentUrl":"https:\/\/last-chance.dk\/wp-content\/uploads\/2023\/11\/bf448-5_2.jpg","width":800,"height":800},{"@type":"BreadcrumbList","@id":"https:\/\/last-chance.dk\/?product=vaegur-golddie-gylden-77x40cm#breadcrumb","itemListElement":[{"@type":"ListItem","position":1,"name":"Home","item":"https:\/\/last-chance.dk\/"},{"@type":"ListItem","position":2,"name":"V\u00e6gur Golddie gylden 77x40cm"}]},{"@type":"WebSite","@id":"https:\/\/last-chance.dk\/#website","url":"https:\/\/last-chance.dk\/","name":"LASTCHANCE Deals | Danmark","description":"LASTCHANCE Deals | Danmark","publisher":{"@id":"https:\/\/last-chance.dk\/#organization"},"potentialAction":[{"@type":"SearchAction","target":{"@type":"EntryPoint","urlTemplate":"https:\/\/last-chance.dk\/?s={search_term_string}"},"query-input":{"@type":"PropertyValueSpecification","valueRequired":true,"valueName":"search_term_string"}}],"inLanguage":"da-DK"},{"@type":"Organization","@id":"https:\/\/last-chance.dk\/#organization","name":"LASTCHANCE Deals | Danmark","url":"https:\/\/last-chance.dk\/","logo":{"@type":"ImageObject","inLanguage":"da-DK","@id":"https:\/\/last-chance.dk\/#\/schema\/logo\/image\/","url":"https:\/\/last-chance.dk\/wp-content\/uploads\/2023\/10\/lastchancedeals_logo_dk_white.png","contentUrl":"https:\/\/last-chance.dk\/wp-content\/uploads\/2023\/10\/lastchancedeals_logo_dk_white.png","width":470,"height":110,"caption":"LASTCHANCE Deals | Danmark"},"image":{"@id":"https:\/\/last-chance.dk\/#\/schema\/logo\/image\/"}}]}},"_links":{"self":[{"href":"https:\/\/last-chance.dk\/index.php?rest_route=\/wp\/v2\/product\/8881","targetHints":{"allow":["GET"]}}],"collection":[{"href":"https:\/\/last-chance.dk\/index.php?rest_route=\/wp\/v2\/product"}],"about":[{"href":"https:\/\/last-chance.dk\/index.php?rest_route=\/wp\/v2\/types\/product"}],"replies":[{"embeddable":true,"href":"https:\/\/last-chance.dk\/index.php?rest_route=%2Fwp%2Fv2%2Fcomments&post=8881"}],"wp:featuredmedia":[{"embeddable":true,"href":"https:\/\/last-chance.dk\/index.php?rest_route=\/wp\/v2\/media\/8875"}],"wp:attachment":[{"href":"https:\/\/last-chance.dk\/index.php?rest_route=%2Fwp%2Fv2%2Fmedia&parent=8881"}],"wp:term":[{"taxonomy":"product_brand","embeddable":true,"href":"https:\/\/last-chance.dk\/index.php?rest_route=%2Fwp%2Fv2%2Fproduct_brand&post=8881"},{"taxonomy":"product_cat","embeddable":true,"href":"https:\/\/last-chance.dk\/index.php?rest_route=%2Fwp%2Fv2%2Fproduct_cat&post=8881"},{"taxonomy":"product_tag","embeddable":true,"href":"https:\/\/last-chance.dk\/index.php?rest_route=%2Fwp%2Fv2%2Fproduct_tag&post=8881"}],"curies":[{"name":"wp","href":"https:\/\/api.w.org\/{rel}","templated":true}]}}