{"id":8887,"date":"2023-11-06T14:51:24","date_gmt":"2023-11-06T14:51:24","guid":{"rendered":"https:\/\/www.lastchance.deals\/dk\/tuote\/pude-geneva-hvid-16x43x70cm\/"},"modified":"2025-09-19T18:12:59","modified_gmt":"2025-09-19T18:12:59","slug":"pude-geneva-hvid-16x43x70cm","status":"publish","type":"product","link":"https:\/\/last-chance.dk\/?product=pude-geneva-hvid-16x43x70cm","title":{"rendered":"Pude Geneva  hvid 16x43x70cm"},"content":{"rendered":"<p>Vores <strong>Pude Geneva<\/strong> fra ForrestDecor udstr\u00e5ler h\u00f8j kvalitet og komfort. Puden er lavet af fjer, hvilket g\u00f8r den ekstra bl\u00f8d og komfortabel. Den har en hvid farve som er elegant og forfriskende. Puden har en st\u00f8rrelse p\u00e5 16x43x70cm, hvilket g\u00f8r den nem at placere i hjemmet uden at optage for meget plads. Med en <strong>Pude Geneva<\/strong> fra ForrestDecor f\u00e5r du et produkt der er lavet med detaljer og omhu og som vil give dig mange \u00e5rs komfort og gl\u00e6de. <\/p>\n<p><\/p>\n<p>Leveringstid: Leveringstid 1 uge<br \/>\nUdvendige dimensioner: 16x43x70cm<br \/>\nFarve: hvid<br \/>\nFabrikant: ForrestDecor<br \/>\nMateriale: fjer<\/p>\n","protected":false},"excerpt":{"rendered":"<p>Vores Pude Geneva fra ForrestDecor udstr\u00e5ler h\u00f8j kvalitet og komfort. Puden er lavet af fjer, hvilket g\u00f8r den ekstra bl\u00f8d og komfortabel. Den har en hvid farve som er elegant og forfriskende. Puden har en st\u00f8rrelse p\u00e5 16x43x70cm, hvilket g\u00f8r den nem at placere i hjemmet uden at optage for meget plads. Med en Pude [&hellip;]<\/p>\n","protected":false},"featured_media":8885,"comment_status":"open","ping_status":"closed","template":"","meta":[],"product_brand":[],"product_cat":[201],"product_tag":[],"class_list":{"0":"post-8887","1":"product","2":"type-product","3":"status-publish","4":"has-post-thumbnail","6":"product_cat-pillows","8":"first","9":"instock","10":"shipping-taxable","11":"purchasable","12":"product-type-simple"},"yoast_head":"<!-- This site is optimized with the Yoast SEO plugin v24.8.1 - https:\/\/yoast.com\/wordpress\/plugins\/seo\/ -->\n<title>Pude Geneva hvid 16x43x70cm - LASTCHANCE Deals | Danmark<\/title>\n<meta name=\"robots\" content=\"index, follow, max-snippet:-1, max-image-preview:large, max-video-preview:-1\" \/>\n<link rel=\"canonical\" href=\"https:\/\/last-chance.dk\/?product=pude-geneva-hvid-16x43x70cm\" \/>\n<meta property=\"og:locale\" content=\"da_DK\" \/>\n<meta property=\"og:type\" content=\"article\" \/>\n<meta property=\"og:title\" content=\"Pude Geneva hvid 16x43x70cm - LASTCHANCE Deals | Danmark\" \/>\n<meta property=\"og:description\" content=\"Vores Pude Geneva fra ForrestDecor udstr\u00e5ler h\u00f8j kvalitet og komfort. Puden er lavet af fjer, hvilket g\u00f8r den ekstra bl\u00f8d og komfortabel. Den har en hvid farve som er elegant og forfriskende. Puden har en st\u00f8rrelse p\u00e5 16x43x70cm, hvilket g\u00f8r den nem at placere i hjemmet uden at optage for meget plads. Med en Pude [&hellip;]\" \/>\n<meta property=\"og:url\" content=\"https:\/\/last-chance.dk\/?product=pude-geneva-hvid-16x43x70cm\" \/>\n<meta property=\"og:site_name\" content=\"LASTCHANCE Deals | Danmark\" \/>\n<meta property=\"article:modified_time\" content=\"2025-09-19T18:12:59+00:00\" \/>\n<meta property=\"og:image\" content=\"https:\/\/last-chance.dk\/wp-content\/uploads\/2023\/11\/geneva1.jpg\" \/>\n\t<meta property=\"og:image:width\" content=\"800\" \/>\n\t<meta property=\"og:image:height\" content=\"643\" \/>\n\t<meta property=\"og:image:type\" content=\"image\/jpeg\" \/>\n<meta name=\"twitter:card\" content=\"summary_large_image\" \/>\n<meta name=\"twitter:label1\" content=\"Estimeret l\u00e6setid\" \/>\n\t<meta name=\"twitter:data1\" content=\"1 minut\" \/>\n<script type=\"application\/ld+json\" class=\"yoast-schema-graph\">{\"@context\":\"https:\/\/schema.org\",\"@graph\":[{\"@type\":\"WebPage\",\"@id\":\"https:\/\/last-chance.dk\/?product=pude-geneva-hvid-16x43x70cm\",\"url\":\"https:\/\/last-chance.dk\/?product=pude-geneva-hvid-16x43x70cm\",\"name\":\"Pude Geneva hvid 16x43x70cm - LASTCHANCE Deals | Danmark\",\"isPartOf\":{\"@id\":\"https:\/\/last-chance.dk\/#website\"},\"primaryImageOfPage\":{\"@id\":\"https:\/\/last-chance.dk\/?product=pude-geneva-hvid-16x43x70cm#primaryimage\"},\"image\":{\"@id\":\"https:\/\/last-chance.dk\/?product=pude-geneva-hvid-16x43x70cm#primaryimage\"},\"thumbnailUrl\":\"https:\/\/last-chance.dk\/wp-content\/uploads\/2023\/11\/geneva1.jpg\",\"datePublished\":\"2023-11-06T14:51:24+00:00\",\"dateModified\":\"2025-09-19T18:12:59+00:00\",\"breadcrumb\":{\"@id\":\"https:\/\/last-chance.dk\/?product=pude-geneva-hvid-16x43x70cm#breadcrumb\"},\"inLanguage\":\"da-DK\",\"potentialAction\":[{\"@type\":\"ReadAction\",\"target\":[\"https:\/\/last-chance.dk\/?product=pude-geneva-hvid-16x43x70cm\"]}]},{\"@type\":\"ImageObject\",\"inLanguage\":\"da-DK\",\"@id\":\"https:\/\/last-chance.dk\/?product=pude-geneva-hvid-16x43x70cm#primaryimage\",\"url\":\"https:\/\/last-chance.dk\/wp-content\/uploads\/2023\/11\/geneva1.jpg\",\"contentUrl\":\"https:\/\/last-chance.dk\/wp-content\/uploads\/2023\/11\/geneva1.jpg\",\"width\":800,\"height\":643},{\"@type\":\"BreadcrumbList\",\"@id\":\"https:\/\/last-chance.dk\/?product=pude-geneva-hvid-16x43x70cm#breadcrumb\",\"itemListElement\":[{\"@type\":\"ListItem\",\"position\":1,\"name\":\"Home\",\"item\":\"https:\/\/last-chance.dk\/\"},{\"@type\":\"ListItem\",\"position\":2,\"name\":\"Pude Geneva hvid 16x43x70cm\"}]},{\"@type\":\"WebSite\",\"@id\":\"https:\/\/last-chance.dk\/#website\",\"url\":\"https:\/\/last-chance.dk\/\",\"name\":\"LASTCHANCE Deals | Danmark\",\"description\":\"LASTCHANCE Deals | Danmark\",\"publisher\":{\"@id\":\"https:\/\/last-chance.dk\/#organization\"},\"potentialAction\":[{\"@type\":\"SearchAction\",\"target\":{\"@type\":\"EntryPoint\",\"urlTemplate\":\"https:\/\/last-chance.dk\/?s={search_term_string}\"},\"query-input\":{\"@type\":\"PropertyValueSpecification\",\"valueRequired\":true,\"valueName\":\"search_term_string\"}}],\"inLanguage\":\"da-DK\"},{\"@type\":\"Organization\",\"@id\":\"https:\/\/last-chance.dk\/#organization\",\"name\":\"LASTCHANCE Deals | Danmark\",\"url\":\"https:\/\/last-chance.dk\/\",\"logo\":{\"@type\":\"ImageObject\",\"inLanguage\":\"da-DK\",\"@id\":\"https:\/\/last-chance.dk\/#\/schema\/logo\/image\/\",\"url\":\"https:\/\/last-chance.dk\/wp-content\/uploads\/2023\/10\/lastchancedeals_logo_dk_white.png\",\"contentUrl\":\"https:\/\/last-chance.dk\/wp-content\/uploads\/2023\/10\/lastchancedeals_logo_dk_white.png\",\"width\":470,\"height\":110,\"caption\":\"LASTCHANCE Deals | Danmark\"},\"image\":{\"@id\":\"https:\/\/last-chance.dk\/#\/schema\/logo\/image\/\"}}]}<\/script>\n<!-- \/ Yoast SEO plugin. -->","yoast_head_json":{"title":"Pude Geneva hvid 16x43x70cm - LASTCHANCE Deals | Danmark","robots":{"index":"index","follow":"follow","max-snippet":"max-snippet:-1","max-image-preview":"max-image-preview:large","max-video-preview":"max-video-preview:-1"},"canonical":"https:\/\/last-chance.dk\/?product=pude-geneva-hvid-16x43x70cm","og_locale":"da_DK","og_type":"article","og_title":"Pude Geneva hvid 16x43x70cm - LASTCHANCE Deals | Danmark","og_description":"Vores Pude Geneva fra ForrestDecor udstr\u00e5ler h\u00f8j kvalitet og komfort. Puden er lavet af fjer, hvilket g\u00f8r den ekstra bl\u00f8d og komfortabel. Den har en hvid farve som er elegant og forfriskende. Puden har en st\u00f8rrelse p\u00e5 16x43x70cm, hvilket g\u00f8r den nem at placere i hjemmet uden at optage for meget plads. Med en Pude [&hellip;]","og_url":"https:\/\/last-chance.dk\/?product=pude-geneva-hvid-16x43x70cm","og_site_name":"LASTCHANCE Deals | Danmark","article_modified_time":"2025-09-19T18:12:59+00:00","og_image":[{"width":800,"height":643,"url":"https:\/\/last-chance.dk\/wp-content\/uploads\/2023\/11\/geneva1.jpg","type":"image\/jpeg"}],"twitter_card":"summary_large_image","twitter_misc":{"Estimeret l\u00e6setid":"1 minut"},"schema":{"@context":"https:\/\/schema.org","@graph":[{"@type":"WebPage","@id":"https:\/\/last-chance.dk\/?product=pude-geneva-hvid-16x43x70cm","url":"https:\/\/last-chance.dk\/?product=pude-geneva-hvid-16x43x70cm","name":"Pude Geneva hvid 16x43x70cm - LASTCHANCE Deals | Danmark","isPartOf":{"@id":"https:\/\/last-chance.dk\/#website"},"primaryImageOfPage":{"@id":"https:\/\/last-chance.dk\/?product=pude-geneva-hvid-16x43x70cm#primaryimage"},"image":{"@id":"https:\/\/last-chance.dk\/?product=pude-geneva-hvid-16x43x70cm#primaryimage"},"thumbnailUrl":"https:\/\/last-chance.dk\/wp-content\/uploads\/2023\/11\/geneva1.jpg","datePublished":"2023-11-06T14:51:24+00:00","dateModified":"2025-09-19T18:12:59+00:00","breadcrumb":{"@id":"https:\/\/last-chance.dk\/?product=pude-geneva-hvid-16x43x70cm#breadcrumb"},"inLanguage":"da-DK","potentialAction":[{"@type":"ReadAction","target":["https:\/\/last-chance.dk\/?product=pude-geneva-hvid-16x43x70cm"]}]},{"@type":"ImageObject","inLanguage":"da-DK","@id":"https:\/\/last-chance.dk\/?product=pude-geneva-hvid-16x43x70cm#primaryimage","url":"https:\/\/last-chance.dk\/wp-content\/uploads\/2023\/11\/geneva1.jpg","contentUrl":"https:\/\/last-chance.dk\/wp-content\/uploads\/2023\/11\/geneva1.jpg","width":800,"height":643},{"@type":"BreadcrumbList","@id":"https:\/\/last-chance.dk\/?product=pude-geneva-hvid-16x43x70cm#breadcrumb","itemListElement":[{"@type":"ListItem","position":1,"name":"Home","item":"https:\/\/last-chance.dk\/"},{"@type":"ListItem","position":2,"name":"Pude Geneva hvid 16x43x70cm"}]},{"@type":"WebSite","@id":"https:\/\/last-chance.dk\/#website","url":"https:\/\/last-chance.dk\/","name":"LASTCHANCE Deals | Danmark","description":"LASTCHANCE Deals | Danmark","publisher":{"@id":"https:\/\/last-chance.dk\/#organization"},"potentialAction":[{"@type":"SearchAction","target":{"@type":"EntryPoint","urlTemplate":"https:\/\/last-chance.dk\/?s={search_term_string}"},"query-input":{"@type":"PropertyValueSpecification","valueRequired":true,"valueName":"search_term_string"}}],"inLanguage":"da-DK"},{"@type":"Organization","@id":"https:\/\/last-chance.dk\/#organization","name":"LASTCHANCE Deals | Danmark","url":"https:\/\/last-chance.dk\/","logo":{"@type":"ImageObject","inLanguage":"da-DK","@id":"https:\/\/last-chance.dk\/#\/schema\/logo\/image\/","url":"https:\/\/last-chance.dk\/wp-content\/uploads\/2023\/10\/lastchancedeals_logo_dk_white.png","contentUrl":"https:\/\/last-chance.dk\/wp-content\/uploads\/2023\/10\/lastchancedeals_logo_dk_white.png","width":470,"height":110,"caption":"LASTCHANCE Deals | Danmark"},"image":{"@id":"https:\/\/last-chance.dk\/#\/schema\/logo\/image\/"}}]}},"_links":{"self":[{"href":"https:\/\/last-chance.dk\/index.php?rest_route=\/wp\/v2\/product\/8887","targetHints":{"allow":["GET"]}}],"collection":[{"href":"https:\/\/last-chance.dk\/index.php?rest_route=\/wp\/v2\/product"}],"about":[{"href":"https:\/\/last-chance.dk\/index.php?rest_route=\/wp\/v2\/types\/product"}],"replies":[{"embeddable":true,"href":"https:\/\/last-chance.dk\/index.php?rest_route=%2Fwp%2Fv2%2Fcomments&post=8887"}],"wp:featuredmedia":[{"embeddable":true,"href":"https:\/\/last-chance.dk\/index.php?rest_route=\/wp\/v2\/media\/8885"}],"wp:attachment":[{"href":"https:\/\/last-chance.dk\/index.php?rest_route=%2Fwp%2Fv2%2Fmedia&parent=8887"}],"wp:term":[{"taxonomy":"product_brand","embeddable":true,"href":"https:\/\/last-chance.dk\/index.php?rest_route=%2Fwp%2Fv2%2Fproduct_brand&post=8887"},{"taxonomy":"product_cat","embeddable":true,"href":"https:\/\/last-chance.dk\/index.php?rest_route=%2Fwp%2Fv2%2Fproduct_cat&post=8887"},{"taxonomy":"product_tag","embeddable":true,"href":"https:\/\/last-chance.dk\/index.php?rest_route=%2Fwp%2Fv2%2Fproduct_tag&post=8887"}],"curies":[{"name":"wp","href":"https:\/\/api.w.org\/{rel}","templated":true}]}}