{"id":8935,"date":"2023-11-06T14:54:09","date_gmt":"2023-11-06T14:54:09","guid":{"rendered":"https:\/\/www.lastchance.deals\/dk\/tuote\/hjoernesofa-ferrara-mini-aegte-laeder-i-kontaktomraader\/"},"modified":"2025-09-19T17:50:12","modified_gmt":"2025-09-19T17:50:12","slug":"hjoernesofa-ferrara-mini-aegte-laeder-i-kontaktomraader","status":"publish","type":"product","link":"https:\/\/last-chance.dk\/?product=hjoernesofa-ferrara-mini-aegte-laeder-i-kontaktomraader","title":{"rendered":"Hj\u00f8rnesofa Ferrara Mini \u00e6gte l\u00e6der i kontaktomr\u00e5der"},"content":{"rendered":"<p>Hvis du leder efter en moderne og komfortabel hj\u00f8rnesofa til din stue, s\u00e5 er Ferrara Mini det perfekte valg for dig. Denne sofa er lavet af \u00e6gte l\u00e6der i kontaktomr\u00e5der, hvilket giver den en luksuri\u00f8s og bl\u00f8d f\u00f8lelse. Rammemateriale er solidt tr\u00e6 og mdf, som sikrer en stabil og holdbar konstruktion. Affjedringen er zigzag og metal, som giver en god st\u00f8tte og komfort til din krop.<\/p>\n<p><\/p>\n<p>Ferrara Mini har et elegant design med rene linjer og en flot farve. Den har en rummelig chaiselong-del, hvor du kan slappe af og str\u00e6kke benene. Sofaen leveres samlet, s\u00e5 du beh\u00f8ver ikke at bekymre dig om montering. Den er ogs\u00e5 h\u00e5ndlavet i EU af fabrikanten LuxCasa, som har over 20 \u00e5rs erfaring i at producere kvalitetsm\u00f8bler.<\/p>\n<p><\/p>\n<p>Med Ferrara Mini f\u00e5r du en hj\u00f8rnesofa, som vil pynte i enhver stue. Den har en 24 m\u00e5neders rammegaranti, s\u00e5 du kan v\u00e6re sikker p\u00e5 at den holder i lang tid. Bestil din Ferrara Mini hj\u00f8rnesofa i dag og gl\u00e6d dig til at nyde den i dit hjem.<\/p>\n<p><\/p>\n<p>Leveringstid: Leveringstid 1 uge<br \/>\nStil: moderne<br \/>\nMateriale: \u00e6gte l\u00e6der i kontaktomr\u00e5der<br \/>\nRammemateriale: solidt tr\u00e6,mdf<br \/>\nAffjedring: zigzag, metal<br \/>\nUdvendige dimensioner: 298x189x78cm<br \/>\nMontage: leveres samlet<br \/>\nGaranti: 24 m\u00e5neders rammegaranti<br \/>\nFremstillet: i EU h\u00e5ndlavet<br \/>\nFabrikant: LuxCasa<\/p>\n","protected":false},"excerpt":{"rendered":"<p>Hvis du leder efter en moderne og komfortabel hj\u00f8rnesofa til din stue, s\u00e5 er Ferrara Mini det perfekte valg for dig. Denne sofa er lavet af \u00e6gte l\u00e6der i kontaktomr\u00e5der, hvilket giver den en luksuri\u00f8s og bl\u00f8d f\u00f8lelse. Rammemateriale er solidt tr\u00e6 og mdf, som sikrer en stabil og holdbar konstruktion. Affjedringen er zigzag og [&hellip;]<\/p>\n","protected":false},"featured_media":8928,"comment_status":"open","ping_status":"closed","template":"","meta":[],"product_brand":[],"product_cat":[174],"product_tag":[],"class_list":{"0":"post-8935","1":"product","2":"type-product","3":"status-publish","4":"has-post-thumbnail","6":"product_cat-corner-sofas","8":"first","9":"instock","10":"shipping-taxable","11":"purchasable","12":"product-type-simple"},"yoast_head":"<!-- This site is optimized with the Yoast SEO plugin v24.8.1 - https:\/\/yoast.com\/wordpress\/plugins\/seo\/ -->\n<title>Hj\u00f8rnesofa Ferrara Mini \u00e6gte l\u00e6der i kontaktomr\u00e5der - LASTCHANCE Deals | Danmark<\/title>\n<meta name=\"robots\" content=\"index, follow, max-snippet:-1, max-image-preview:large, max-video-preview:-1\" \/>\n<link rel=\"canonical\" href=\"https:\/\/last-chance.dk\/?product=hjoernesofa-ferrara-mini-aegte-laeder-i-kontaktomraader\" \/>\n<meta property=\"og:locale\" content=\"da_DK\" \/>\n<meta property=\"og:type\" content=\"article\" \/>\n<meta property=\"og:title\" content=\"Hj\u00f8rnesofa Ferrara Mini \u00e6gte l\u00e6der i kontaktomr\u00e5der - LASTCHANCE Deals | Danmark\" \/>\n<meta property=\"og:description\" content=\"Hvis du leder efter en moderne og komfortabel hj\u00f8rnesofa til din stue, s\u00e5 er Ferrara Mini det perfekte valg for dig. Denne sofa er lavet af \u00e6gte l\u00e6der i kontaktomr\u00e5der, hvilket giver den en luksuri\u00f8s og bl\u00f8d f\u00f8lelse. Rammemateriale er solidt tr\u00e6 og mdf, som sikrer en stabil og holdbar konstruktion. Affjedringen er zigzag og [&hellip;]\" \/>\n<meta property=\"og:url\" content=\"https:\/\/last-chance.dk\/?product=hjoernesofa-ferrara-mini-aegte-laeder-i-kontaktomraader\" \/>\n<meta property=\"og:site_name\" content=\"LASTCHANCE Deals | Danmark\" \/>\n<meta property=\"article:modified_time\" content=\"2025-09-19T17:50:12+00:00\" \/>\n<meta property=\"og:image\" content=\"https:\/\/last-chance.dk\/wp-content\/uploads\/2023\/11\/ferrara_mini_white_left1_1_1.jpg\" \/>\n\t<meta property=\"og:image:width\" content=\"900\" \/>\n\t<meta property=\"og:image:height\" content=\"610\" \/>\n\t<meta property=\"og:image:type\" content=\"image\/jpeg\" \/>\n<meta name=\"twitter:card\" content=\"summary_large_image\" \/>\n<meta name=\"twitter:label1\" content=\"Estimeret l\u00e6setid\" \/>\n\t<meta name=\"twitter:data1\" content=\"1 minut\" \/>\n<script type=\"application\/ld+json\" class=\"yoast-schema-graph\">{\"@context\":\"https:\/\/schema.org\",\"@graph\":[{\"@type\":\"WebPage\",\"@id\":\"https:\/\/last-chance.dk\/?product=hjoernesofa-ferrara-mini-aegte-laeder-i-kontaktomraader\",\"url\":\"https:\/\/last-chance.dk\/?product=hjoernesofa-ferrara-mini-aegte-laeder-i-kontaktomraader\",\"name\":\"Hj\u00f8rnesofa Ferrara Mini \u00e6gte l\u00e6der i kontaktomr\u00e5der - LASTCHANCE Deals | Danmark\",\"isPartOf\":{\"@id\":\"https:\/\/last-chance.dk\/#website\"},\"primaryImageOfPage\":{\"@id\":\"https:\/\/last-chance.dk\/?product=hjoernesofa-ferrara-mini-aegte-laeder-i-kontaktomraader#primaryimage\"},\"image\":{\"@id\":\"https:\/\/last-chance.dk\/?product=hjoernesofa-ferrara-mini-aegte-laeder-i-kontaktomraader#primaryimage\"},\"thumbnailUrl\":\"https:\/\/last-chance.dk\/wp-content\/uploads\/2023\/11\/ferrara_mini_white_left1_1_1.jpg\",\"datePublished\":\"2023-11-06T14:54:09+00:00\",\"dateModified\":\"2025-09-19T17:50:12+00:00\",\"breadcrumb\":{\"@id\":\"https:\/\/last-chance.dk\/?product=hjoernesofa-ferrara-mini-aegte-laeder-i-kontaktomraader#breadcrumb\"},\"inLanguage\":\"da-DK\",\"potentialAction\":[{\"@type\":\"ReadAction\",\"target\":[\"https:\/\/last-chance.dk\/?product=hjoernesofa-ferrara-mini-aegte-laeder-i-kontaktomraader\"]}]},{\"@type\":\"ImageObject\",\"inLanguage\":\"da-DK\",\"@id\":\"https:\/\/last-chance.dk\/?product=hjoernesofa-ferrara-mini-aegte-laeder-i-kontaktomraader#primaryimage\",\"url\":\"https:\/\/last-chance.dk\/wp-content\/uploads\/2023\/11\/ferrara_mini_white_left1_1_1.jpg\",\"contentUrl\":\"https:\/\/last-chance.dk\/wp-content\/uploads\/2023\/11\/ferrara_mini_white_left1_1_1.jpg\",\"width\":900,\"height\":610},{\"@type\":\"BreadcrumbList\",\"@id\":\"https:\/\/last-chance.dk\/?product=hjoernesofa-ferrara-mini-aegte-laeder-i-kontaktomraader#breadcrumb\",\"itemListElement\":[{\"@type\":\"ListItem\",\"position\":1,\"name\":\"Home\",\"item\":\"https:\/\/last-chance.dk\/\"},{\"@type\":\"ListItem\",\"position\":2,\"name\":\"Hj\u00f8rnesofa Ferrara Mini \u00e6gte l\u00e6der i kontaktomr\u00e5der\"}]},{\"@type\":\"WebSite\",\"@id\":\"https:\/\/last-chance.dk\/#website\",\"url\":\"https:\/\/last-chance.dk\/\",\"name\":\"LASTCHANCE Deals | Danmark\",\"description\":\"LASTCHANCE Deals | Danmark\",\"publisher\":{\"@id\":\"https:\/\/last-chance.dk\/#organization\"},\"potentialAction\":[{\"@type\":\"SearchAction\",\"target\":{\"@type\":\"EntryPoint\",\"urlTemplate\":\"https:\/\/last-chance.dk\/?s={search_term_string}\"},\"query-input\":{\"@type\":\"PropertyValueSpecification\",\"valueRequired\":true,\"valueName\":\"search_term_string\"}}],\"inLanguage\":\"da-DK\"},{\"@type\":\"Organization\",\"@id\":\"https:\/\/last-chance.dk\/#organization\",\"name\":\"LASTCHANCE Deals | Danmark\",\"url\":\"https:\/\/last-chance.dk\/\",\"logo\":{\"@type\":\"ImageObject\",\"inLanguage\":\"da-DK\",\"@id\":\"https:\/\/last-chance.dk\/#\/schema\/logo\/image\/\",\"url\":\"https:\/\/last-chance.dk\/wp-content\/uploads\/2023\/10\/lastchancedeals_logo_dk_white.png\",\"contentUrl\":\"https:\/\/last-chance.dk\/wp-content\/uploads\/2023\/10\/lastchancedeals_logo_dk_white.png\",\"width\":470,\"height\":110,\"caption\":\"LASTCHANCE Deals | Danmark\"},\"image\":{\"@id\":\"https:\/\/last-chance.dk\/#\/schema\/logo\/image\/\"}}]}<\/script>\n<!-- \/ Yoast SEO plugin. -->","yoast_head_json":{"title":"Hj\u00f8rnesofa Ferrara Mini \u00e6gte l\u00e6der i kontaktomr\u00e5der - LASTCHANCE Deals | Danmark","robots":{"index":"index","follow":"follow","max-snippet":"max-snippet:-1","max-image-preview":"max-image-preview:large","max-video-preview":"max-video-preview:-1"},"canonical":"https:\/\/last-chance.dk\/?product=hjoernesofa-ferrara-mini-aegte-laeder-i-kontaktomraader","og_locale":"da_DK","og_type":"article","og_title":"Hj\u00f8rnesofa Ferrara Mini \u00e6gte l\u00e6der i kontaktomr\u00e5der - LASTCHANCE Deals | Danmark","og_description":"Hvis du leder efter en moderne og komfortabel hj\u00f8rnesofa til din stue, s\u00e5 er Ferrara Mini det perfekte valg for dig. Denne sofa er lavet af \u00e6gte l\u00e6der i kontaktomr\u00e5der, hvilket giver den en luksuri\u00f8s og bl\u00f8d f\u00f8lelse. Rammemateriale er solidt tr\u00e6 og mdf, som sikrer en stabil og holdbar konstruktion. Affjedringen er zigzag og [&hellip;]","og_url":"https:\/\/last-chance.dk\/?product=hjoernesofa-ferrara-mini-aegte-laeder-i-kontaktomraader","og_site_name":"LASTCHANCE Deals | Danmark","article_modified_time":"2025-09-19T17:50:12+00:00","og_image":[{"width":900,"height":610,"url":"https:\/\/last-chance.dk\/wp-content\/uploads\/2023\/11\/ferrara_mini_white_left1_1_1.jpg","type":"image\/jpeg"}],"twitter_card":"summary_large_image","twitter_misc":{"Estimeret l\u00e6setid":"1 minut"},"schema":{"@context":"https:\/\/schema.org","@graph":[{"@type":"WebPage","@id":"https:\/\/last-chance.dk\/?product=hjoernesofa-ferrara-mini-aegte-laeder-i-kontaktomraader","url":"https:\/\/last-chance.dk\/?product=hjoernesofa-ferrara-mini-aegte-laeder-i-kontaktomraader","name":"Hj\u00f8rnesofa Ferrara Mini \u00e6gte l\u00e6der i kontaktomr\u00e5der - LASTCHANCE Deals | Danmark","isPartOf":{"@id":"https:\/\/last-chance.dk\/#website"},"primaryImageOfPage":{"@id":"https:\/\/last-chance.dk\/?product=hjoernesofa-ferrara-mini-aegte-laeder-i-kontaktomraader#primaryimage"},"image":{"@id":"https:\/\/last-chance.dk\/?product=hjoernesofa-ferrara-mini-aegte-laeder-i-kontaktomraader#primaryimage"},"thumbnailUrl":"https:\/\/last-chance.dk\/wp-content\/uploads\/2023\/11\/ferrara_mini_white_left1_1_1.jpg","datePublished":"2023-11-06T14:54:09+00:00","dateModified":"2025-09-19T17:50:12+00:00","breadcrumb":{"@id":"https:\/\/last-chance.dk\/?product=hjoernesofa-ferrara-mini-aegte-laeder-i-kontaktomraader#breadcrumb"},"inLanguage":"da-DK","potentialAction":[{"@type":"ReadAction","target":["https:\/\/last-chance.dk\/?product=hjoernesofa-ferrara-mini-aegte-laeder-i-kontaktomraader"]}]},{"@type":"ImageObject","inLanguage":"da-DK","@id":"https:\/\/last-chance.dk\/?product=hjoernesofa-ferrara-mini-aegte-laeder-i-kontaktomraader#primaryimage","url":"https:\/\/last-chance.dk\/wp-content\/uploads\/2023\/11\/ferrara_mini_white_left1_1_1.jpg","contentUrl":"https:\/\/last-chance.dk\/wp-content\/uploads\/2023\/11\/ferrara_mini_white_left1_1_1.jpg","width":900,"height":610},{"@type":"BreadcrumbList","@id":"https:\/\/last-chance.dk\/?product=hjoernesofa-ferrara-mini-aegte-laeder-i-kontaktomraader#breadcrumb","itemListElement":[{"@type":"ListItem","position":1,"name":"Home","item":"https:\/\/last-chance.dk\/"},{"@type":"ListItem","position":2,"name":"Hj\u00f8rnesofa Ferrara Mini \u00e6gte l\u00e6der i kontaktomr\u00e5der"}]},{"@type":"WebSite","@id":"https:\/\/last-chance.dk\/#website","url":"https:\/\/last-chance.dk\/","name":"LASTCHANCE Deals | Danmark","description":"LASTCHANCE Deals | Danmark","publisher":{"@id":"https:\/\/last-chance.dk\/#organization"},"potentialAction":[{"@type":"SearchAction","target":{"@type":"EntryPoint","urlTemplate":"https:\/\/last-chance.dk\/?s={search_term_string}"},"query-input":{"@type":"PropertyValueSpecification","valueRequired":true,"valueName":"search_term_string"}}],"inLanguage":"da-DK"},{"@type":"Organization","@id":"https:\/\/last-chance.dk\/#organization","name":"LASTCHANCE Deals | Danmark","url":"https:\/\/last-chance.dk\/","logo":{"@type":"ImageObject","inLanguage":"da-DK","@id":"https:\/\/last-chance.dk\/#\/schema\/logo\/image\/","url":"https:\/\/last-chance.dk\/wp-content\/uploads\/2023\/10\/lastchancedeals_logo_dk_white.png","contentUrl":"https:\/\/last-chance.dk\/wp-content\/uploads\/2023\/10\/lastchancedeals_logo_dk_white.png","width":470,"height":110,"caption":"LASTCHANCE Deals | Danmark"},"image":{"@id":"https:\/\/last-chance.dk\/#\/schema\/logo\/image\/"}}]}},"_links":{"self":[{"href":"https:\/\/last-chance.dk\/index.php?rest_route=\/wp\/v2\/product\/8935","targetHints":{"allow":["GET"]}}],"collection":[{"href":"https:\/\/last-chance.dk\/index.php?rest_route=\/wp\/v2\/product"}],"about":[{"href":"https:\/\/last-chance.dk\/index.php?rest_route=\/wp\/v2\/types\/product"}],"replies":[{"embeddable":true,"href":"https:\/\/last-chance.dk\/index.php?rest_route=%2Fwp%2Fv2%2Fcomments&post=8935"}],"wp:featuredmedia":[{"embeddable":true,"href":"https:\/\/last-chance.dk\/index.php?rest_route=\/wp\/v2\/media\/8928"}],"wp:attachment":[{"href":"https:\/\/last-chance.dk\/index.php?rest_route=%2Fwp%2Fv2%2Fmedia&parent=8935"}],"wp:term":[{"taxonomy":"product_brand","embeddable":true,"href":"https:\/\/last-chance.dk\/index.php?rest_route=%2Fwp%2Fv2%2Fproduct_brand&post=8935"},{"taxonomy":"product_cat","embeddable":true,"href":"https:\/\/last-chance.dk\/index.php?rest_route=%2Fwp%2Fv2%2Fproduct_cat&post=8935"},{"taxonomy":"product_tag","embeddable":true,"href":"https:\/\/last-chance.dk\/index.php?rest_route=%2Fwp%2Fv2%2Fproduct_tag&post=8935"}],"curies":[{"name":"wp","href":"https:\/\/api.w.org\/{rel}","templated":true}]}}