{"id":8942,"date":"2023-11-06T14:54:37","date_gmt":"2023-11-06T14:54:37","guid":{"rendered":"https:\/\/www.lastchance.deals\/dk\/tuote\/hundes-seng-foxi-stof\/"},"modified":"2025-09-19T17:52:50","modified_gmt":"2025-09-19T17:52:50","slug":"hundes-seng-foxi-stof","status":"publish","type":"product","link":"https:\/\/last-chance.dk\/?product=hundes-seng-foxi-stof","title":{"rendered":"Hundes seng Foxi stof"},"content":{"rendered":"<p>Er du p\u00e5 udkig efter en bl\u00f8d og hyggelig seng til din firbenede ven? S\u00e5 er hundesengen Foxi det perfekte valg for dig og din hund. Foxi er en komfortabel og stilfuld seng lavet af stof i h\u00f8j kvalitet. Den har en tyk og bl\u00f8d pude, der giver din hund den optimale st\u00f8tte og hvile. Sengen har ogs\u00e5 et flot design, der passer til enhver indretning. Sengen er nem at reng\u00f8re, da b\u00e5de betr\u00e6k og pude kan vaskes i maskine.<\/p>\n<p><\/p>\n<p>Hundesengen Foxi er produceret af ElmaPram, en europ\u00e6isk virksomhed, der har specialiseret sig i at lave kvalitetsprodukter til k\u00e6ledyr. Sengen er lavet i EU med omhu for milj\u00f8et og dyrevelf\u00e6rd. Sengen har en praktisk st\u00f8rrelse p\u00e5 68x56x15cm, der passer til de fleste sm\u00e5 og mellemstore hunde. Sengen f\u00e5s i forskellige farver, s\u00e5 du kan v\u00e6lge den, der passer bedst til din hunds personlighed.<\/p>\n<p><\/p>\n<p>G\u00f8r din hund glad og fork\u00e6l den med en ny og l\u00e6kker seng. Bestil hundesengen Foxi i dag og gl\u00e6d dig til at se din hund nyde sin nye soveplads.<\/p>\n<p><\/p>\n<p>Leveringstid: Leveringstid 1-2 uger<br \/>\nMateriale: stof<br \/>\nFarve: ikke angivet<br \/>\nDimensioner: 68x56x15cm<br \/>\nFabrikant: ElmaPram<br \/>\nFremstillet: i EU<\/p>\n","protected":false},"excerpt":{"rendered":"<p>Er du p\u00e5 udkig efter en bl\u00f8d og hyggelig seng til din firbenede ven? S\u00e5 er hundesengen Foxi det perfekte valg for dig og din hund. Foxi er en komfortabel og stilfuld seng lavet af stof i h\u00f8j kvalitet. Den har en tyk og bl\u00f8d pude, der giver din hund den optimale st\u00f8tte og hvile. [&hellip;]<\/p>\n","protected":false},"featured_media":8939,"comment_status":"open","ping_status":"closed","template":"","meta":[],"product_brand":[],"product_cat":[159],"product_tag":[],"class_list":{"0":"post-8942","1":"product","2":"type-product","3":"status-publish","4":"has-post-thumbnail","6":"product_cat-dog-beds","8":"first","9":"instock","10":"shipping-taxable","11":"purchasable","12":"product-type-simple"},"yoast_head":"<!-- This site is optimized with the Yoast SEO plugin v24.8.1 - https:\/\/yoast.com\/wordpress\/plugins\/seo\/ -->\n<title>Hundes seng Foxi stof - LASTCHANCE Deals | Danmark<\/title>\n<meta name=\"robots\" content=\"index, follow, max-snippet:-1, max-image-preview:large, max-video-preview:-1\" \/>\n<link rel=\"canonical\" href=\"https:\/\/last-chance.dk\/?product=hundes-seng-foxi-stof\" \/>\n<meta property=\"og:locale\" content=\"da_DK\" \/>\n<meta property=\"og:type\" content=\"article\" \/>\n<meta property=\"og:title\" content=\"Hundes seng Foxi stof - LASTCHANCE Deals | Danmark\" \/>\n<meta property=\"og:description\" content=\"Er du p\u00e5 udkig efter en bl\u00f8d og hyggelig seng til din firbenede ven? S\u00e5 er hundesengen Foxi det perfekte valg for dig og din hund. Foxi er en komfortabel og stilfuld seng lavet af stof i h\u00f8j kvalitet. Den har en tyk og bl\u00f8d pude, der giver din hund den optimale st\u00f8tte og hvile. [&hellip;]\" \/>\n<meta property=\"og:url\" content=\"https:\/\/last-chance.dk\/?product=hundes-seng-foxi-stof\" \/>\n<meta property=\"og:site_name\" content=\"LASTCHANCE Deals | Danmark\" \/>\n<meta property=\"article:modified_time\" content=\"2025-09-19T17:52:50+00:00\" \/>\n<meta property=\"og:image\" content=\"https:\/\/last-chance.dk\/wp-content\/uploads\/2023\/11\/foxi1.jpg\" \/>\n\t<meta property=\"og:image:width\" content=\"1000\" \/>\n\t<meta property=\"og:image:height\" content=\"667\" \/>\n\t<meta property=\"og:image:type\" content=\"image\/jpeg\" \/>\n<meta name=\"twitter:card\" content=\"summary_large_image\" \/>\n<meta name=\"twitter:label1\" content=\"Estimeret l\u00e6setid\" \/>\n\t<meta name=\"twitter:data1\" content=\"1 minut\" \/>\n<script type=\"application\/ld+json\" class=\"yoast-schema-graph\">{\"@context\":\"https:\/\/schema.org\",\"@graph\":[{\"@type\":\"WebPage\",\"@id\":\"https:\/\/last-chance.dk\/?product=hundes-seng-foxi-stof\",\"url\":\"https:\/\/last-chance.dk\/?product=hundes-seng-foxi-stof\",\"name\":\"Hundes seng Foxi stof - LASTCHANCE Deals | Danmark\",\"isPartOf\":{\"@id\":\"https:\/\/last-chance.dk\/#website\"},\"primaryImageOfPage\":{\"@id\":\"https:\/\/last-chance.dk\/?product=hundes-seng-foxi-stof#primaryimage\"},\"image\":{\"@id\":\"https:\/\/last-chance.dk\/?product=hundes-seng-foxi-stof#primaryimage\"},\"thumbnailUrl\":\"https:\/\/last-chance.dk\/wp-content\/uploads\/2023\/11\/foxi1.jpg\",\"datePublished\":\"2023-11-06T14:54:37+00:00\",\"dateModified\":\"2025-09-19T17:52:50+00:00\",\"breadcrumb\":{\"@id\":\"https:\/\/last-chance.dk\/?product=hundes-seng-foxi-stof#breadcrumb\"},\"inLanguage\":\"da-DK\",\"potentialAction\":[{\"@type\":\"ReadAction\",\"target\":[\"https:\/\/last-chance.dk\/?product=hundes-seng-foxi-stof\"]}]},{\"@type\":\"ImageObject\",\"inLanguage\":\"da-DK\",\"@id\":\"https:\/\/last-chance.dk\/?product=hundes-seng-foxi-stof#primaryimage\",\"url\":\"https:\/\/last-chance.dk\/wp-content\/uploads\/2023\/11\/foxi1.jpg\",\"contentUrl\":\"https:\/\/last-chance.dk\/wp-content\/uploads\/2023\/11\/foxi1.jpg\",\"width\":1000,\"height\":667},{\"@type\":\"BreadcrumbList\",\"@id\":\"https:\/\/last-chance.dk\/?product=hundes-seng-foxi-stof#breadcrumb\",\"itemListElement\":[{\"@type\":\"ListItem\",\"position\":1,\"name\":\"Home\",\"item\":\"https:\/\/last-chance.dk\/\"},{\"@type\":\"ListItem\",\"position\":2,\"name\":\"Hundes seng Foxi stof\"}]},{\"@type\":\"WebSite\",\"@id\":\"https:\/\/last-chance.dk\/#website\",\"url\":\"https:\/\/last-chance.dk\/\",\"name\":\"LASTCHANCE Deals | Danmark\",\"description\":\"LASTCHANCE Deals | Danmark\",\"publisher\":{\"@id\":\"https:\/\/last-chance.dk\/#organization\"},\"potentialAction\":[{\"@type\":\"SearchAction\",\"target\":{\"@type\":\"EntryPoint\",\"urlTemplate\":\"https:\/\/last-chance.dk\/?s={search_term_string}\"},\"query-input\":{\"@type\":\"PropertyValueSpecification\",\"valueRequired\":true,\"valueName\":\"search_term_string\"}}],\"inLanguage\":\"da-DK\"},{\"@type\":\"Organization\",\"@id\":\"https:\/\/last-chance.dk\/#organization\",\"name\":\"LASTCHANCE Deals | Danmark\",\"url\":\"https:\/\/last-chance.dk\/\",\"logo\":{\"@type\":\"ImageObject\",\"inLanguage\":\"da-DK\",\"@id\":\"https:\/\/last-chance.dk\/#\/schema\/logo\/image\/\",\"url\":\"https:\/\/last-chance.dk\/wp-content\/uploads\/2023\/10\/lastchancedeals_logo_dk_white.png\",\"contentUrl\":\"https:\/\/last-chance.dk\/wp-content\/uploads\/2023\/10\/lastchancedeals_logo_dk_white.png\",\"width\":470,\"height\":110,\"caption\":\"LASTCHANCE Deals | Danmark\"},\"image\":{\"@id\":\"https:\/\/last-chance.dk\/#\/schema\/logo\/image\/\"}}]}<\/script>\n<!-- \/ Yoast SEO plugin. -->","yoast_head_json":{"title":"Hundes seng Foxi stof - LASTCHANCE Deals | Danmark","robots":{"index":"index","follow":"follow","max-snippet":"max-snippet:-1","max-image-preview":"max-image-preview:large","max-video-preview":"max-video-preview:-1"},"canonical":"https:\/\/last-chance.dk\/?product=hundes-seng-foxi-stof","og_locale":"da_DK","og_type":"article","og_title":"Hundes seng Foxi stof - LASTCHANCE Deals | Danmark","og_description":"Er du p\u00e5 udkig efter en bl\u00f8d og hyggelig seng til din firbenede ven? S\u00e5 er hundesengen Foxi det perfekte valg for dig og din hund. Foxi er en komfortabel og stilfuld seng lavet af stof i h\u00f8j kvalitet. Den har en tyk og bl\u00f8d pude, der giver din hund den optimale st\u00f8tte og hvile. [&hellip;]","og_url":"https:\/\/last-chance.dk\/?product=hundes-seng-foxi-stof","og_site_name":"LASTCHANCE Deals | Danmark","article_modified_time":"2025-09-19T17:52:50+00:00","og_image":[{"width":1000,"height":667,"url":"https:\/\/last-chance.dk\/wp-content\/uploads\/2023\/11\/foxi1.jpg","type":"image\/jpeg"}],"twitter_card":"summary_large_image","twitter_misc":{"Estimeret l\u00e6setid":"1 minut"},"schema":{"@context":"https:\/\/schema.org","@graph":[{"@type":"WebPage","@id":"https:\/\/last-chance.dk\/?product=hundes-seng-foxi-stof","url":"https:\/\/last-chance.dk\/?product=hundes-seng-foxi-stof","name":"Hundes seng Foxi stof - LASTCHANCE Deals | Danmark","isPartOf":{"@id":"https:\/\/last-chance.dk\/#website"},"primaryImageOfPage":{"@id":"https:\/\/last-chance.dk\/?product=hundes-seng-foxi-stof#primaryimage"},"image":{"@id":"https:\/\/last-chance.dk\/?product=hundes-seng-foxi-stof#primaryimage"},"thumbnailUrl":"https:\/\/last-chance.dk\/wp-content\/uploads\/2023\/11\/foxi1.jpg","datePublished":"2023-11-06T14:54:37+00:00","dateModified":"2025-09-19T17:52:50+00:00","breadcrumb":{"@id":"https:\/\/last-chance.dk\/?product=hundes-seng-foxi-stof#breadcrumb"},"inLanguage":"da-DK","potentialAction":[{"@type":"ReadAction","target":["https:\/\/last-chance.dk\/?product=hundes-seng-foxi-stof"]}]},{"@type":"ImageObject","inLanguage":"da-DK","@id":"https:\/\/last-chance.dk\/?product=hundes-seng-foxi-stof#primaryimage","url":"https:\/\/last-chance.dk\/wp-content\/uploads\/2023\/11\/foxi1.jpg","contentUrl":"https:\/\/last-chance.dk\/wp-content\/uploads\/2023\/11\/foxi1.jpg","width":1000,"height":667},{"@type":"BreadcrumbList","@id":"https:\/\/last-chance.dk\/?product=hundes-seng-foxi-stof#breadcrumb","itemListElement":[{"@type":"ListItem","position":1,"name":"Home","item":"https:\/\/last-chance.dk\/"},{"@type":"ListItem","position":2,"name":"Hundes seng Foxi stof"}]},{"@type":"WebSite","@id":"https:\/\/last-chance.dk\/#website","url":"https:\/\/last-chance.dk\/","name":"LASTCHANCE Deals | Danmark","description":"LASTCHANCE Deals | Danmark","publisher":{"@id":"https:\/\/last-chance.dk\/#organization"},"potentialAction":[{"@type":"SearchAction","target":{"@type":"EntryPoint","urlTemplate":"https:\/\/last-chance.dk\/?s={search_term_string}"},"query-input":{"@type":"PropertyValueSpecification","valueRequired":true,"valueName":"search_term_string"}}],"inLanguage":"da-DK"},{"@type":"Organization","@id":"https:\/\/last-chance.dk\/#organization","name":"LASTCHANCE Deals | Danmark","url":"https:\/\/last-chance.dk\/","logo":{"@type":"ImageObject","inLanguage":"da-DK","@id":"https:\/\/last-chance.dk\/#\/schema\/logo\/image\/","url":"https:\/\/last-chance.dk\/wp-content\/uploads\/2023\/10\/lastchancedeals_logo_dk_white.png","contentUrl":"https:\/\/last-chance.dk\/wp-content\/uploads\/2023\/10\/lastchancedeals_logo_dk_white.png","width":470,"height":110,"caption":"LASTCHANCE Deals | Danmark"},"image":{"@id":"https:\/\/last-chance.dk\/#\/schema\/logo\/image\/"}}]}},"_links":{"self":[{"href":"https:\/\/last-chance.dk\/index.php?rest_route=\/wp\/v2\/product\/8942","targetHints":{"allow":["GET"]}}],"collection":[{"href":"https:\/\/last-chance.dk\/index.php?rest_route=\/wp\/v2\/product"}],"about":[{"href":"https:\/\/last-chance.dk\/index.php?rest_route=\/wp\/v2\/types\/product"}],"replies":[{"embeddable":true,"href":"https:\/\/last-chance.dk\/index.php?rest_route=%2Fwp%2Fv2%2Fcomments&post=8942"}],"wp:featuredmedia":[{"embeddable":true,"href":"https:\/\/last-chance.dk\/index.php?rest_route=\/wp\/v2\/media\/8939"}],"wp:attachment":[{"href":"https:\/\/last-chance.dk\/index.php?rest_route=%2Fwp%2Fv2%2Fmedia&parent=8942"}],"wp:term":[{"taxonomy":"product_brand","embeddable":true,"href":"https:\/\/last-chance.dk\/index.php?rest_route=%2Fwp%2Fv2%2Fproduct_brand&post=8942"},{"taxonomy":"product_cat","embeddable":true,"href":"https:\/\/last-chance.dk\/index.php?rest_route=%2Fwp%2Fv2%2Fproduct_cat&post=8942"},{"taxonomy":"product_tag","embeddable":true,"href":"https:\/\/last-chance.dk\/index.php?rest_route=%2Fwp%2Fv2%2Fproduct_tag&post=8942"}],"curies":[{"name":"wp","href":"https:\/\/api.w.org\/{rel}","templated":true}]}}