{"id":8986,"date":"2023-11-06T14:57:29","date_gmt":"2023-11-06T14:57:29","guid":{"rendered":"https:\/\/www.lastchance.deals\/dk\/tuote\/sofabord-eleanor-sort-hvid\/"},"modified":"2025-09-19T18:33:44","modified_gmt":"2025-09-19T18:33:44","slug":"sofabord-eleanor-sort-hvid","status":"publish","type":"product","link":"https:\/\/last-chance.dk\/?product=sofabord-eleanor-sort-hvid","title":{"rendered":"Sofabord Eleanor sort-hvid"},"content":{"rendered":"<p><strong>Sofabord Eleanor<\/strong> er et moderne og elegant bord, der passer perfekt til din stue. Bordet har en flot sort-hvid farvekombination, der skaber en stilfuld kontrast. Bordpladen er lavet af glas, der giver et let og luftigt udtryk, mens benene er lavet af m\u00f8belplade, der sikrer stabilitet og holdbarhed. Bordet har en praktisk st\u00f8rrelse p\u00e5 38x60x120cm, s\u00e5 du har god plads til at stille dine ting p\u00e5 det. Bordet leveres usamlet, men du kan nemt samle det selv med den medf\u00f8lgende vejledning. N\u00e5r du k\u00f8ber bordet, f\u00e5r du 12 m\u00e5neders rammegaranti fra fabrikanten ForrestDecor, der er kendt for deres kvalitetsm\u00f8bler. Bestil dit sofabord Eleanor i dag og nyd det i mange \u00e5r fremover!<\/p>\n<p><\/p>\n<p>Leveringstid: Leveringstid 1 uge<br \/>\nStil: moderne<br \/>\nMateriale: glas,m\u00f8belplade<br \/>\nFarve: sort-hvid<br \/>\nUdvendige dimensioner: 38x60x120cm<br \/>\nMontage: skal samles<br \/>\nGaranti: 12 m\u00e5neders rammegaranti<br \/>\nFabrikant: ForrestDecor<\/p>\n","protected":false},"excerpt":{"rendered":"<p>Sofabord Eleanor er et moderne og elegant bord, der passer perfekt til din stue. Bordet har en flot sort-hvid farvekombination, der skaber en stilfuld kontrast. Bordpladen er lavet af glas, der giver et let og luftigt udtryk, mens benene er lavet af m\u00f8belplade, der sikrer stabilitet og holdbarhed. Bordet har en praktisk st\u00f8rrelse p\u00e5 38x60x120cm, [&hellip;]<\/p>\n","protected":false},"featured_media":8984,"comment_status":"open","ping_status":"closed","template":"","meta":[],"product_brand":[],"product_cat":[131],"product_tag":[],"class_list":{"0":"post-8986","1":"product","2":"type-product","3":"status-publish","4":"has-post-thumbnail","6":"product_cat-coffee-tables","8":"first","9":"instock","10":"shipping-taxable","11":"purchasable","12":"product-type-simple"},"yoast_head":"<!-- This site is optimized with the Yoast SEO plugin v24.8.1 - https:\/\/yoast.com\/wordpress\/plugins\/seo\/ -->\n<title>Sofabord Eleanor sort-hvid - LASTCHANCE Deals | Danmark<\/title>\n<meta name=\"robots\" content=\"index, follow, max-snippet:-1, max-image-preview:large, max-video-preview:-1\" \/>\n<link rel=\"canonical\" href=\"https:\/\/last-chance.dk\/?product=sofabord-eleanor-sort-hvid\" \/>\n<meta property=\"og:locale\" content=\"da_DK\" \/>\n<meta property=\"og:type\" content=\"article\" \/>\n<meta property=\"og:title\" content=\"Sofabord Eleanor sort-hvid - LASTCHANCE Deals | Danmark\" \/>\n<meta property=\"og:description\" content=\"Sofabord Eleanor er et moderne og elegant bord, der passer perfekt til din stue. Bordet har en flot sort-hvid farvekombination, der skaber en stilfuld kontrast. Bordpladen er lavet af glas, der giver et let og luftigt udtryk, mens benene er lavet af m\u00f8belplade, der sikrer stabilitet og holdbarhed. Bordet har en praktisk st\u00f8rrelse p\u00e5 38x60x120cm, [&hellip;]\" \/>\n<meta property=\"og:url\" content=\"https:\/\/last-chance.dk\/?product=sofabord-eleanor-sort-hvid\" \/>\n<meta property=\"og:site_name\" content=\"LASTCHANCE Deals | Danmark\" \/>\n<meta property=\"article:modified_time\" content=\"2025-09-19T18:33:44+00:00\" \/>\n<meta property=\"og:image\" content=\"https:\/\/last-chance.dk\/wp-content\/uploads\/2023\/11\/eleanor_table_2_2.jpg\" \/>\n\t<meta property=\"og:image:width\" content=\"764\" \/>\n\t<meta property=\"og:image:height\" content=\"600\" \/>\n\t<meta property=\"og:image:type\" content=\"image\/jpeg\" \/>\n<meta name=\"twitter:card\" content=\"summary_large_image\" \/>\n<meta name=\"twitter:label1\" content=\"Estimeret l\u00e6setid\" \/>\n\t<meta name=\"twitter:data1\" content=\"1 minut\" \/>\n<script type=\"application\/ld+json\" class=\"yoast-schema-graph\">{\"@context\":\"https:\/\/schema.org\",\"@graph\":[{\"@type\":\"WebPage\",\"@id\":\"https:\/\/last-chance.dk\/?product=sofabord-eleanor-sort-hvid\",\"url\":\"https:\/\/last-chance.dk\/?product=sofabord-eleanor-sort-hvid\",\"name\":\"Sofabord Eleanor sort-hvid - LASTCHANCE Deals | Danmark\",\"isPartOf\":{\"@id\":\"https:\/\/last-chance.dk\/#website\"},\"primaryImageOfPage\":{\"@id\":\"https:\/\/last-chance.dk\/?product=sofabord-eleanor-sort-hvid#primaryimage\"},\"image\":{\"@id\":\"https:\/\/last-chance.dk\/?product=sofabord-eleanor-sort-hvid#primaryimage\"},\"thumbnailUrl\":\"https:\/\/last-chance.dk\/wp-content\/uploads\/2023\/11\/eleanor_table_2_2.jpg\",\"datePublished\":\"2023-11-06T14:57:29+00:00\",\"dateModified\":\"2025-09-19T18:33:44+00:00\",\"breadcrumb\":{\"@id\":\"https:\/\/last-chance.dk\/?product=sofabord-eleanor-sort-hvid#breadcrumb\"},\"inLanguage\":\"da-DK\",\"potentialAction\":[{\"@type\":\"ReadAction\",\"target\":[\"https:\/\/last-chance.dk\/?product=sofabord-eleanor-sort-hvid\"]}]},{\"@type\":\"ImageObject\",\"inLanguage\":\"da-DK\",\"@id\":\"https:\/\/last-chance.dk\/?product=sofabord-eleanor-sort-hvid#primaryimage\",\"url\":\"https:\/\/last-chance.dk\/wp-content\/uploads\/2023\/11\/eleanor_table_2_2.jpg\",\"contentUrl\":\"https:\/\/last-chance.dk\/wp-content\/uploads\/2023\/11\/eleanor_table_2_2.jpg\",\"width\":764,\"height\":600},{\"@type\":\"BreadcrumbList\",\"@id\":\"https:\/\/last-chance.dk\/?product=sofabord-eleanor-sort-hvid#breadcrumb\",\"itemListElement\":[{\"@type\":\"ListItem\",\"position\":1,\"name\":\"Home\",\"item\":\"https:\/\/last-chance.dk\/\"},{\"@type\":\"ListItem\",\"position\":2,\"name\":\"Sofabord Eleanor sort-hvid\"}]},{\"@type\":\"WebSite\",\"@id\":\"https:\/\/last-chance.dk\/#website\",\"url\":\"https:\/\/last-chance.dk\/\",\"name\":\"LASTCHANCE Deals | Danmark\",\"description\":\"LASTCHANCE Deals | Danmark\",\"publisher\":{\"@id\":\"https:\/\/last-chance.dk\/#organization\"},\"potentialAction\":[{\"@type\":\"SearchAction\",\"target\":{\"@type\":\"EntryPoint\",\"urlTemplate\":\"https:\/\/last-chance.dk\/?s={search_term_string}\"},\"query-input\":{\"@type\":\"PropertyValueSpecification\",\"valueRequired\":true,\"valueName\":\"search_term_string\"}}],\"inLanguage\":\"da-DK\"},{\"@type\":\"Organization\",\"@id\":\"https:\/\/last-chance.dk\/#organization\",\"name\":\"LASTCHANCE Deals | Danmark\",\"url\":\"https:\/\/last-chance.dk\/\",\"logo\":{\"@type\":\"ImageObject\",\"inLanguage\":\"da-DK\",\"@id\":\"https:\/\/last-chance.dk\/#\/schema\/logo\/image\/\",\"url\":\"https:\/\/last-chance.dk\/wp-content\/uploads\/2023\/10\/lastchancedeals_logo_dk_white.png\",\"contentUrl\":\"https:\/\/last-chance.dk\/wp-content\/uploads\/2023\/10\/lastchancedeals_logo_dk_white.png\",\"width\":470,\"height\":110,\"caption\":\"LASTCHANCE Deals | Danmark\"},\"image\":{\"@id\":\"https:\/\/last-chance.dk\/#\/schema\/logo\/image\/\"}}]}<\/script>\n<!-- \/ Yoast SEO plugin. -->","yoast_head_json":{"title":"Sofabord Eleanor sort-hvid - LASTCHANCE Deals | Danmark","robots":{"index":"index","follow":"follow","max-snippet":"max-snippet:-1","max-image-preview":"max-image-preview:large","max-video-preview":"max-video-preview:-1"},"canonical":"https:\/\/last-chance.dk\/?product=sofabord-eleanor-sort-hvid","og_locale":"da_DK","og_type":"article","og_title":"Sofabord Eleanor sort-hvid - LASTCHANCE Deals | Danmark","og_description":"Sofabord Eleanor er et moderne og elegant bord, der passer perfekt til din stue. Bordet har en flot sort-hvid farvekombination, der skaber en stilfuld kontrast. Bordpladen er lavet af glas, der giver et let og luftigt udtryk, mens benene er lavet af m\u00f8belplade, der sikrer stabilitet og holdbarhed. Bordet har en praktisk st\u00f8rrelse p\u00e5 38x60x120cm, [&hellip;]","og_url":"https:\/\/last-chance.dk\/?product=sofabord-eleanor-sort-hvid","og_site_name":"LASTCHANCE Deals | Danmark","article_modified_time":"2025-09-19T18:33:44+00:00","og_image":[{"width":764,"height":600,"url":"https:\/\/last-chance.dk\/wp-content\/uploads\/2023\/11\/eleanor_table_2_2.jpg","type":"image\/jpeg"}],"twitter_card":"summary_large_image","twitter_misc":{"Estimeret l\u00e6setid":"1 minut"},"schema":{"@context":"https:\/\/schema.org","@graph":[{"@type":"WebPage","@id":"https:\/\/last-chance.dk\/?product=sofabord-eleanor-sort-hvid","url":"https:\/\/last-chance.dk\/?product=sofabord-eleanor-sort-hvid","name":"Sofabord Eleanor sort-hvid - LASTCHANCE Deals | Danmark","isPartOf":{"@id":"https:\/\/last-chance.dk\/#website"},"primaryImageOfPage":{"@id":"https:\/\/last-chance.dk\/?product=sofabord-eleanor-sort-hvid#primaryimage"},"image":{"@id":"https:\/\/last-chance.dk\/?product=sofabord-eleanor-sort-hvid#primaryimage"},"thumbnailUrl":"https:\/\/last-chance.dk\/wp-content\/uploads\/2023\/11\/eleanor_table_2_2.jpg","datePublished":"2023-11-06T14:57:29+00:00","dateModified":"2025-09-19T18:33:44+00:00","breadcrumb":{"@id":"https:\/\/last-chance.dk\/?product=sofabord-eleanor-sort-hvid#breadcrumb"},"inLanguage":"da-DK","potentialAction":[{"@type":"ReadAction","target":["https:\/\/last-chance.dk\/?product=sofabord-eleanor-sort-hvid"]}]},{"@type":"ImageObject","inLanguage":"da-DK","@id":"https:\/\/last-chance.dk\/?product=sofabord-eleanor-sort-hvid#primaryimage","url":"https:\/\/last-chance.dk\/wp-content\/uploads\/2023\/11\/eleanor_table_2_2.jpg","contentUrl":"https:\/\/last-chance.dk\/wp-content\/uploads\/2023\/11\/eleanor_table_2_2.jpg","width":764,"height":600},{"@type":"BreadcrumbList","@id":"https:\/\/last-chance.dk\/?product=sofabord-eleanor-sort-hvid#breadcrumb","itemListElement":[{"@type":"ListItem","position":1,"name":"Home","item":"https:\/\/last-chance.dk\/"},{"@type":"ListItem","position":2,"name":"Sofabord Eleanor sort-hvid"}]},{"@type":"WebSite","@id":"https:\/\/last-chance.dk\/#website","url":"https:\/\/last-chance.dk\/","name":"LASTCHANCE Deals | Danmark","description":"LASTCHANCE Deals | Danmark","publisher":{"@id":"https:\/\/last-chance.dk\/#organization"},"potentialAction":[{"@type":"SearchAction","target":{"@type":"EntryPoint","urlTemplate":"https:\/\/last-chance.dk\/?s={search_term_string}"},"query-input":{"@type":"PropertyValueSpecification","valueRequired":true,"valueName":"search_term_string"}}],"inLanguage":"da-DK"},{"@type":"Organization","@id":"https:\/\/last-chance.dk\/#organization","name":"LASTCHANCE Deals | Danmark","url":"https:\/\/last-chance.dk\/","logo":{"@type":"ImageObject","inLanguage":"da-DK","@id":"https:\/\/last-chance.dk\/#\/schema\/logo\/image\/","url":"https:\/\/last-chance.dk\/wp-content\/uploads\/2023\/10\/lastchancedeals_logo_dk_white.png","contentUrl":"https:\/\/last-chance.dk\/wp-content\/uploads\/2023\/10\/lastchancedeals_logo_dk_white.png","width":470,"height":110,"caption":"LASTCHANCE Deals | Danmark"},"image":{"@id":"https:\/\/last-chance.dk\/#\/schema\/logo\/image\/"}}]}},"_links":{"self":[{"href":"https:\/\/last-chance.dk\/index.php?rest_route=\/wp\/v2\/product\/8986","targetHints":{"allow":["GET"]}}],"collection":[{"href":"https:\/\/last-chance.dk\/index.php?rest_route=\/wp\/v2\/product"}],"about":[{"href":"https:\/\/last-chance.dk\/index.php?rest_route=\/wp\/v2\/types\/product"}],"replies":[{"embeddable":true,"href":"https:\/\/last-chance.dk\/index.php?rest_route=%2Fwp%2Fv2%2Fcomments&post=8986"}],"wp:featuredmedia":[{"embeddable":true,"href":"https:\/\/last-chance.dk\/index.php?rest_route=\/wp\/v2\/media\/8984"}],"wp:attachment":[{"href":"https:\/\/last-chance.dk\/index.php?rest_route=%2Fwp%2Fv2%2Fmedia&parent=8986"}],"wp:term":[{"taxonomy":"product_brand","embeddable":true,"href":"https:\/\/last-chance.dk\/index.php?rest_route=%2Fwp%2Fv2%2Fproduct_brand&post=8986"},{"taxonomy":"product_cat","embeddable":true,"href":"https:\/\/last-chance.dk\/index.php?rest_route=%2Fwp%2Fv2%2Fproduct_cat&post=8986"},{"taxonomy":"product_tag","embeddable":true,"href":"https:\/\/last-chance.dk\/index.php?rest_route=%2Fwp%2Fv2%2Fproduct_tag&post=8986"}],"curies":[{"name":"wp","href":"https:\/\/api.w.org\/{rel}","templated":true}]}}