{"id":9213,"date":"2023-11-27T09:32:44","date_gmt":"2023-11-27T09:32:44","guid":{"rendered":"https:\/\/www.lastchance.deals\/dk\/produkt\/blomsterbord-blomsterstativ-marga-22x22x47cm-26x26x70cm-gylden\/"},"modified":"2025-09-19T17:19:11","modified_gmt":"2025-09-19T17:19:11","slug":"blomsterbord-blomsterstativ-marga-22x22x47cm-26x26x70cm-gylden","status":"publish","type":"product","link":"https:\/\/last-chance.dk\/?product=blomsterbord-blomsterstativ-marga-22x22x47cm-26x26x70cm-gylden","title":{"rendered":"Blomsterbord blomsterstativ Marga 22x22x47cm \/ 26x26x70cm gylden"},"content":{"rendered":"<p>Er du p\u00e5 udkig efter en smuk og praktisk m\u00e5de at vise dine blomster frem p\u00e5? S\u00e5 er blomsterbordet blomsterstativ Marga fra ForrestDecor lige noget for dig. Dette elegante blomsterstativ er lavet af jern i en gylden farve, der giver et varmt og stilfuldt udtryk. Det har to niveauer, hvor du kan placere dine potteplanter, krukker eller dekorationer. Du kan v\u00e6lge mellem to st\u00f8rrelser: 22x22x47cm eller 26x26x70cm, alt efter hvor meget plads du har til r\u00e5dighed. Blomsterbordet blomsterstativ Marga er perfekt til at skabe en hyggelig atmosf\u00e6re i din stue, entr\u00e9, altan eller have. Det er ogs\u00e5 nemt at flytte rundt p\u00e5, hvis du vil \u00e6ndre din indretning. Bestil dit blomsterbord blomsterstativ Marga i dag og gl\u00e6d dig til at nyde dine blomster p\u00e5 en ny og flot m\u00e5de.<\/p>\n<p><\/p>\n<p>Leveringstid: Leveringstid 1 uge<br \/>\nUdvendige dimensioner: 22x22x47cm \/ 26x26x70cm<br \/>\nFarve: gylden<br \/>\nFabrikant: ForrestDecor<br \/>\nMateriale: jern<\/p>\n","protected":false},"excerpt":{"rendered":"<p>Er du p\u00e5 udkig efter en smuk og praktisk m\u00e5de at vise dine blomster frem p\u00e5? S\u00e5 er blomsterbordet blomsterstativ Marga fra ForrestDecor lige noget for dig. Dette elegante blomsterstativ er lavet af jern i en gylden farve, der giver et varmt og stilfuldt udtryk. Det har to niveauer, hvor du kan placere dine potteplanter, [&hellip;]<\/p>\n","protected":false},"featured_media":9209,"comment_status":"open","ping_status":"closed","template":"","meta":[],"product_brand":[],"product_cat":[182],"product_tag":[],"class_list":{"0":"post-9213","1":"product","2":"type-product","3":"status-publish","4":"has-post-thumbnail","6":"product_cat-blombord","8":"first","9":"instock","10":"shipping-taxable","11":"purchasable","12":"product-type-simple"},"yoast_head":"<!-- This site is optimized with the Yoast SEO plugin v24.8.1 - https:\/\/yoast.com\/wordpress\/plugins\/seo\/ -->\n<title>Blomsterbord blomsterstativ Marga 22x22x47cm \/ 26x26x70cm gylden - LASTCHANCE Deals | Danmark<\/title>\n<meta name=\"robots\" content=\"index, follow, max-snippet:-1, max-image-preview:large, max-video-preview:-1\" \/>\n<link rel=\"canonical\" href=\"https:\/\/last-chance.dk\/?product=blomsterbord-blomsterstativ-marga-22x22x47cm-26x26x70cm-gylden\" \/>\n<meta property=\"og:locale\" content=\"da_DK\" \/>\n<meta property=\"og:type\" content=\"article\" \/>\n<meta property=\"og:title\" content=\"Blomsterbord blomsterstativ Marga 22x22x47cm \/ 26x26x70cm gylden - LASTCHANCE Deals | Danmark\" \/>\n<meta property=\"og:description\" content=\"Er du p\u00e5 udkig efter en smuk og praktisk m\u00e5de at vise dine blomster frem p\u00e5? S\u00e5 er blomsterbordet blomsterstativ Marga fra ForrestDecor lige noget for dig. Dette elegante blomsterstativ er lavet af jern i en gylden farve, der giver et varmt og stilfuldt udtryk. Det har to niveauer, hvor du kan placere dine potteplanter, [&hellip;]\" \/>\n<meta property=\"og:url\" content=\"https:\/\/last-chance.dk\/?product=blomsterbord-blomsterstativ-marga-22x22x47cm-26x26x70cm-gylden\" \/>\n<meta property=\"og:site_name\" content=\"LASTCHANCE Deals | Danmark\" \/>\n<meta property=\"article:modified_time\" content=\"2025-09-19T17:19:11+00:00\" \/>\n<meta property=\"og:image\" content=\"https:\/\/last-chance.dk\/wp-content\/uploads\/2023\/11\/marga1.jpg\" \/>\n\t<meta property=\"og:image:width\" content=\"750\" \/>\n\t<meta property=\"og:image:height\" content=\"1000\" \/>\n\t<meta property=\"og:image:type\" content=\"image\/jpeg\" \/>\n<meta name=\"twitter:card\" content=\"summary_large_image\" \/>\n<meta name=\"twitter:label1\" content=\"Estimeret l\u00e6setid\" \/>\n\t<meta name=\"twitter:data1\" content=\"1 minut\" \/>\n<script type=\"application\/ld+json\" class=\"yoast-schema-graph\">{\"@context\":\"https:\/\/schema.org\",\"@graph\":[{\"@type\":\"WebPage\",\"@id\":\"https:\/\/last-chance.dk\/?product=blomsterbord-blomsterstativ-marga-22x22x47cm-26x26x70cm-gylden\",\"url\":\"https:\/\/last-chance.dk\/?product=blomsterbord-blomsterstativ-marga-22x22x47cm-26x26x70cm-gylden\",\"name\":\"Blomsterbord blomsterstativ Marga 22x22x47cm \/ 26x26x70cm gylden - LASTCHANCE Deals | Danmark\",\"isPartOf\":{\"@id\":\"https:\/\/last-chance.dk\/#website\"},\"primaryImageOfPage\":{\"@id\":\"https:\/\/last-chance.dk\/?product=blomsterbord-blomsterstativ-marga-22x22x47cm-26x26x70cm-gylden#primaryimage\"},\"image\":{\"@id\":\"https:\/\/last-chance.dk\/?product=blomsterbord-blomsterstativ-marga-22x22x47cm-26x26x70cm-gylden#primaryimage\"},\"thumbnailUrl\":\"https:\/\/last-chance.dk\/wp-content\/uploads\/2023\/11\/marga1.jpg\",\"datePublished\":\"2023-11-27T09:32:44+00:00\",\"dateModified\":\"2025-09-19T17:19:11+00:00\",\"breadcrumb\":{\"@id\":\"https:\/\/last-chance.dk\/?product=blomsterbord-blomsterstativ-marga-22x22x47cm-26x26x70cm-gylden#breadcrumb\"},\"inLanguage\":\"da-DK\",\"potentialAction\":[{\"@type\":\"ReadAction\",\"target\":[\"https:\/\/last-chance.dk\/?product=blomsterbord-blomsterstativ-marga-22x22x47cm-26x26x70cm-gylden\"]}]},{\"@type\":\"ImageObject\",\"inLanguage\":\"da-DK\",\"@id\":\"https:\/\/last-chance.dk\/?product=blomsterbord-blomsterstativ-marga-22x22x47cm-26x26x70cm-gylden#primaryimage\",\"url\":\"https:\/\/last-chance.dk\/wp-content\/uploads\/2023\/11\/marga1.jpg\",\"contentUrl\":\"https:\/\/last-chance.dk\/wp-content\/uploads\/2023\/11\/marga1.jpg\",\"width\":750,\"height\":1000},{\"@type\":\"BreadcrumbList\",\"@id\":\"https:\/\/last-chance.dk\/?product=blomsterbord-blomsterstativ-marga-22x22x47cm-26x26x70cm-gylden#breadcrumb\",\"itemListElement\":[{\"@type\":\"ListItem\",\"position\":1,\"name\":\"Home\",\"item\":\"https:\/\/last-chance.dk\/\"},{\"@type\":\"ListItem\",\"position\":2,\"name\":\"Blomsterbord blomsterstativ Marga 22x22x47cm \/ 26x26x70cm gylden\"}]},{\"@type\":\"WebSite\",\"@id\":\"https:\/\/last-chance.dk\/#website\",\"url\":\"https:\/\/last-chance.dk\/\",\"name\":\"LASTCHANCE Deals | Danmark\",\"description\":\"LASTCHANCE Deals | Danmark\",\"publisher\":{\"@id\":\"https:\/\/last-chance.dk\/#organization\"},\"potentialAction\":[{\"@type\":\"SearchAction\",\"target\":{\"@type\":\"EntryPoint\",\"urlTemplate\":\"https:\/\/last-chance.dk\/?s={search_term_string}\"},\"query-input\":{\"@type\":\"PropertyValueSpecification\",\"valueRequired\":true,\"valueName\":\"search_term_string\"}}],\"inLanguage\":\"da-DK\"},{\"@type\":\"Organization\",\"@id\":\"https:\/\/last-chance.dk\/#organization\",\"name\":\"LASTCHANCE Deals | Danmark\",\"url\":\"https:\/\/last-chance.dk\/\",\"logo\":{\"@type\":\"ImageObject\",\"inLanguage\":\"da-DK\",\"@id\":\"https:\/\/last-chance.dk\/#\/schema\/logo\/image\/\",\"url\":\"https:\/\/last-chance.dk\/wp-content\/uploads\/2023\/10\/lastchancedeals_logo_dk_white.png\",\"contentUrl\":\"https:\/\/last-chance.dk\/wp-content\/uploads\/2023\/10\/lastchancedeals_logo_dk_white.png\",\"width\":470,\"height\":110,\"caption\":\"LASTCHANCE Deals | Danmark\"},\"image\":{\"@id\":\"https:\/\/last-chance.dk\/#\/schema\/logo\/image\/\"}}]}<\/script>\n<!-- \/ Yoast SEO plugin. -->","yoast_head_json":{"title":"Blomsterbord blomsterstativ Marga 22x22x47cm \/ 26x26x70cm gylden - LASTCHANCE Deals | Danmark","robots":{"index":"index","follow":"follow","max-snippet":"max-snippet:-1","max-image-preview":"max-image-preview:large","max-video-preview":"max-video-preview:-1"},"canonical":"https:\/\/last-chance.dk\/?product=blomsterbord-blomsterstativ-marga-22x22x47cm-26x26x70cm-gylden","og_locale":"da_DK","og_type":"article","og_title":"Blomsterbord blomsterstativ Marga 22x22x47cm \/ 26x26x70cm gylden - LASTCHANCE Deals | Danmark","og_description":"Er du p\u00e5 udkig efter en smuk og praktisk m\u00e5de at vise dine blomster frem p\u00e5? S\u00e5 er blomsterbordet blomsterstativ Marga fra ForrestDecor lige noget for dig. Dette elegante blomsterstativ er lavet af jern i en gylden farve, der giver et varmt og stilfuldt udtryk. Det har to niveauer, hvor du kan placere dine potteplanter, [&hellip;]","og_url":"https:\/\/last-chance.dk\/?product=blomsterbord-blomsterstativ-marga-22x22x47cm-26x26x70cm-gylden","og_site_name":"LASTCHANCE Deals | Danmark","article_modified_time":"2025-09-19T17:19:11+00:00","og_image":[{"width":750,"height":1000,"url":"https:\/\/last-chance.dk\/wp-content\/uploads\/2023\/11\/marga1.jpg","type":"image\/jpeg"}],"twitter_card":"summary_large_image","twitter_misc":{"Estimeret l\u00e6setid":"1 minut"},"schema":{"@context":"https:\/\/schema.org","@graph":[{"@type":"WebPage","@id":"https:\/\/last-chance.dk\/?product=blomsterbord-blomsterstativ-marga-22x22x47cm-26x26x70cm-gylden","url":"https:\/\/last-chance.dk\/?product=blomsterbord-blomsterstativ-marga-22x22x47cm-26x26x70cm-gylden","name":"Blomsterbord blomsterstativ Marga 22x22x47cm \/ 26x26x70cm gylden - LASTCHANCE Deals | Danmark","isPartOf":{"@id":"https:\/\/last-chance.dk\/#website"},"primaryImageOfPage":{"@id":"https:\/\/last-chance.dk\/?product=blomsterbord-blomsterstativ-marga-22x22x47cm-26x26x70cm-gylden#primaryimage"},"image":{"@id":"https:\/\/last-chance.dk\/?product=blomsterbord-blomsterstativ-marga-22x22x47cm-26x26x70cm-gylden#primaryimage"},"thumbnailUrl":"https:\/\/last-chance.dk\/wp-content\/uploads\/2023\/11\/marga1.jpg","datePublished":"2023-11-27T09:32:44+00:00","dateModified":"2025-09-19T17:19:11+00:00","breadcrumb":{"@id":"https:\/\/last-chance.dk\/?product=blomsterbord-blomsterstativ-marga-22x22x47cm-26x26x70cm-gylden#breadcrumb"},"inLanguage":"da-DK","potentialAction":[{"@type":"ReadAction","target":["https:\/\/last-chance.dk\/?product=blomsterbord-blomsterstativ-marga-22x22x47cm-26x26x70cm-gylden"]}]},{"@type":"ImageObject","inLanguage":"da-DK","@id":"https:\/\/last-chance.dk\/?product=blomsterbord-blomsterstativ-marga-22x22x47cm-26x26x70cm-gylden#primaryimage","url":"https:\/\/last-chance.dk\/wp-content\/uploads\/2023\/11\/marga1.jpg","contentUrl":"https:\/\/last-chance.dk\/wp-content\/uploads\/2023\/11\/marga1.jpg","width":750,"height":1000},{"@type":"BreadcrumbList","@id":"https:\/\/last-chance.dk\/?product=blomsterbord-blomsterstativ-marga-22x22x47cm-26x26x70cm-gylden#breadcrumb","itemListElement":[{"@type":"ListItem","position":1,"name":"Home","item":"https:\/\/last-chance.dk\/"},{"@type":"ListItem","position":2,"name":"Blomsterbord blomsterstativ Marga 22x22x47cm \/ 26x26x70cm gylden"}]},{"@type":"WebSite","@id":"https:\/\/last-chance.dk\/#website","url":"https:\/\/last-chance.dk\/","name":"LASTCHANCE Deals | Danmark","description":"LASTCHANCE Deals | Danmark","publisher":{"@id":"https:\/\/last-chance.dk\/#organization"},"potentialAction":[{"@type":"SearchAction","target":{"@type":"EntryPoint","urlTemplate":"https:\/\/last-chance.dk\/?s={search_term_string}"},"query-input":{"@type":"PropertyValueSpecification","valueRequired":true,"valueName":"search_term_string"}}],"inLanguage":"da-DK"},{"@type":"Organization","@id":"https:\/\/last-chance.dk\/#organization","name":"LASTCHANCE Deals | Danmark","url":"https:\/\/last-chance.dk\/","logo":{"@type":"ImageObject","inLanguage":"da-DK","@id":"https:\/\/last-chance.dk\/#\/schema\/logo\/image\/","url":"https:\/\/last-chance.dk\/wp-content\/uploads\/2023\/10\/lastchancedeals_logo_dk_white.png","contentUrl":"https:\/\/last-chance.dk\/wp-content\/uploads\/2023\/10\/lastchancedeals_logo_dk_white.png","width":470,"height":110,"caption":"LASTCHANCE Deals | Danmark"},"image":{"@id":"https:\/\/last-chance.dk\/#\/schema\/logo\/image\/"}}]}},"_links":{"self":[{"href":"https:\/\/last-chance.dk\/index.php?rest_route=\/wp\/v2\/product\/9213","targetHints":{"allow":["GET"]}}],"collection":[{"href":"https:\/\/last-chance.dk\/index.php?rest_route=\/wp\/v2\/product"}],"about":[{"href":"https:\/\/last-chance.dk\/index.php?rest_route=\/wp\/v2\/types\/product"}],"replies":[{"embeddable":true,"href":"https:\/\/last-chance.dk\/index.php?rest_route=%2Fwp%2Fv2%2Fcomments&post=9213"}],"wp:featuredmedia":[{"embeddable":true,"href":"https:\/\/last-chance.dk\/index.php?rest_route=\/wp\/v2\/media\/9209"}],"wp:attachment":[{"href":"https:\/\/last-chance.dk\/index.php?rest_route=%2Fwp%2Fv2%2Fmedia&parent=9213"}],"wp:term":[{"taxonomy":"product_brand","embeddable":true,"href":"https:\/\/last-chance.dk\/index.php?rest_route=%2Fwp%2Fv2%2Fproduct_brand&post=9213"},{"taxonomy":"product_cat","embeddable":true,"href":"https:\/\/last-chance.dk\/index.php?rest_route=%2Fwp%2Fv2%2Fproduct_cat&post=9213"},{"taxonomy":"product_tag","embeddable":true,"href":"https:\/\/last-chance.dk\/index.php?rest_route=%2Fwp%2Fv2%2Fproduct_tag&post=9213"}],"curies":[{"name":"wp","href":"https:\/\/api.w.org\/{rel}","templated":true}]}}