{"id":9943,"date":"2023-12-17T00:18:50","date_gmt":"2023-12-17T00:18:50","guid":{"rendered":"https:\/\/www.lastchance.deals\/dk\/produkt\/sengegavl-jeroma-ecolaeder\/"},"modified":"2025-03-24T12:29:29","modified_gmt":"2025-03-24T12:29:29","slug":"sengegavl-jeroma-ecolaeder","status":"publish","type":"product","link":"https:\/\/last-chance.dk\/?product=sengegavl-jeroma-ecolaeder","title":{"rendered":"Sengegavl Jeroma ecol\u00e6der"},"content":{"rendered":"<p>Er du p\u00e5 udkig efter en sengegavl, der kan give dit sovev\u00e6relse et friskt og moderne udtryk? S\u00e5 er sengegavl Jeroma fra ForrestDecor et godt valg. Denne sengegavl er lavet af ecol\u00e6der, et milj\u00f8venligt og slidst\u00e6rkt materiale, der har en bl\u00f8d og behagelig overflade. Farven er lyser\u00f8d, som skaber en hyggelig og romantisk stemning i rummet. Sengegavlen har ogs\u00e5 en praktisk senget\u00f8jskasse, hvor du kan opbevare dit senget\u00f8j eller andre ting. Sengegavlen leveres samlet, s\u00e5 du nemt kan montere den p\u00e5 din seng. Du kan v\u00e6lge mellem fire forskellige st\u00f8rrelser, alt efter hvad der passer til din seng og dit rum. Sengegavl Jeroma er et flot og funktionelt m\u00f8bel, der vil g\u00f8re din seng endnu mere indbydende.<\/p>\n<p><\/p>\n<p>Leveringstid: Leveringstid 1 uge<br \/>\nMateriale: ecol\u00e6der<br \/>\nFarve: lyser\u00f8d<br \/>\nUdvendige dimensioner: 120x60x5.5cm \/ 150x60x5.5cm \/ 180x60x5.5cm \/ 200x60x5.5cm<br \/>\nMontage: leveres samlet<br \/>\nFabrikant: ForrestDecor<\/p>\n","protected":false},"excerpt":{"rendered":"<p>Er du p\u00e5 udkig efter en sengegavl, der kan give dit sovev\u00e6relse et friskt og moderne udtryk? S\u00e5 er sengegavl Jeroma fra ForrestDecor et godt valg. Denne sengegavl er lavet af ecol\u00e6der, et milj\u00f8venligt og slidst\u00e6rkt materiale, der har en bl\u00f8d og behagelig overflade. Farven er lyser\u00f8d, som skaber en hyggelig og romantisk stemning i [&hellip;]<\/p>\n","protected":false},"featured_media":9940,"comment_status":"open","ping_status":"closed","template":"","meta":[],"product_brand":[],"product_cat":[241],"product_tag":[],"class_list":{"0":"post-9943","1":"product","2":"type-product","3":"status-publish","4":"has-post-thumbnail","6":"product_cat-headboards","8":"first","9":"instock","10":"shipping-taxable","11":"purchasable","12":"product-type-simple"},"yoast_head":"<!-- This site is optimized with the Yoast SEO plugin v24.8.1 - https:\/\/yoast.com\/wordpress\/plugins\/seo\/ -->\n<title>Sengegavl Jeroma ecol\u00e6der - LASTCHANCE Deals | Danmark<\/title>\n<meta name=\"robots\" content=\"index, follow, max-snippet:-1, max-image-preview:large, max-video-preview:-1\" \/>\n<link rel=\"canonical\" href=\"https:\/\/last-chance.dk\/?product=sengegavl-jeroma-ecolaeder\" \/>\n<meta property=\"og:locale\" content=\"da_DK\" \/>\n<meta property=\"og:type\" content=\"article\" \/>\n<meta property=\"og:title\" content=\"Sengegavl Jeroma ecol\u00e6der - LASTCHANCE Deals | Danmark\" \/>\n<meta property=\"og:description\" content=\"Er du p\u00e5 udkig efter en sengegavl, der kan give dit sovev\u00e6relse et friskt og moderne udtryk? S\u00e5 er sengegavl Jeroma fra ForrestDecor et godt valg. Denne sengegavl er lavet af ecol\u00e6der, et milj\u00f8venligt og slidst\u00e6rkt materiale, der har en bl\u00f8d og behagelig overflade. Farven er lyser\u00f8d, som skaber en hyggelig og romantisk stemning i [&hellip;]\" \/>\n<meta property=\"og:url\" content=\"https:\/\/last-chance.dk\/?product=sengegavl-jeroma-ecolaeder\" \/>\n<meta property=\"og:site_name\" content=\"LASTCHANCE Deals | Danmark\" \/>\n<meta property=\"article:modified_time\" content=\"2025-03-24T12:29:29+00:00\" \/>\n<meta property=\"og:image\" content=\"https:\/\/last-chance.dk\/wp-content\/uploads\/2023\/12\/jeroma1_1.jpg\" \/>\n\t<meta property=\"og:image:width\" content=\"750\" \/>\n\t<meta property=\"og:image:height\" content=\"565\" \/>\n\t<meta property=\"og:image:type\" content=\"image\/jpeg\" \/>\n<meta name=\"twitter:card\" content=\"summary_large_image\" \/>\n<meta name=\"twitter:label1\" content=\"Estimeret l\u00e6setid\" \/>\n\t<meta name=\"twitter:data1\" content=\"1 minut\" \/>\n<script type=\"application\/ld+json\" class=\"yoast-schema-graph\">{\"@context\":\"https:\/\/schema.org\",\"@graph\":[{\"@type\":\"WebPage\",\"@id\":\"https:\/\/last-chance.dk\/?product=sengegavl-jeroma-ecolaeder\",\"url\":\"https:\/\/last-chance.dk\/?product=sengegavl-jeroma-ecolaeder\",\"name\":\"Sengegavl Jeroma ecol\u00e6der - LASTCHANCE Deals | Danmark\",\"isPartOf\":{\"@id\":\"https:\/\/last-chance.dk\/#website\"},\"primaryImageOfPage\":{\"@id\":\"https:\/\/last-chance.dk\/?product=sengegavl-jeroma-ecolaeder#primaryimage\"},\"image\":{\"@id\":\"https:\/\/last-chance.dk\/?product=sengegavl-jeroma-ecolaeder#primaryimage\"},\"thumbnailUrl\":\"https:\/\/last-chance.dk\/wp-content\/uploads\/2023\/12\/jeroma1_1.jpg\",\"datePublished\":\"2023-12-17T00:18:50+00:00\",\"dateModified\":\"2025-03-24T12:29:29+00:00\",\"breadcrumb\":{\"@id\":\"https:\/\/last-chance.dk\/?product=sengegavl-jeroma-ecolaeder#breadcrumb\"},\"inLanguage\":\"da-DK\",\"potentialAction\":[{\"@type\":\"ReadAction\",\"target\":[\"https:\/\/last-chance.dk\/?product=sengegavl-jeroma-ecolaeder\"]}]},{\"@type\":\"ImageObject\",\"inLanguage\":\"da-DK\",\"@id\":\"https:\/\/last-chance.dk\/?product=sengegavl-jeroma-ecolaeder#primaryimage\",\"url\":\"https:\/\/last-chance.dk\/wp-content\/uploads\/2023\/12\/jeroma1_1.jpg\",\"contentUrl\":\"https:\/\/last-chance.dk\/wp-content\/uploads\/2023\/12\/jeroma1_1.jpg\",\"width\":750,\"height\":565},{\"@type\":\"BreadcrumbList\",\"@id\":\"https:\/\/last-chance.dk\/?product=sengegavl-jeroma-ecolaeder#breadcrumb\",\"itemListElement\":[{\"@type\":\"ListItem\",\"position\":1,\"name\":\"Home\",\"item\":\"https:\/\/last-chance.dk\/\"},{\"@type\":\"ListItem\",\"position\":2,\"name\":\"Sengegavl Jeroma ecol\u00e6der\"}]},{\"@type\":\"WebSite\",\"@id\":\"https:\/\/last-chance.dk\/#website\",\"url\":\"https:\/\/last-chance.dk\/\",\"name\":\"LASTCHANCE Deals | Danmark\",\"description\":\"LASTCHANCE Deals | Danmark\",\"publisher\":{\"@id\":\"https:\/\/last-chance.dk\/#organization\"},\"potentialAction\":[{\"@type\":\"SearchAction\",\"target\":{\"@type\":\"EntryPoint\",\"urlTemplate\":\"https:\/\/last-chance.dk\/?s={search_term_string}\"},\"query-input\":{\"@type\":\"PropertyValueSpecification\",\"valueRequired\":true,\"valueName\":\"search_term_string\"}}],\"inLanguage\":\"da-DK\"},{\"@type\":\"Organization\",\"@id\":\"https:\/\/last-chance.dk\/#organization\",\"name\":\"LASTCHANCE Deals | Danmark\",\"url\":\"https:\/\/last-chance.dk\/\",\"logo\":{\"@type\":\"ImageObject\",\"inLanguage\":\"da-DK\",\"@id\":\"https:\/\/last-chance.dk\/#\/schema\/logo\/image\/\",\"url\":\"https:\/\/last-chance.dk\/wp-content\/uploads\/2023\/10\/lastchancedeals_logo_dk_white.png\",\"contentUrl\":\"https:\/\/last-chance.dk\/wp-content\/uploads\/2023\/10\/lastchancedeals_logo_dk_white.png\",\"width\":470,\"height\":110,\"caption\":\"LASTCHANCE Deals | Danmark\"},\"image\":{\"@id\":\"https:\/\/last-chance.dk\/#\/schema\/logo\/image\/\"}}]}<\/script>\n<!-- \/ Yoast SEO plugin. -->","yoast_head_json":{"title":"Sengegavl Jeroma ecol\u00e6der - LASTCHANCE Deals | Danmark","robots":{"index":"index","follow":"follow","max-snippet":"max-snippet:-1","max-image-preview":"max-image-preview:large","max-video-preview":"max-video-preview:-1"},"canonical":"https:\/\/last-chance.dk\/?product=sengegavl-jeroma-ecolaeder","og_locale":"da_DK","og_type":"article","og_title":"Sengegavl Jeroma ecol\u00e6der - LASTCHANCE Deals | Danmark","og_description":"Er du p\u00e5 udkig efter en sengegavl, der kan give dit sovev\u00e6relse et friskt og moderne udtryk? S\u00e5 er sengegavl Jeroma fra ForrestDecor et godt valg. Denne sengegavl er lavet af ecol\u00e6der, et milj\u00f8venligt og slidst\u00e6rkt materiale, der har en bl\u00f8d og behagelig overflade. Farven er lyser\u00f8d, som skaber en hyggelig og romantisk stemning i [&hellip;]","og_url":"https:\/\/last-chance.dk\/?product=sengegavl-jeroma-ecolaeder","og_site_name":"LASTCHANCE Deals | Danmark","article_modified_time":"2025-03-24T12:29:29+00:00","og_image":[{"width":750,"height":565,"url":"https:\/\/last-chance.dk\/wp-content\/uploads\/2023\/12\/jeroma1_1.jpg","type":"image\/jpeg"}],"twitter_card":"summary_large_image","twitter_misc":{"Estimeret l\u00e6setid":"1 minut"},"schema":{"@context":"https:\/\/schema.org","@graph":[{"@type":"WebPage","@id":"https:\/\/last-chance.dk\/?product=sengegavl-jeroma-ecolaeder","url":"https:\/\/last-chance.dk\/?product=sengegavl-jeroma-ecolaeder","name":"Sengegavl Jeroma ecol\u00e6der - LASTCHANCE Deals | Danmark","isPartOf":{"@id":"https:\/\/last-chance.dk\/#website"},"primaryImageOfPage":{"@id":"https:\/\/last-chance.dk\/?product=sengegavl-jeroma-ecolaeder#primaryimage"},"image":{"@id":"https:\/\/last-chance.dk\/?product=sengegavl-jeroma-ecolaeder#primaryimage"},"thumbnailUrl":"https:\/\/last-chance.dk\/wp-content\/uploads\/2023\/12\/jeroma1_1.jpg","datePublished":"2023-12-17T00:18:50+00:00","dateModified":"2025-03-24T12:29:29+00:00","breadcrumb":{"@id":"https:\/\/last-chance.dk\/?product=sengegavl-jeroma-ecolaeder#breadcrumb"},"inLanguage":"da-DK","potentialAction":[{"@type":"ReadAction","target":["https:\/\/last-chance.dk\/?product=sengegavl-jeroma-ecolaeder"]}]},{"@type":"ImageObject","inLanguage":"da-DK","@id":"https:\/\/last-chance.dk\/?product=sengegavl-jeroma-ecolaeder#primaryimage","url":"https:\/\/last-chance.dk\/wp-content\/uploads\/2023\/12\/jeroma1_1.jpg","contentUrl":"https:\/\/last-chance.dk\/wp-content\/uploads\/2023\/12\/jeroma1_1.jpg","width":750,"height":565},{"@type":"BreadcrumbList","@id":"https:\/\/last-chance.dk\/?product=sengegavl-jeroma-ecolaeder#breadcrumb","itemListElement":[{"@type":"ListItem","position":1,"name":"Home","item":"https:\/\/last-chance.dk\/"},{"@type":"ListItem","position":2,"name":"Sengegavl Jeroma ecol\u00e6der"}]},{"@type":"WebSite","@id":"https:\/\/last-chance.dk\/#website","url":"https:\/\/last-chance.dk\/","name":"LASTCHANCE Deals | Danmark","description":"LASTCHANCE Deals | Danmark","publisher":{"@id":"https:\/\/last-chance.dk\/#organization"},"potentialAction":[{"@type":"SearchAction","target":{"@type":"EntryPoint","urlTemplate":"https:\/\/last-chance.dk\/?s={search_term_string}"},"query-input":{"@type":"PropertyValueSpecification","valueRequired":true,"valueName":"search_term_string"}}],"inLanguage":"da-DK"},{"@type":"Organization","@id":"https:\/\/last-chance.dk\/#organization","name":"LASTCHANCE Deals | Danmark","url":"https:\/\/last-chance.dk\/","logo":{"@type":"ImageObject","inLanguage":"da-DK","@id":"https:\/\/last-chance.dk\/#\/schema\/logo\/image\/","url":"https:\/\/last-chance.dk\/wp-content\/uploads\/2023\/10\/lastchancedeals_logo_dk_white.png","contentUrl":"https:\/\/last-chance.dk\/wp-content\/uploads\/2023\/10\/lastchancedeals_logo_dk_white.png","width":470,"height":110,"caption":"LASTCHANCE Deals | Danmark"},"image":{"@id":"https:\/\/last-chance.dk\/#\/schema\/logo\/image\/"}}]}},"_links":{"self":[{"href":"https:\/\/last-chance.dk\/index.php?rest_route=\/wp\/v2\/product\/9943","targetHints":{"allow":["GET"]}}],"collection":[{"href":"https:\/\/last-chance.dk\/index.php?rest_route=\/wp\/v2\/product"}],"about":[{"href":"https:\/\/last-chance.dk\/index.php?rest_route=\/wp\/v2\/types\/product"}],"replies":[{"embeddable":true,"href":"https:\/\/last-chance.dk\/index.php?rest_route=%2Fwp%2Fv2%2Fcomments&post=9943"}],"wp:featuredmedia":[{"embeddable":true,"href":"https:\/\/last-chance.dk\/index.php?rest_route=\/wp\/v2\/media\/9940"}],"wp:attachment":[{"href":"https:\/\/last-chance.dk\/index.php?rest_route=%2Fwp%2Fv2%2Fmedia&parent=9943"}],"wp:term":[{"taxonomy":"product_brand","embeddable":true,"href":"https:\/\/last-chance.dk\/index.php?rest_route=%2Fwp%2Fv2%2Fproduct_brand&post=9943"},{"taxonomy":"product_cat","embeddable":true,"href":"https:\/\/last-chance.dk\/index.php?rest_route=%2Fwp%2Fv2%2Fproduct_cat&post=9943"},{"taxonomy":"product_tag","embeddable":true,"href":"https:\/\/last-chance.dk\/index.php?rest_route=%2Fwp%2Fv2%2Fproduct_tag&post=9943"}],"curies":[{"name":"wp","href":"https:\/\/api.w.org\/{rel}","templated":true}]}}